34.7.104.55 - - [24/Sep/2026:11:09:54 -0400] "GET /admin/ HTTP/1.1" 404 - "-" "Mozilla/5.0 (compatible; Bytespider; spider-feedback@bytedance.com) AppleWebKit/537.36"
34.7.104.55 - - [24/Sep/2026:11:09:54 -0400] "GET /.env.staging HTTP/1.1" 404 - "-" "Mozilla/5.0 (compatible; MistralAI-User/1.0; +https://mistral.ai/)"
34.7.104.55 - - [24/Sep/2026:11:09:54 -0400] "GET /.env.development HTTP/1.1" 404 - "-" "Mozilla/5.0 (compatible; Bravebot/1.0; +https://brave.com/search/)"
34.7.104.55 - - [24/Sep/2026:11:09:54 -0400] "GET /sendgrid.env HTTP/1.1" 404 - "-" "Mozilla/5.0 (compatible; Googlebot/2.1; +http://www.google.com/bot.html)"
34.7.104.55 - - [24/Sep/2026:11:09:54 -0400] "GET /staging/.env HTTP/1.1" 404 - "-" "Mozilla/5.0 (compatible; Amazonbot/0.1; +https://developer.amazon.com/support/amazonbot)"
34.7.104.55 - - [24/Sep/2026:11:09:54 -0400] "GET /ses.env HTTP/1.1" 404 - "-" "Mozilla/5.0 (compatible; MistralAI-User/1.0; +https://mistral.ai/)"
34.7.104.55 - - [24/Sep/2026:11:09:54 -0400] "GET /production/.env HTTP/1.1" 404 - "-" "Mozilla/5.0 (compatible; YouBot/1.0; +https://you.com/bot)"
34.7.104.55 - - [24/Sep/2026:11:09:54 -0400] "GET /dev/.env HTTP/1.1" 404 - "-" "Mozilla/5.0 (compatible; KimiBot/1.0; +https://kimi.ai/)"
34.7.104.55 - - [24/Sep/2026:11:09:54 -0400] "GET /apps/.env HTTP/1.1" 404 - "-" "Mozilla/5.0 AppleWebKit/537.36 (KHTML, like Gecko; compatible; Perplexity-User/1.0; +https://perplexity.ai/perplexitybot)"
34.7.104.55 - - [24/Sep/2026:11:09:54 -0400] "GET /old/.env HTTP/1.1" 404 - "-" "Mozilla/5.0 (compatible; ChatGLM-Spider/1.0; +https://zhipuai.cn/)"
34.7.104.55 - - [24/Sep/2026:11:09:54 -0400] "GET /site/.env HTTP/1.1" 404 - "-" "Mozilla/5.0 (compatible; Google-Extended; +http://www.google.com/bot.html)"
34.7.104.55 - - [24/Sep/2026:11:09:54 -0400] "GET /v2/.env HTTP/1.1" 404 - "-" "CCBot/2.0 (https://commoncrawl.org/faq/)"
34.7.104.55 - - [24/Sep/2026:11:09:54 -0400] "GET /v1/.env HTTP/1.1" 404 - "-" "Mozilla/5.0 AppleWebKit/537.36 (KHTML, like Gecko; compatible; Claude-SearchBot/1.0; +claudebot@anthropic.com)"
23.100.92.252 - - [24/Sep/2026:11:09:55 -0400] "GET /wp-content/languages/admin-network-es_ES.l10n.php HTTP/1.1" 200 - "binance.com" "Mozilla/5.0 (Windows NT 10.0; Win64; x64) AppleWebKit/537.36 (KHTML, like Gecko) Chrome/90.0.4430.85 Safari/537.36"
34.7.104.55 - - [24/Sep/2026:11:09:55 -0400] "GET /.env.test HTTP/1.1" 404 - "-" "Mozilla/5.0 (compatible; Hunyuan/1.0; +https://hunyuan.tencent.com/)"
34.7.104.55 - - [24/Sep/2026:11:09:55 -0400] "GET /env.bak HTTP/1.1" 404 - "-" "Mozilla/5.0 AppleWebKit/537.36 (KHTML, like Gecko; compatible; Claude-User/1.0; +claudebot@anthropic.com)"
34.7.104.55 - - [24/Sep/2026:11:09:55 -0400] "GET /@fs/../.env?raw?? HTTP/1.1" 404 - "-" "Mozilla/5.0 (compatible; YiBot/1.0; +https://01.ai/)"
34.7.104.55 - - [24/Sep/2026:11:09:55 -0400] "GET /wp-json HTTP/1.1" 404 - "-" "Mozilla/5.0 (compatible; Hunyuan/1.0; +https://hunyuan.tencent.com/)"
34.7.104.55 - - [24/Sep/2026:11:09:55 -0400] "GET /@fs/app/.env?raw?? HTTP/1.1" 404 - "-" "Mozilla/5.0 AppleWebKit/537.36 (KHTML, like Gecko); compatible; GPTBot/1.4; +https://openai.com/gptbot"
34.7.104.55 - - [24/Sep/2026:11:09:55 -0400] "GET /@fs/..%252f..%252f..%252f..%252f..%252fproc/self/environ?raw?? HTTP/1.1" 404 - "-" "Mozilla/5.0 AppleWebKit/537.36 (KHTML, like Gecko; compatible; PerplexityBot/1.0; +https://perplexity.ai/perplexitybot)"
34.7.104.55 - - [24/Sep/2026:11:09:56 -0400] "DELETE /api/inngest HTTP/1.1" 404 - "-" "Mozilla/5.0 (compatible; MoonshotBot/1.0; +https://kimi.ai/)"
34.7.104.55 - - [24/Sep/2026:11:09:57 -0400] "DELETE /inngest HTTP/1.1" 404 - "-" "Mozilla/5.0 (compatible; Bravebot/1.0; +https://brave.com/search/)"
34.7.104.55 - - [24/Sep/2026:11:09:58 -0400] "POST /read-document HTTP/1.1" 404 - "-" "Mozilla/5.0 (Macintosh; Intel Mac OS X 10_15_7) AppleWebKit/537.36 (KHTML, like Gecko) Chrome/131.0.0.0 Safari/537.36; compatible; OAI-SearchBot/1.4; +https://openai.com/searchbot"
34.7.104.55 - - [24/Sep/2026:11:09:58 -0400] "POST /read-document HTTP/1.1" 404 - "-" "Mozilla/5.0 (compatible; DeepSeekBot/1.0; +https://www.deepseek.com/)"
34.7.104.55 - - [24/Sep/2026:11:09:59 -0400] "POST /mcp HTTP/1.1" 404 - "-" "Mozilla/5.0 (compatible; Googlebot/2.1; +http://www.google.com/bot.html)"
34.7.104.55 - - [24/Sep/2026:11:09:59 -0400] "POST /api/designer/v1/file-content HTTP/1.1" 404 - "-" "Mozilla/5.0 (compatible; Hunyuan/1.0; +https://hunyuan.tencent.com/)"
34.7.104.55 - - [24/Sep/2026:11:09:59 -0400] "POST /api/designer/v1/file-content HTTP/1.1" 404 - "-" "Mozilla/5.0 (compatible; Google-Extended; +http://www.google.com/bot.html)"
34.7.104.55 - - [24/Sep/2026:11:10:00 -0400] "POST /lib/terminal-xhr.php HTTP/1.1" 404 - "-" "Mozilla/5.0 (compatible; KimiBot/1.0; +https://kimi.ai/)"
34.7.104.55 - - [24/Sep/2026:11:10:00 -0400] "POST /icecoder/lib/terminal-xhr.php HTTP/1.1" 404 - "-" "Mozilla/5.0 (compatible; MistralAI-User/1.0; +https://mistral.ai/)"
34.7.104.55 - - [24/Sep/2026:11:10:01 -0400] "POST /api/templates/preview HTTP/1.1" 404 - "-" "Mozilla/5.0 (compatible; DeepSeekBot/1.0; +https://www.deepseek.com/)"
34.7.104.55 - - [24/Sep/2026:11:10:01 -0400] "POST /api/templates/preview HTTP/1.1" 404 - "-" "Mozilla/5.0 (compatible; Googlebot/2.1; +http://www.google.com/bot.html)"
34.7.104.55 - - [24/Sep/2026:11:10:01 -0400] "POST /functionRouter HTTP/1.1" 404 - "-" "Mozilla/5.0 (compatible; DeepSeekBot/1.0; +https://www.deepseek.com/)"
17.166.232.141 - - [24/Sep/2026:11:10:06 -0400] "GET /2020/04/quien-es-kim-yo-jong-la-implacable-mujer-que-figura-en-la-linea-de-sucesion-de-kim-jong-un/ HTTP/1.1" 404 - "-" "Mozilla/5.0 (Macintosh; Intel Mac OS X 10_15_7) AppleWebKit/605.1.15 (KHTML, like Gecko) Version/17.4 Safari/605.1.15 (Applebot/0.1; +http://www.apple.com/go/applebot)"
23.100.92.252 - - [24/Sep/2026:11:10:09 -0400] "GET /wp-content/languages/continents-cities-es_ES.l10n.php HTTP/1.1" 200 - "binance.com" "Mozilla/5.0 (Windows NT 10.0; Win64; x64) AppleWebKit/537.36 (KHTML, like Gecko) Chrome/90.0.4430.85 Safari/537.36"
23.100.92.252 - - [24/Sep/2026:11:10:21 -0400] "GET /wp-content/languages/es_ES.l10n.php HTTP/1.1" 200 - "binance.com" "Mozilla/5.0 (Windows NT 10.0; Win64; x64) AppleWebKit/537.36 (KHTML, like Gecko) Chrome/90.0.4430.85 Safari/537.36"
23.100.92.252 - - [24/Sep/2026:11:10:42 -0400] "GET /wp-admin/includes/ HTTP/1.1" 200 2164 "binance.com" "Mozilla/5.0 (Windows NT 10.0; Win64; x64) AppleWebKit/537.36 (KHTML, like Gecko) Chrome/90.0.4430.85 Safari/537.36"
66.227.8.117 - - [24/Sep/2026:11:10:50 -0400] "GET /2014/08/alimentos-adictivos-lo-que-debes-saber-para-caer-en-su-trampa/ HTTP/1.1" 404 - "-" "Mozilla/5.0 (Macintosh; Intel Mac OS X 10_15_7) AppleWebKit/537.36 (KHTML, like Gecko) Chrome/131.0.0.0 Safari/537.36"
79.132.176.85 - - [24/Sep/2026:11:10:54 -0400] "GET /2014/08/alimentos-adictivos-lo-que-debes-saber-para-caer-en-su-trampa/ HTTP/1.1" 404 - "-" "Mozilla/5.0 (Macintosh; Intel Mac OS X 10_15_7) AppleWebKit/537.36 (KHTML, like Gecko) Chrome/131.0.0.0 Safari/537.36"
23.100.92.252 - - [24/Sep/2026:11:11:04 -0400] "GET /wp-admin/includes/ HTTP/1.1" 200 2164 "binance.com" "Mozilla/5.0 (Windows NT 10.0; Win64; x64) AppleWebKit/537.36 (KHTML, like Gecko) Chrome/90.0.4430.85 Safari/537.36"
23.100.92.252 - - [24/Sep/2026:11:11:23 -0400] "GET /wp-admin/maint/ HTTP/1.1" 200 379 "binance.com" "Mozilla/5.0 (Windows NT 10.0; Win64; x64) AppleWebKit/537.36 (KHTML, like Gecko) Chrome/90.0.4430.85 Safari/537.36"
62.83.32.117 - - [24/Sep/2026:11:11:36 -0400] "GET /robots.txt HTTP/1.1" 404 - "-" "tphotobot/0.1 (+https://crawler.estidraft.com/bot)"
23.100.92.252 - - [24/Sep/2026:11:11:39 -0400] "GET /wp-admin/maint/ HTTP/1.1" 200 379 "binance.com" "Mozilla/5.0 (Windows NT 10.0; Win64; x64) AppleWebKit/537.36 (KHTML, like Gecko) Chrome/90.0.4430.85 Safari/537.36"
23.100.92.252 - - [24/Sep/2026:11:11:50 -0400] "GET /wp-admin/network/ HTTP/1.1" 500 93 "binance.com" "Mozilla/5.0 (Windows NT 10.0; Win64; x64) AppleWebKit/537.36 (KHTML, like Gecko) Chrome/90.0.4430.85 Safari/537.36"
114.119.156.59 - - [24/Sep/2026:11:11:59 -0400] "GET /2018/03/funcionan-las-denuncias-de-acoso-sexual-como-metoo HTTP/1.1" 404 - "https://www.mujeraf.com/2018/03/este-cereal-africano-es-mas-nutritivo-que-la-quinua-y-podria-ser-la-solucion-a-las-hambrunas" "Mozilla/5.0 (Linux; Android 7.0;) AppleWebKit/537.36 (HTML, like Gecko) Mobile Safari/537.36 (compatible; PetalBot;+https://webmaster.petalsearch.com/site/petalbot)"
23.100.92.252 - - [24/Sep/2026:11:12:02 -0400] "GET /wp-admin/user/ HTTP/1.1" 500 93 "binance.com" "Mozilla/5.0 (Windows NT 10.0; Win64; x64) AppleWebKit/537.36 (KHTML, like Gecko) Chrome/90.0.4430.85 Safari/537.36"
23.100.92.252 - - [24/Sep/2026:11:12:14 -0400] "GET /wp-admin/css/ HTTP/1.1" 200 1661 "binance.com" "Mozilla/5.0 (Windows NT 10.0; Win64; x64) AppleWebKit/537.36 (KHTML, like Gecko) Chrome/90.0.4430.85 Safari/537.36"
216.73.216.101 - - [24/Sep/2026:11:12:19 -0400] "GET /robots.txt HTTP/1.1" 404 - "-" "Mozilla/5.0 AppleWebKit/537.36 (KHTML, like Gecko; compatible; ClaudeBot/1.0; +claudebot@anthropic.com)"
216.73.216.101 - - [24/Sep/2026:11:12:19 -0400] "GET /2022/10/menopausia-etapa-nueva-de-oportunidades/menopausia HTTP/1.1" 404 - "-" "Mozilla/5.0 AppleWebKit/537.36 (KHTML, like Gecko; compatible; ClaudeBot/1.0; +claudebot@anthropic.com)"
23.100.92.252 - - [24/Sep/2026:11:12:31 -0400] "GET /wp-admin/css/colors/ HTTP/1.1" 200 577 "binance.com" "Mozilla/5.0 (Windows NT 10.0; Win64; x64) AppleWebKit/537.36 (KHTML, like Gecko) Chrome/90.0.4430.85 Safari/537.36"
23.100.92.252 - - [24/Sep/2026:11:12:45 -0400] "GET /wp-admin/css/colors/blue/ HTTP/1.1" 200 448 "binance.com" "Mozilla/5.0 (Windows NT 10.0; Win64; x64) AppleWebKit/537.36 (KHTML, like Gecko) Chrome/90.0.4430.85 Safari/537.36"
45.159.222.130 - - [24/Sep/2026:11:12:49 -0400] "GET /file/2020/03/violencia_mujer_puno_02-1024x683-1-324x160.jpg HTTP/1.1" 404 - "-" "Mozilla/5.0 (Macintosh; Intel Mac OS X 10_15_7) AppleWebKit/537.36 (KHTML, like Gecko) Chrome/124.0.0.0 Safari/537.36"
62.83.33.12 - - [24/Sep/2026:11:12:56 -0400] "GET /wp-content/uploads/2015/07/mujer-300x100.png HTTP/1.1" 200 4530 "-" "tphotobot/0.1 (+https://crawler.estidraft.com/bot)"
62.83.33.12 - - [24/Sep/2026:11:12:56 -0400] "GET /wp-content/uploads/2015/07/mujer_gris-300x100.png HTTP/1.1" 200 4550 "-" "tphotobot/0.1 (+https://crawler.estidraft.com/bot)"
62.83.33.12 - - [24/Sep/2026:11:12:56 -0400] "GET /wp-content/uploads/2014/09/vida_siria.jpg HTTP/1.1" 304 - "-" "tphotobot/0.1 (+https://crawler.estidraft.com/bot)"
5.39.109.181 - - [24/Sep/2026:11:13:00 -0400] "GET /2018/11/senadores-proponen-ley-de-amnistia-para-mujeres-procesadas-por-aborto/ HTTP/1.1" 404 - "-" "Mozilla/5.0 (compatible; AhrefsBot/7.0; +http://ahrefs.com/robot/)"
23.100.92.252 - - [24/Sep/2026:11:13:08 -0400] "GET /wp-admin/css/colors/coffee/ HTTP/1.1" 200 447 "binance.com" "Mozilla/5.0 (Windows NT 10.0; Win64; x64) AppleWebKit/537.36 (KHTML, like Gecko) Chrome/90.0.4430.85 Safari/537.36"
23.100.92.252 - - [24/Sep/2026:11:13:24 -0400] "GET /wp-admin/css/colors/ectoplasm/ HTTP/1.1" 200 448 "binance.com" "Mozilla/5.0 (Windows NT 10.0; Win64; x64) AppleWebKit/537.36 (KHTML, like Gecko) Chrome/90.0.4430.85 Safari/537.36"
23.100.92.252 - - [24/Sep/2026:11:13:37 -0400] "GET /wp-admin/css/colors/light/ HTTP/1.1" 200 446 "binance.com" "Mozilla/5.0 (Windows NT 10.0; Win64; x64) AppleWebKit/537.36 (KHTML, like Gecko) Chrome/90.0.4430.85 Safari/537.36"
23.100.92.252 - - [24/Sep/2026:11:13:53 -0400] "GET /wp-admin/css/colors/midnight/ HTTP/1.1" 200 451 "binance.com" "Mozilla/5.0 (Windows NT 10.0; Win64; x64) AppleWebKit/537.36 (KHTML, like Gecko) Chrome/90.0.4430.85 Safari/537.36"
47.79.200.237 - - [24/Sep/2026:11:13:56 -0400] "GET /2017/04/beber-alcohol-exceso-estaria-ocurriendo-vez-mas-mujeres-mayores/ HTTP/1.1" 404 - "https://www.google.com/" "Mozilla/5.0 (Windows NT 10.0; Win64; x64) AppleWebKit/537.36 (KHTML, like Gecko) Chrome/133.0.0.0 Safari/537.36"
23.100.92.252 - - [24/Sep/2026:11:14:12 -0400] "GET /wp-admin/css/colors/modern/ HTTP/1.1" 200 448 "binance.com" "Mozilla/5.0 (Windows NT 10.0; Win64; x64) AppleWebKit/537.36 (KHTML, like Gecko) Chrome/90.0.4430.85 Safari/537.36"
23.100.92.252 - - [24/Sep/2026:11:14:35 -0400] "GET /wp-admin/css/colors/ocean/ HTTP/1.1" 200 446 "binance.com" "Mozilla/5.0 (Windows NT 10.0; Win64; x64) AppleWebKit/537.36 (KHTML, like Gecko) Chrome/90.0.4430.85 Safari/537.36"
36.36.93.52 - - [24/Sep/2026:11:14:43 -0400] "GET /robots.txt HTTP/1.1" 404 - "https://www.mujeraf.com/robots.txt" "Mozilla/5.0 (Windows NT 10.0; Win64; x64) AppleWebKit/537.36 (KHTML, like Gecko) Chrome/151.0.5283.66 Safari/537.36"
23.100.92.252 - - [24/Sep/2026:11:14:55 -0400] "GET /wp-admin/css/colors/sunrise/%20 HTTP/1.1" 404 - "binance.com" "Mozilla/5.0 (Windows NT 10.0; Win64; x64) AppleWebKit/537.36 (KHTML, like Gecko) Chrome/90.0.4430.85 Safari/537.36"
23.100.92.252 - - [24/Sep/2026:11:15:11 -0400] "GET /wp-admin/images/ HTTP/1.1" 200 1791 "binance.com" "Mozilla/5.0 (Windows NT 10.0; Win64; x64) AppleWebKit/537.36 (KHTML, like Gecko) Chrome/90.0.4430.85 Safari/537.36"
216.73.216.101 - - [24/Sep/2026:11:15:13 -0400] "GET /2019/03/de-cada-5-ministros-1-es-mujer-segun-nuevo-mapa-de-onu-mujeres/ministras-onu HTTP/1.1" 404 - "-" "Mozilla/5.0 AppleWebKit/537.36 (KHTML, like Gecko; compatible; ClaudeBot/1.0; +claudebot@anthropic.com)"
79.132.177.110 - - [24/Sep/2026:11:15:18 -0400] "GET /tag/infidelida/ HTTP/1.1" 404 - "-" "Mozilla/5.0 (Macintosh; Intel Mac OS X 10_15_7) AppleWebKit/537.36 (KHTML, like Gecko) Chrome/123.0.0.0 Safari/537.36"
31.151.158.232 - - [24/Sep/2026:11:15:24 -0400] "GET /wp-login.php HTTP/1.1" 500 93 "-" "Mozilla/5.0 (X11; Linux x86_64) AppleWebKit/537.36 (KHTML, like Gecko) Chrome/150.0.0.0 Safari/537.36"
23.100.92.252 - - [24/Sep/2026:11:15:25 -0400] "GET /wp-admin/js/ HTTP/1.1" 200 2058 "binance.com" "Mozilla/5.0 (Windows NT 10.0; Win64; x64) AppleWebKit/537.36 (KHTML, like Gecko) Chrome/90.0.4430.85 Safari/537.36"
212.30.37.76 - - [24/Sep/2026:11:15:26 -0400] "GET /wp-login.php HTTP/1.1" 500 93 "-" "Mozilla/5.0 (X11; Linux x86_64) AppleWebKit/537.36 (KHTML, like Gecko) Chrome/150.0.0.0 Safari/537.36"
205.210.31.57 - - [24/Sep/2026:11:15:27 -0400] "GET / HTTP/1.1" 401 36 "http://cpcontacts.mujeraf.com/" "Hello from Palo Alto Networks, find out more about our scans in https://docs-cortex.paloaltonetworks.com/r/1/Cortex-Xpanse/Scanning-activity"
31.151.158.232 - - [24/Sep/2026:11:15:28 -0400] "GET /wp-login.php HTTP/1.1" 500 93 "-" "Mozilla/5.0 (X11; Linux x86_64) AppleWebKit/537.36 (KHTML, like Gecko) Chrome/150.0.0.0 Safari/537.36"
23.100.92.252 - - [24/Sep/2026:11:15:50 -0400] "GET /wp-admin/js/widgets/ HTTP/1.1" 200 659 "binance.com" "Mozilla/5.0 (Windows NT 10.0; Win64; x64) AppleWebKit/537.36 (KHTML, like Gecko) Chrome/90.0.4430.85 Safari/537.36"
86.127.178.173 - - [24/Sep/2026:11:15:57 -0400] "GET /wp-login.php HTTP/1.1" 500 93 "-" "Mozilla/5.0 (Windows NT 10.0; Win64; x64) AppleWebKit/537.36 (KHTML, like Gecko) Chrome/152.0.0.0 Safari/537.36"
89.137.180.250 - - [24/Sep/2026:11:15:59 -0400] "GET /wp-login.php HTTP/1.1" 500 93 "-" "Mozilla/5.0 (Windows NT 10.0; Win64; x64) AppleWebKit/537.36 (KHTML, like Gecko) Chrome/152.0.0.0 Safari/537.36"
91.148.228.65 - - [24/Sep/2026:11:16:00 -0400] "GET //images/images/cache.php HTTP/1.1" 404 - "www.google.com" "Mozlila/5.0 (Linux; Android 7.0; SM-G892A Bulid/NRD90M; wv) AppleWebKit/537.36 (KHTML, like Gecko) Version/4.0 Chrome/60.0.3112.107 Moblie Safari/537.36"
91.148.228.65 - - [24/Sep/2026:11:16:00 -0400] "GET //cgi-bin/cgi-bin/cgi-bin/cgi-bin/cache.php HTTP/1.1" 404 - "www.google.com" "Mozlila/5.0 (Linux; Android 7.0; SM-G892A Bulid/NRD90M; wv) AppleWebKit/537.36 (KHTML, like Gecko) Version/4.0 Chrome/60.0.3112.107 Moblie Safari/537.36"
92.80.118.95 - - [24/Sep/2026:11:16:01 -0400] "GET /wp-login.php HTTP/1.1" 500 93 "-" "Mozilla/5.0 (Windows NT 10.0; Win64; x64) AppleWebKit/537.36 (KHTML, like Gecko) Chrome/152.0.0.0 Safari/537.36"
91.148.228.65 - - [24/Sep/2026:11:16:01 -0400] "GET //images/images/images/images/images/images/images/images/cache.php HTTP/1.1" 404 - "www.google.com" "Mozlila/5.0 (Linux; Android 7.0; SM-G892A Bulid/NRD90M; wv) AppleWebKit/537.36 (KHTML, like Gecko) Version/4.0 Chrome/60.0.3112.107 Moblie Safari/537.36"
91.148.228.65 - - [24/Sep/2026:11:16:02 -0400] "GET //images/images/images/images/images/images/images/cache.php HTTP/1.1" 404 - "www.google.com" "Mozlila/5.0 (Linux; Android 7.0; SM-G892A Bulid/NRD90M; wv) AppleWebKit/537.36 (KHTML, like Gecko) Version/4.0 Chrome/60.0.3112.107 Moblie Safari/537.36"
91.148.228.65 - - [24/Sep/2026:11:16:02 -0400] "GET //images/images/images/images/images/images/cache.php HTTP/1.1" 404 - "www.google.com" "Mozlila/5.0 (Linux; Android 7.0; SM-G892A Bulid/NRD90M; wv) AppleWebKit/537.36 (KHTML, like Gecko) Version/4.0 Chrome/60.0.3112.107 Moblie Safari/537.36"
91.148.228.65 - - [24/Sep/2026:11:16:03 -0400] "GET //images/images/images/images/images/cache.php HTTP/1.1" 404 - "www.google.com" "Mozlila/5.0 (Linux; Android 7.0; SM-G892A Bulid/NRD90M; wv) AppleWebKit/537.36 (KHTML, like Gecko) Version/4.0 Chrome/60.0.3112.107 Moblie Safari/537.36"
91.148.228.65 - - [24/Sep/2026:11:16:05 -0400] "GET //images/images/images/images/cache.php HTTP/1.1" 404 - "www.google.com" "Mozlila/5.0 (Linux; Android 7.0; SM-G892A Bulid/NRD90M; wv) AppleWebKit/537.36 (KHTML, like Gecko) Version/4.0 Chrome/60.0.3112.107 Moblie Safari/537.36"
91.148.228.65 - - [24/Sep/2026:11:16:05 -0400] "GET //images/images/images/cache.php HTTP/1.1" 404 - "www.google.com" "Mozlila/5.0 (Linux; Android 7.0; SM-G892A Bulid/NRD90M; wv) AppleWebKit/537.36 (KHTML, like Gecko) Version/4.0 Chrome/60.0.3112.107 Moblie Safari/537.36"
91.148.228.65 - - [24/Sep/2026:11:16:06 -0400] "GET //wp-content/plugins/plugins/cache.php HTTP/1.1" 404 - "www.google.com" "Mozlila/5.0 (Linux; Android 7.0; SM-G892A Bulid/NRD90M; wv) AppleWebKit/537.36 (KHTML, like Gecko) Version/4.0 Chrome/60.0.3112.107 Moblie Safari/537.36"
91.148.228.65 - - [24/Sep/2026:11:16:06 -0400] "GET //assets/images/images/cache.php HTTP/1.1" 404 - "www.google.com" "Mozlila/5.0 (Linux; Android 7.0; SM-G892A Bulid/NRD90M; wv) AppleWebKit/537.36 (KHTML, like Gecko) Version/4.0 Chrome/60.0.3112.107 Moblie Safari/537.36"
91.148.228.65 - - [24/Sep/2026:11:16:07 -0400] "GET //blogs/media/media/cache.php HTTP/1.1" 404 - "www.google.com" "Mozlila/5.0 (Linux; Android 7.0; SM-G892A Bulid/NRD90M; wv) AppleWebKit/537.36 (KHTML, like Gecko) Version/4.0 Chrome/60.0.3112.107 Moblie Safari/537.36"
91.148.228.65 - - [24/Sep/2026:11:16:08 -0400] "GET //cache/cache/cache.php HTTP/1.1" 404 - "www.google.com" "Mozlila/5.0 (Linux; Android 7.0; SM-G892A Bulid/NRD90M; wv) AppleWebKit/537.36 (KHTML, like Gecko) Version/4.0 Chrome/60.0.3112.107 Moblie Safari/537.36"
23.100.92.252 - - [24/Sep/2026:11:16:12 -0400] "GET /wp-includes/ HTTP/1.1" 200 4996 "binance.com" "Mozilla/5.0 (Windows NT 10.0; Win64; x64) AppleWebKit/537.36 (KHTML, like Gecko) Chrome/90.0.4430.85 Safari/537.36"
23.100.92.252 - - [24/Sep/2026:11:16:28 -0400] "GET /wp-includes/ HTTP/1.1" 200 4996 "binance.com" "Mozilla/5.0 (Windows NT 10.0; Win64; x64) AppleWebKit/537.36 (KHTML, like Gecko) Chrome/90.0.4430.85 Safari/537.36"
85.208.98.18 - - [24/Sep/2026:11:16:36 -0400] "GET /robots.txt HTTP/1.1" 404 - "http://mujeraf.com/robots.txt" "Mozilla/5.0 (compatible; SemrushBot; +http://www.semrush.com/bot.html)"
176.31.139.31 - - [24/Sep/2026:11:16:45 -0400] "GET /2015/09/un-entorno-laboral-saludable-reduce-la-obesidad-en-los-empleados-jovenes/ HTTP/1.1" 404 - "-" "Mozilla/5.0 (compatible; AhrefsBot/7.0; +http://ahrefs.com/robot/)"
23.100.92.252 - - [24/Sep/2026:11:16:49 -0400] "GET /wp-includes/abilities-api.php HTTP/1.1" 200 - "binance.com" "Mozilla/5.0 (Windows NT 10.0; Win64; x64) AppleWebKit/537.36 (KHTML, like Gecko) Chrome/90.0.4430.85 Safari/537.36"
16.216.88.74 - - [24/Sep/2026:11:16:51 -0400] "GET /category/colaboradores/?filter_by=random_posts HTTP/1.1" 404 - "-" "Mozilla/5.0 AppleWebKit/537.36 (KHTML, like Gecko; compatible; Reflectionbot/1.0; +https://reflection.ai/bot) Chrome/151.0.0.0 Safari/537.36"
23.100.92.252 - - [24/Sep/2026:11:17:04 -0400] "GET /wp-includes/abilities.php HTTP/1.1" 200 - "binance.com" "Mozilla/5.0 (Windows NT 10.0; Win64; x64) AppleWebKit/537.36 (KHTML, like Gecko) Chrome/90.0.4430.85 Safari/537.36"
23.100.92.252 - - [24/Sep/2026:11:17:16 -0400] "GET /wp-includes/ai-client.php HTTP/1.1" 200 - "binance.com" "Mozilla/5.0 (Windows NT 10.0; Win64; x64) AppleWebKit/537.36 (KHTML, like Gecko) Chrome/90.0.4430.85 Safari/537.36"
23.100.92.252 - - [24/Sep/2026:11:17:36 -0400] "GET /wp-includes/block-bindings.php HTTP/1.1" 200 - "binance.com" "Mozilla/5.0 (Windows NT 10.0; Win64; x64) AppleWebKit/537.36 (KHTML, like Gecko) Chrome/90.0.4430.85 Safari/537.36"
23.100.92.252 - - [24/Sep/2026:11:17:52 -0400] "GET /wp-includes/block-editor.php HTTP/1.1" 200 - "binance.com" "Mozilla/5.0 (Windows NT 10.0; Win64; x64) AppleWebKit/537.36 (KHTML, like Gecko) Chrome/90.0.4430.85 Safari/537.36"
23.100.92.252 - - [24/Sep/2026:11:18:20 -0400] "GET /wp-includes/block-template-utils.php HTTP/1.1" 200 - "binance.com" "Mozilla/5.0 (Windows NT 10.0; Win64; x64) AppleWebKit/537.36 (KHTML, like Gecko) Chrome/90.0.4430.85 Safari/537.36"
23.100.92.252 - - [24/Sep/2026:11:18:30 -0400] "GET /wp-includes/block-template.php HTTP/1.1" 200 - "binance.com" "Mozilla/5.0 (Windows NT 10.0; Win64; x64) AppleWebKit/537.36 (KHTML, like Gecko) Chrome/90.0.4430.85 Safari/537.36"
40.77.167.136 - - [24/Sep/2026:11:18:30 -0400] "GET /wp-content/uploads/2015/06/mamografias-700x501.jpg HTTP/1.1" 200 59421 "-" "Mozilla/5.0 AppleWebKit/537.36 (KHTML, like Gecko; compatible; bingbot/2.0; +http://www.bing.com/bingbot.htm) Chrome/116.0.1938.76 Safari/537.36"
23.100.92.252 - - [24/Sep/2026:11:18:40 -0400] "GET /wp-includes/class-avif-info.php HTTP/1.1" 200 - "binance.com" "Mozilla/5.0 (Windows NT 10.0; Win64; x64) AppleWebKit/537.36 (KHTML, like Gecko) Chrome/90.0.4430.85 Safari/537.36"
23.100.92.252 - - [24/Sep/2026:11:18:57 -0400] "GET /wp-includes/class-wp-block-bindings-registry.php HTTP/1.1" 200 - "binance.com" "Mozilla/5.0 (Windows NT 10.0; Win64; x64) AppleWebKit/537.36 (KHTML, like Gecko) Chrome/90.0.4430.85 Safari/537.36"
186.33.53.50 - - [24/Sep/2026:11:19:01 -0400] "GET /wp-json/matomo/v1/segment_editor/all HTTP/1.1" 404 - "-" "Mozilla/5.0 (iPhone; CPU iPhone OS 17_0_1 like Mac OS X) AppleWebKit/605.1.15 (KHTML, like Gecko) CriOS/153.0.8010.26 Mobile/15E148 Safari/604.1"
23.100.92.252 - - [24/Sep/2026:11:19:18 -0400] "GET /wp-includes/class-wp-block-bindings-source.php HTTP/1.1" 200 - "binance.com" "Mozilla/5.0 (Windows NT 10.0; Win64; x64) AppleWebKit/537.36 (KHTML, like Gecko) Chrome/90.0.4430.85 Safari/537.36"
160.250.130.168 - - [24/Sep/2026:11:19:18 -0400] "GET /wp-login.php HTTP/1.1" 500 93 "-" "Mozilla/5.0 (X11; Linux x86_64) AppleWebKit/537.36 (KHTML, like Gecko) Chrome/149.0.0.0 Safari/537.36"
160.250.130.168 - - [24/Sep/2026:11:19:20 -0400] "GET /wp-login.php HTTP/1.1" 500 93 "-" "Mozilla/5.0 (X11; Linux x86_64) AppleWebKit/537.36 (KHTML, like Gecko) Chrome/149.0.0.0 Safari/537.36"
160.250.130.168 - - [24/Sep/2026:11:19:22 -0400] "GET /wp-login.php HTTP/1.1" 500 93 "-" "Mozilla/5.0 (X11; Linux x86_64) AppleWebKit/537.36 (KHTML, like Gecko) Chrome/149.0.0.0 Safari/537.36"
160.250.130.168 - - [24/Sep/2026:11:19:23 -0400] "GET /wp-admin/ HTTP/1.1" 500 93 "-" "Mozilla/5.0 (X11; Linux x86_64) AppleWebKit/537.36 (KHTML, like Gecko) Chrome/149.0.0.0 Safari/537.36"
160.250.130.168 - - [24/Sep/2026:11:19:24 -0400] "GET /wp-admin/ HTTP/1.1" 500 93 "-" "Mozilla/5.0 (X11; Linux x86_64) AppleWebKit/537.36 (KHTML, like Gecko) Chrome/149.0.0.0 Safari/537.36"
160.250.130.168 - - [24/Sep/2026:11:19:26 -0400] "GET /wp-admin/ HTTP/1.1" 500 93 "-" "Mozilla/5.0 (X11; Linux x86_64) AppleWebKit/537.36 (KHTML, like Gecko) Chrome/149.0.0.0 Safari/537.36"
160.250.130.168 - - [24/Sep/2026:11:19:27 -0400] "GET /wp-admin/profile.php HTTP/1.1" 500 93 "-" "Mozilla/5.0 (X11; Linux x86_64) AppleWebKit/537.36 (KHTML, like Gecko) Chrome/149.0.0.0 Safari/537.36"
160.250.130.168 - - [24/Sep/2026:11:19:28 -0400] "GET /wp-admin/profile.php HTTP/1.1" 500 93 "-" "Mozilla/5.0 (X11; Linux x86_64) AppleWebKit/537.36 (KHTML, like Gecko) Chrome/149.0.0.0 Safari/537.36"
160.250.130.168 - - [24/Sep/2026:11:19:30 -0400] "GET /wp-admin/profile.php HTTP/1.1" 500 93 "-" "Mozilla/5.0 (X11; Linux x86_64) AppleWebKit/537.36 (KHTML, like Gecko) Chrome/149.0.0.0 Safari/537.36"
160.250.130.168 - - [24/Sep/2026:11:19:31 -0400] "GET /wp-json/wp/v2/users/me HTTP/1.1" 404 - "-" "Mozilla/5.0 (X11; Linux x86_64) AppleWebKit/537.36 (KHTML, like Gecko) Chrome/149.0.0.0 Safari/537.36"
23.100.92.252 - - [24/Sep/2026:11:19:42 -0400] "GET /wp-includes/class-wp-block-editor-context.php HTTP/1.1" 200 - "binance.com" "Mozilla/5.0 (Windows NT 10.0; Win64; x64) AppleWebKit/537.36 (KHTML, like Gecko) Chrome/90.0.4430.85 Safari/537.36"
85.208.98.18 - - [24/Sep/2026:11:19:56 -0400] "HEAD / HTTP/1.1" 500 - "-" "Mozilla/5.0 (compatible; SemrushBot; +http://www.semrush.com/bot.html)"
23.100.92.252 - - [24/Sep/2026:11:19:56 -0400] "GET /wp-includes/class-wp-block-metadata-registry.php HTTP/1.1" 200 - "binance.com" "Mozilla/5.0 (Windows NT 10.0; Win64; x64) AppleWebKit/537.36 (KHTML, like Gecko) Chrome/90.0.4430.85 Safari/537.36"
34.91.163.49 - - [24/Sep/2026:11:20:06 -0400] "GET /robots.txt HTTP/1.1" 404 - "-" "Python/3.12 aiohttp/3.11.11"
195.96.139.146 - - [24/Sep/2026:11:20:10 -0400] "GET / HTTP/1.1" 500 93 "http://www.mujeraf.com" "Mozilla/5.0 (compatible; InternetMeasurement/1.0; +https://internet-measurement.com/)"
23.100.92.252 - - [24/Sep/2026:11:20:11 -0400] "GET /wp-includes/class-wp-block-parser-block.php HTTP/1.1" 200 - "binance.com" "Mozilla/5.0 (Windows NT 10.0; Win64; x64) AppleWebKit/537.36 (KHTML, like Gecko) Chrome/90.0.4430.85 Safari/537.36"
23.100.92.252 - - [24/Sep/2026:11:20:26 -0400] "GET /wp-includes/class-wp-block-parser-frame.php HTTP/1.1" 200 - "binance.com" "Mozilla/5.0 (Windows NT 10.0; Win64; x64) AppleWebKit/537.36 (KHTML, like Gecko) Chrome/90.0.4430.85 Safari/537.36"
176.31.139.23 - - [24/Sep/2026:11:20:30 -0400] "GET /2016/09/imagen-personal-lo-necesitas-saber/ HTTP/1.1" 404 - "-" "Mozilla/5.0 (compatible; AhrefsBot/7.0; +http://ahrefs.com/robot/)"
23.100.92.252 - - [24/Sep/2026:11:20:36 -0400] "GET /wp-includes/class-wp-block-processor.php HTTP/1.1" 200 - "binance.com" "Mozilla/5.0 (Windows NT 10.0; Win64; x64) AppleWebKit/537.36 (KHTML, like Gecko) Chrome/90.0.4430.85 Safari/537.36"
23.100.92.252 - - [24/Sep/2026:11:20:52 -0400] "GET /wp-includes/class-wp-block-template.php HTTP/1.1" 200 - "binance.com" "Mozilla/5.0 (Windows NT 10.0; Win64; x64) AppleWebKit/537.36 (KHTML, like Gecko) Chrome/90.0.4430.85 Safari/537.36"
23.100.92.252 - - [24/Sep/2026:11:21:08 -0400] "GET /wp-includes/class-wp-block-templates-registry.php HTTP/1.1" 200 - "binance.com" "Mozilla/5.0 (Windows NT 10.0; Win64; x64) AppleWebKit/537.36 (KHTML, like Gecko) Chrome/90.0.4430.85 Safari/537.36"
62.83.33.12 - - [24/Sep/2026:11:21:20 -0400] "GET /wp-content/uploads/2015/07/mujer-300x100.png HTTP/1.1" 200 4530 "-" "tphotobot/0.1 (+https://crawler.estidraft.com/bot)"
62.83.33.12 - - [24/Sep/2026:11:21:20 -0400] "GET /wp-content/uploads/2015/07/mujer_gris-300x100.png HTTP/1.1" 200 4550 "-" "tphotobot/0.1 (+https://crawler.estidraft.com/bot)"
62.83.33.12 - - [24/Sep/2026:11:21:20 -0400] "GET /wp-content/uploads/2014/07/650_1000_pilates.jpg HTTP/1.1" 200 31235 "-" "tphotobot/0.1 (+https://crawler.estidraft.com/bot)"
23.100.92.252 - - [24/Sep/2026:11:21:26 -0400] "GET /wp-includes/class-wp-classic-to-block-menu-converter.php HTTP/1.1" 200 - "binance.com" "Mozilla/5.0 (Windows NT 10.0; Win64; x64) AppleWebKit/537.36 (KHTML, like Gecko) Chrome/90.0.4430.85 Safari/537.36"
40.77.167.25 - - [24/Sep/2026:11:21:34 -0400] "GET /wp-content/uploads/2015/01/emawatson-300x169.jpg HTTP/1.1" 200 14283 "-" "Mozilla/5.0 AppleWebKit/537.36 (KHTML, like Gecko; compatible; bingbot/2.0; +http://www.bing.com/bingbot.htm) Chrome/116.0.1938.76 Safari/537.36"
23.100.92.252 - - [24/Sep/2026:11:21:43 -0400] "GET /wp-includes/class-wp-connector-registry.php HTTP/1.1" 500 - "binance.com" "Mozilla/5.0 (Windows NT 10.0; Win64; x64) AppleWebKit/537.36 (KHTML, like Gecko) Chrome/90.0.4430.85 Safari/537.36"
23.100.92.252 - - [24/Sep/2026:11:21:56 -0400] "GET /wp-includes/class-wp-dependencies.php HTTP/1.1" 200 - "binance.com" "Mozilla/5.0 (Windows NT 10.0; Win64; x64) AppleWebKit/537.36 (KHTML, like Gecko) Chrome/90.0.4430.85 Safari/537.36"
23.100.92.252 - - [24/Sep/2026:11:22:15 -0400] "GET /wp-includes/class-wp-duotone.php HTTP/1.1" 200 - "binance.com" "Mozilla/5.0 (Windows NT 10.0; Win64; x64) AppleWebKit/537.36 (KHTML, like Gecko) Chrome/90.0.4430.85 Safari/537.36"
47.79.205.242 - - [24/Sep/2026:11:22:24 -0400] "GET /tag/ingresos-extras/ HTTP/1.1" 404 - "https://www.google.com/" "Mozilla/5.0 (Linux; Android 10; K) AppleWebKit/537.36 (KHTML, like Gecko) Chrome/133.0.0.0 Mobile Safari/537.36"
23.100.92.252 - - [24/Sep/2026:11:22:30 -0400] "GET /wp-includes/class-wp-exception.php HTTP/1.1" 200 - "binance.com" "Mozilla/5.0 (Windows NT 10.0; Win64; x64) AppleWebKit/537.36 (KHTML, like Gecko) Chrome/90.0.4430.85 Safari/537.36"
23.100.92.252 - - [24/Sep/2026:11:22:46 -0400] "GET /wp-includes/class-wp-http.php HTTP/1.1" 200 2 "binance.com" "Mozilla/5.0 (Windows NT 10.0; Win64; x64) AppleWebKit/537.36 (KHTML, like Gecko) Chrome/90.0.4430.85 Safari/537.36"
23.100.92.252 - - [24/Sep/2026:11:23:04 -0400] "GET /wp-includes/class-wp-icons-registry.php HTTP/1.1" 200 - "binance.com" "Mozilla/5.0 (Windows NT 10.0; Win64; x64) AppleWebKit/537.36 (KHTML, like Gecko) Chrome/90.0.4430.85 Safari/537.36"
23.100.92.252 - - [24/Sep/2026:11:23:18 -0400] "GET /wp-includes/class-wp-navigation-fallback.php HTTP/1.1" 200 - "binance.com" "Mozilla/5.0 (Windows NT 10.0; Win64; x64) AppleWebKit/537.36 (KHTML, like Gecko) Chrome/90.0.4430.85 Safari/537.36"
23.100.92.252 - - [24/Sep/2026:11:23:38 -0400] "GET /wp-includes/class-wp-phpmailer.php HTTP/1.1" 500 - "binance.com" "Mozilla/5.0 (Windows NT 10.0; Win64; x64) AppleWebKit/537.36 (KHTML, like Gecko) Chrome/90.0.4430.85 Safari/537.36"
23.100.92.252 - - [24/Sep/2026:11:24:03 -0400] "GET /wp-includes/class-wp-plugin-dependencies.php HTTP/1.1" 200 - "binance.com" "Mozilla/5.0 (Windows NT 10.0; Win64; x64) AppleWebKit/537.36 (KHTML, like Gecko) Chrome/90.0.4430.85 Safari/537.36"
34.72.239.233 - - [24/Sep/2026:11:24:11 -0400] "GET /api/session/properties HTTP/1.1" 404 - "-" "metabase-cve-2026-72898-detect/1.0 (benign detection probes only)"
51.68.247.223 - - [24/Sep/2026:11:24:18 -0400] "GET /2021/03/asi-es-la-realidad-de-madres-y-padres-trabajadores-en-la-pandemia/ HTTP/1.1" 404 - "-" "Mozilla/5.0 (compatible; AhrefsBot/7.0; +http://ahrefs.com/robot/)"
34.72.239.233 - - [24/Sep/2026:11:24:18 -0400] "GET /api/session/properties HTTP/1.1" 404 - "http://mujeraf.com/api/session/properties" "metabase-cve-2026-72898-detect/1.0 (benign detection probes only)"
23.100.92.252 - - [24/Sep/2026:11:24:19 -0400] "GET /wp-includes/class-wp-script-modules.php HTTP/1.1" 200 - "binance.com" "Mozilla/5.0 (Windows NT 10.0; Win64; x64) AppleWebKit/537.36 (KHTML, like Gecko) Chrome/90.0.4430.85 Safari/537.36"
35.255.250.225 - - [24/Sep/2026:11:24:32 -0400] "GET /api/session/properties HTTP/1.1" 404 - "-" "metabase-cve-2026-72898-detect/1.0 (benign detection probes only)"
23.100.92.252 - - [24/Sep/2026:11:24:35 -0400] "GET /wp-includes/class-wp-scripts.php HTTP/1.1" 500 - "binance.com" "Mozilla/5.0 (Windows NT 10.0; Win64; x64) AppleWebKit/537.36 (KHTML, like Gecko) Chrome/90.0.4430.85 Safari/537.36"
16.216.88.123 - - [24/Sep/2026:11:24:44 -0400] "GET /tag/salud/ HTTP/1.1" 404 - "-" "Mozilla/5.0 AppleWebKit/537.36 (KHTML, like Gecko; compatible; Reflectionbot/1.0; +https://reflection.ai/bot) Chrome/151.0.0.0 Safari/537.36"
23.100.92.252 - - [24/Sep/2026:11:24:48 -0400] "GET /wp-includes/class-wp-speculation-rules.php HTTP/1.1" 200 - "binance.com" "Mozilla/5.0 (Windows NT 10.0; Win64; x64) AppleWebKit/537.36 (KHTML, like Gecko) Chrome/90.0.4430.85 Safari/537.36"
23.100.92.252 - - [24/Sep/2026:11:25:02 -0400] "GET /wp-includes/class-wp-styles.php HTTP/1.1" 500 - "binance.com" "Mozilla/5.0 (Windows NT 10.0; Win64; x64) AppleWebKit/537.36 (KHTML, like Gecko) Chrome/90.0.4430.85 Safari/537.36"
23.100.92.252 - - [24/Sep/2026:11:25:21 -0400] "GET /wp-includes/class-wp-textdomain-registry.php HTTP/1.1" 200 - "binance.com" "Mozilla/5.0 (Windows NT 10.0; Win64; x64) AppleWebKit/537.36 (KHTML, like Gecko) Chrome/90.0.4430.85 Safari/537.36"
23.100.92.252 - - [24/Sep/2026:11:25:41 -0400] "GET /wp-includes/class-wp-theme-json-data.php HTTP/1.1" 200 - "binance.com" "Mozilla/5.0 (Windows NT 10.0; Win64; x64) AppleWebKit/537.36 (KHTML, like Gecko) Chrome/90.0.4430.85 Safari/537.36"
23.100.92.252 - - [24/Sep/2026:11:26:01 -0400] "GET /wp-includes/class-wp-theme-json-resolver.php HTTP/1.1" 200 - "binance.com" "Mozilla/5.0 (Windows NT 10.0; Win64; x64) AppleWebKit/537.36 (KHTML, like Gecko) Chrome/90.0.4430.85 Safari/537.36"
23.100.92.252 - - [24/Sep/2026:11:26:30 -0400] "GET /wp-includes/class-wp-theme-json-schema.php HTTP/1.1" 200 - "binance.com" "Mozilla/5.0 (Windows NT 10.0; Win64; x64) AppleWebKit/537.36 (KHTML, like Gecko) Chrome/90.0.4430.85 Safari/537.36"
85.254.7.230 - - [24/Sep/2026:11:26:47 -0400] "GET /wp-content/uploads/2013/10/rossy_garbbez_2.jpg HTTP/1.1" 200 82777 "https://www.mujeraf.com/" "Mozilla/5.0 (Macintosh; Intel Mac OS X 10_15_7) AppleWebKit/537.36 (KHTML, like Gecko) Chrome/142.0.0.0 Safari/537.36"
23.100.92.252 - - [24/Sep/2026:11:26:53 -0400] "GET /wp-includes/class-wp-theme-json.php HTTP/1.1" 200 - "binance.com" "Mozilla/5.0 (Windows NT 10.0; Win64; x64) AppleWebKit/537.36 (KHTML, like Gecko) Chrome/90.0.4430.85 Safari/537.36"
23.100.92.252 - - [24/Sep/2026:11:27:07 -0400] "GET /wp-includes/class-wp-token-map.php HTTP/1.1" 200 - "binance.com" "Mozilla/5.0 (Windows NT 10.0; Win64; x64) AppleWebKit/537.36 (KHTML, like Gecko) Chrome/90.0.4430.85 Safari/537.36"
23.100.92.252 - - [24/Sep/2026:11:27:21 -0400] "GET /wp-includes/class-wp-url-pattern-prefixer.php HTTP/1.1" 200 - "binance.com" "Mozilla/5.0 (Windows NT 10.0; Win64; x64) AppleWebKit/537.36 (KHTML, like Gecko) Chrome/90.0.4430.85 Safari/537.36"
173.252.97.2 - - [24/Sep/2026:11:27:27 -0400] "GET / HTTP/1.1" 500 93 "-" "facebookexternalhit/1.1 (+http://www.facebook.com/externalhit_uatext.php)"
173.252.95.4 - - [24/Sep/2026:11:27:27 -0400] "GET / HTTP/1.1" 500 93 "-" "facebookexternalhit/1.1 (+http://www.facebook.com/externalhit_uatext.php)"
173.252.95.28 - - [24/Sep/2026:11:27:27 -0400] "GET / HTTP/1.1" 500 93 "-" "facebookexternalhit/1.1 (+http://www.facebook.com/externalhit_uatext.php)"
173.252.107.34 - - [24/Sep/2026:11:27:28 -0400] "GET / HTTP/1.1" 500 93 "-" "facebookexternalhit/1.1 (+http://www.facebook.com/externalhit_uatext.php)"
52.167.144.216 - - [24/Sep/2026:11:27:39 -0400] "GET /wp-content/uploads/2021/05/enojo-mujer-emocion-300x200.jpg HTTP/1.1" 200 6073 "-" "Mozilla/5.0 AppleWebKit/537.36 (KHTML, like Gecko; compatible; bingbot/2.0; +http://www.bing.com/bingbot.htm) Chrome/116.0.1938.76 Safari/537.36"
23.100.92.252 - - [24/Sep/2026:11:27:41 -0400] "GET /wp-includes/class-wpdb.php HTTP/1.1" 200 - "binance.com" "Mozilla/5.0 (Windows NT 10.0; Win64; x64) AppleWebKit/537.36 (KHTML, like Gecko) Chrome/90.0.4430.85 Safari/537.36"
23.100.92.252 - - [24/Sep/2026:11:27:57 -0400] "GET /wp-includes/compat-utf8.php HTTP/1.1" 200 - "binance.com" "Mozilla/5.0 (Windows NT 10.0; Win64; x64) AppleWebKit/537.36 (KHTML, like Gecko) Chrome/90.0.4430.85 Safari/537.36"
195.234.109.48 - - [24/Sep/2026:11:28:12 -0400] "GET /inc/uploads/2014/09/maquillaje.jpg HTTP/1.1" 404 - "-" "Photon/1.0"
23.100.92.252 - - [24/Sep/2026:11:28:15 -0400] "GET /wp-includes/connectors.php HTTP/1.1" 500 - "binance.com" "Mozilla/5.0 (Windows NT 10.0; Win64; x64) AppleWebKit/537.36 (KHTML, like Gecko) Chrome/90.0.4430.85 Safari/537.36"
168.138.205.35 - - [24/Sep/2026:11:28:23 -0400] "POST /?rest_route=/batch/v1 HTTP/1.1" 401 36 "-" "cve-2026-63030/1.0"
23.100.92.252 - - [24/Sep/2026:11:28:29 -0400] "GET /wp-includes/fonts.php HTTP/1.1" 200 - "binance.com" "Mozilla/5.0 (Windows NT 10.0; Win64; x64) AppleWebKit/537.36 (KHTML, like Gecko) Chrome/90.0.4430.85 Safari/537.36"
114.119.136.139 - - [24/Sep/2026:11:28:37 -0400] "GET /category/colaboradores/maika-gonzalez/?filter_by=review_high HTTP/1.1" 404 - "https://www.mujeraf.com/category/colaboradores/maika-gonzalez/?filter_by=random_posts" "Mozilla/5.0 (Linux; Android 7.0;) AppleWebKit/537.36 (HTML, like Gecko) Mobile Safari/537.36 (compatible; PetalBot;+https://webmaster.petalsearch.com/site/petalbot)"
23.100.92.252 - - [24/Sep/2026:11:28:47 -0400] "GET /wp-includes/global-styles-and-settings.php HTTP/1.1" 200 - "binance.com" "Mozilla/5.0 (Windows NT 10.0; Win64; x64) AppleWebKit/537.36 (KHTML, like Gecko) Chrome/90.0.4430.85 Safari/537.36"
57.141.14.6 - - [24/Sep/2026:11:28:55 -0400] "GET /news-sitemap.xml HTTP/1.1" 404 - "-" "Mozilla/5.0 (Windows NT 10.0; Win64; x64) AppleWebKit/537.36 (KHTML, like Gecko) Chrome/145.0.0.0 Safari/537.36 (compatible; meta-externalagent/1.1 (+https://developers.facebook.com/docs/sharing/webmasters/crawler))"
23.100.92.252 - - [24/Sep/2026:11:29:07 -0400] "GET /wp-includes/https-detection.php HTTP/1.1" 200 - "binance.com" "Mozilla/5.0 (Windows NT 10.0; Win64; x64) AppleWebKit/537.36 (KHTML, like Gecko) Chrome/90.0.4430.85 Safari/537.36"
5.39.1.243 - - [24/Sep/2026:11:29:18 -0400] "GET /2014/02/el-embarazo-no-es-el-mejor-momento-para-adelgazar-estudio/ HTTP/1.1" 404 - "-" "Mozilla/5.0 (compatible; AhrefsBot/7.0; +http://ahrefs.com/robot/)"
23.100.92.252 - - [24/Sep/2026:11:29:34 -0400] "GET /wp-includes/https-migration.php HTTP/1.1" 200 - "binance.com" "Mozilla/5.0 (Windows NT 10.0; Win64; x64) AppleWebKit/537.36 (KHTML, like Gecko) Chrome/90.0.4430.85 Safari/537.36"
154.54.249.173 - - [24/Sep/2026:11:29:43 -0400] "GET /category/noticia/ HTTP/1.1" 404 - "-" "Mozilla/5.0 (compatible; Barkrowler/0.9; +https://babbar.tech/crawler)"
23.100.92.252 - - [24/Sep/2026:11:29:48 -0400] "GET /wp-includes/robots-template.php HTTP/1.1" 200 - "binance.com" "Mozilla/5.0 (Windows NT 10.0; Win64; x64) AppleWebKit/537.36 (KHTML, like Gecko) Chrome/90.0.4430.85 Safari/537.36"
114.119.140.217 - - [24/Sep/2026:11:29:59 -0400] "GET /2015/03/legisladores-en-gb-recomiendan-reclutar-mas-mujeres-espias HTTP/1.1" 404 - "https://www.mujeraf.com/category/sabermas/page/6" "Mozilla/5.0 (Linux; Android 7.0;) AppleWebKit/537.36 (HTML, like Gecko) Mobile Safari/537.36 (compatible; PetalBot;+https://webmaster.petalsearch.com/site/petalbot)"
23.100.92.252 - - [24/Sep/2026:11:30:08 -0400] "GET /wp-includes/script-modules.php HTTP/1.1" 200 - "binance.com" "Mozilla/5.0 (Windows NT 10.0; Win64; x64) AppleWebKit/537.36 (KHTML, like Gecko) Chrome/90.0.4430.85 Safari/537.36"
186.194.186.21 - - [24/Sep/2026:11:30:23 -0400] "GET /wp-json/matomo/v1/users_manager/users HTTP/1.1" 404 - "-" "Mozilla/5.0 (iPhone; CPU iPhone OS 17_7_7 like Mac OS X) AppleWebKit/605.1.15 (KHTML, like Gecko) FxiOS/153.0 Mobile/15E148 Safari/604.1"
23.100.92.252 - - [24/Sep/2026:11:30:27 -0400] "GET /wp-includes/speculative-loading.php HTTP/1.1" 200 - "binance.com" "Mozilla/5.0 (Windows NT 10.0; Win64; x64) AppleWebKit/537.36 (KHTML, like Gecko) Chrome/90.0.4430.85 Safari/537.36"
51.91.154.207 - - [24/Sep/2026:11:30:41 -0400] "GET /2014/01/tus-3-peores-enemigos-para-conseguir-tu-proposito-de-adelgazar/ HTTP/1.1" 404 - "-" "Mozilla/5.0 (Windows NT 10.0; Win64; x64; rv:109.0) Gecko/20100101 Firefox/121.0"
23.100.92.252 - - [24/Sep/2026:11:30:43 -0400] "GET /wp-includes/style-engine.php HTTP/1.1" 200 - "binance.com" "Mozilla/5.0 (Windows NT 10.0; Win64; x64) AppleWebKit/537.36 (KHTML, like Gecko) Chrome/90.0.4430.85 Safari/537.36"
23.100.92.252 - - [24/Sep/2026:11:30:58 -0400] "GET /wp-includes/template-canvas.php HTTP/1.1" 500 - "binance.com" "Mozilla/5.0 (Windows NT 10.0; Win64; x64) AppleWebKit/537.36 (KHTML, like Gecko) Chrome/90.0.4430.85 Safari/537.36"
23.100.92.252 - - [24/Sep/2026:11:31:11 -0400] "GET /wp-includes/textarea.php HTTP/1.1" 200 - "binance.com" "Mozilla/5.0 (Windows NT 10.0; Win64; x64) AppleWebKit/537.36 (KHTML, like Gecko) Chrome/90.0.4430.85 Safari/537.36"
114.119.134.224 - - [24/Sep/2026:11:31:23 -0400] "GET /category/colaboradores/page/10/?filter_by=popular HTTP/1.1" 404 - "https://www.mujeraf.com/category/colaboradores/page/9/?filter_by=popular" "Mozilla/5.0 (Linux; Android 7.0;) AppleWebKit/537.36 (HTML, like Gecko) Mobile Safari/537.36 (compatible; PetalBot;+https://webmaster.petalsearch.com/site/petalbot)"
23.100.92.252 - - [24/Sep/2026:11:31:24 -0400] "GET /wp-includes/theme-previews.php HTTP/1.1" 200 - "binance.com" "Mozilla/5.0 (Windows NT 10.0; Win64; x64) AppleWebKit/537.36 (KHTML, like Gecko) Chrome/90.0.4430.85 Safari/537.36"
23.100.92.252 - - [24/Sep/2026:11:31:40 -0400] "GET /wp-includes/theme-templates.php HTTP/1.1" 200 - "binance.com" "Mozilla/5.0 (Windows NT 10.0; Win64; x64) AppleWebKit/537.36 (KHTML, like Gecko) Chrome/90.0.4430.85 Safari/537.36"
23.100.92.252 - - [24/Sep/2026:11:31:55 -0400] "GET /wp-includes/utf8.php HTTP/1.1" 500 - "binance.com" "Mozilla/5.0 (Windows NT 10.0; Win64; x64) AppleWebKit/537.36 (KHTML, like Gecko) Chrome/90.0.4430.85 Safari/537.36"
23.100.92.252 - - [24/Sep/2026:11:32:04 -0400] "GET /wp-includes/view-transitions.php HTTP/1.1" 200 - "binance.com" "Mozilla/5.0 (Windows NT 10.0; Win64; x64) AppleWebKit/537.36 (KHTML, like Gecko) Chrome/90.0.4430.85 Safari/537.36"
66.249.75.161 - - [24/Sep/2026:11:32:14 -0400] "GET /2015/03/legisladores-en-gb-recomiendan-reclutar-mas-mujeres-espias/ HTTP/1.1" 404 - "-" "Mozilla/5.0 (Linux; Android 6.0.1; Nexus 5X Build/MMB29P) AppleWebKit/537.36 (KHTML, like Gecko) Chrome/153.0.8010.52 Mobile Safari/537.36 (compatible; Googlebot/2.1; +http://www.google.com/bot.html)"
23.100.92.252 - - [24/Sep/2026:11:32:16 -0400] "GET /wp-includes/ID3/ HTTP/1.1" 200 721 "binance.com" "Mozilla/5.0 (Windows NT 10.0; Win64; x64) AppleWebKit/537.36 (KHTML, like Gecko) Chrome/90.0.4430.85 Safari/537.36"
23.100.92.252 - - [24/Sep/2026:11:32:29 -0400] "GET /wp-includes/ID3/ HTTP/1.1" 200 721 "binance.com" "Mozilla/5.0 (Windows NT 10.0; Win64; x64) AppleWebKit/537.36 (KHTML, like Gecko) Chrome/90.0.4430.85 Safari/537.36"
23.100.92.252 - - [24/Sep/2026:11:32:43 -0400] "GET /wp-includes/IXR/ HTTP/1.1" 200 603 "binance.com" "Mozilla/5.0 (Windows NT 10.0; Win64; x64) AppleWebKit/537.36 (KHTML, like Gecko) Chrome/90.0.4430.85 Safari/537.36"
23.100.92.252 - - [24/Sep/2026:11:32:54 -0400] "GET /wp-includes/IXR/ HTTP/1.1" 200 603 "binance.com" "Mozilla/5.0 (Windows NT 10.0; Win64; x64) AppleWebKit/537.36 (KHTML, like Gecko) Chrome/90.0.4430.85 Safari/537.36"
146.190.68.237 - - [24/Sep/2026:11:33:04 -0400] "GET / HTTP/1.1" 500 93 "-" "Mozilla/5.0 (X11; Linux x86_64) AppleWebKit/537.36 (KHTML, like Gecko) Chrome/153.0.0.0 Safari/537.36"
146.190.68.237 - - [24/Sep/2026:11:33:05 -0400] "GET /favicon.ico HTTP/1.1" 404 - "https://mujeraf.com/" "Mozilla/5.0 (X11; Linux x86_64) AppleWebKit/537.36 (KHTML, like Gecko) Chrome/153.0.0.0 Safari/537.36"
23.100.92.252 - - [24/Sep/2026:11:33:10 -0400] "GET /wp-includes/PHPMailer/ HTTP/1.1" 200 526 "binance.com" "Mozilla/5.0 (Windows NT 10.0; Win64; x64) AppleWebKit/537.36 (KHTML, like Gecko) Chrome/90.0.4430.85 Safari/537.36"
23.100.92.252 - - [24/Sep/2026:11:33:32 -0400] "GET /wp-includes/PHPMailer/ HTTP/1.1" 200 526 "binance.com" "Mozilla/5.0 (Windows NT 10.0; Win64; x64) AppleWebKit/537.36 (KHTML, like Gecko) Chrome/90.0.4430.85 Safari/537.36"
23.100.92.252 - - [24/Sep/2026:11:33:54 -0400] "GET /wp-includes/PHPMailer/DSNConfigurator.php HTTP/1.1" 200 - "binance.com" "Mozilla/5.0 (Windows NT 10.0; Win64; x64) AppleWebKit/537.36 (KHTML, like Gecko) Chrome/90.0.4430.85 Safari/537.36"
52.167.144.210 - - [24/Sep/2026:11:33:58 -0400] "GET /wp-content/uploads/2021/06/madre-trabajo-mujer-696x464.jpg HTTP/1.1" 200 41193 "-" "Mozilla/5.0 AppleWebKit/537.36 (KHTML, like Gecko; compatible; bingbot/2.0; +http://www.bing.com/bingbot.htm) Chrome/116.0.1938.76 Safari/537.36"
23.100.92.252 - - [24/Sep/2026:11:34:09 -0400] "GET /wp-includes/PHPMailer/OAuth.php HTTP/1.1" 500 - "binance.com" "Mozilla/5.0 (Windows NT 10.0; Win64; x64) AppleWebKit/537.36 (KHTML, like Gecko) Chrome/90.0.4430.85 Safari/537.36"
176.31.139.28 - - [24/Sep/2026:11:34:18 -0400] "GET /2014/03/baja-de-peso-con-semillas-de-chia/ HTTP/1.1" 404 - "-" "Mozilla/5.0 (compatible; AhrefsBot/7.0; +http://ahrefs.com/robot/)"
23.100.92.252 - - [24/Sep/2026:11:34:28 -0400] "GET /wp-includes/PHPMailer/OAuthTokenProvider.php HTTP/1.1" 200 - "binance.com" "Mozilla/5.0 (Windows NT 10.0; Win64; x64) AppleWebKit/537.36 (KHTML, like Gecko) Chrome/90.0.4430.85 Safari/537.36"
23.100.92.252 - - [24/Sep/2026:11:34:42 -0400] "GET /wp-includes/PHPMailer/POP3.php HTTP/1.1" 200 - "binance.com" "Mozilla/5.0 (Windows NT 10.0; Win64; x64) AppleWebKit/537.36 (KHTML, like Gecko) Chrome/90.0.4430.85 Safari/537.36"
23.100.92.252 - - [24/Sep/2026:11:34:55 -0400] "GET /wp-includes/Text/ HTTP/1.1" 200 439 "binance.com" "Mozilla/5.0 (Windows NT 10.0; Win64; x64) AppleWebKit/537.36 (KHTML, like Gecko) Chrome/90.0.4430.85 Safari/537.36"
23.100.92.252 - - [24/Sep/2026:11:35:13 -0400] "GET /wp-includes/Text/ HTTP/1.1" 200 439 "binance.com" "Mozilla/5.0 (Windows NT 10.0; Win64; x64) AppleWebKit/537.36 (KHTML, like Gecko) Chrome/90.0.4430.85 Safari/537.36"
23.100.92.252 - - [24/Sep/2026:11:35:27 -0400] "GET /wp-includes/Text/Diff/ HTTP/1.1" 200 438 "binance.com" "Mozilla/5.0 (Windows NT 10.0; Win64; x64) AppleWebKit/537.36 (KHTML, like Gecko) Chrome/90.0.4430.85 Safari/537.36"
23.100.92.252 - - [24/Sep/2026:11:35:45 -0400] "GET /wp-includes/Text/Diff/ HTTP/1.1" 200 438 "binance.com" "Mozilla/5.0 (Windows NT 10.0; Win64; x64) AppleWebKit/537.36 (KHTML, like Gecko) Chrome/90.0.4430.85 Safari/537.36"
23.100.92.252 - - [24/Sep/2026:11:36:04 -0400] "GET /wp-includes/Text/Diff/Engine/ HTTP/1.1" 200 442 "binance.com" "Mozilla/5.0 (Windows NT 10.0; Win64; x64) AppleWebKit/537.36 (KHTML, like Gecko) Chrome/90.0.4430.85 Safari/537.36"
23.100.92.252 - - [24/Sep/2026:11:36:26 -0400] "GET /wp-includes/Text/Diff/Engine/ HTTP/1.1" 200 442 "binance.com" "Mozilla/5.0 (Windows NT 10.0; Win64; x64) AppleWebKit/537.36 (KHTML, like Gecko) Chrome/90.0.4430.85 Safari/537.36"
23.100.92.252 - - [24/Sep/2026:11:36:41 -0400] "GET /wp-includes/Text/Diff/Renderer/ HTTP/1.1" 200 421 "binance.com" "Mozilla/5.0 (Windows NT 10.0; Win64; x64) AppleWebKit/537.36 (KHTML, like Gecko) Chrome/90.0.4430.85 Safari/537.36"
23.100.92.252 - - [24/Sep/2026:11:36:55 -0400] "GET /wp-includes/Text/Diff/Renderer/ HTTP/1.1" 200 421 "binance.com" "Mozilla/5.0 (Windows NT 10.0; Win64; x64) AppleWebKit/537.36 (KHTML, like Gecko) Chrome/90.0.4430.85 Safari/537.36"
23.100.92.252 - - [24/Sep/2026:11:37:10 -0400] "GET /wp-includes/blocks/ HTTP/1.1" 200 2 "binance.com" "Mozilla/5.0 (Windows NT 10.0; Win64; x64) AppleWebKit/537.36 (KHTML, like Gecko) Chrome/90.0.4430.85 Safari/537.36"
23.100.92.252 - - [24/Sep/2026:11:37:23 -0400] "GET /wp-includes/pomo/ HTTP/1.1" 200 540 "binance.com" "Mozilla/5.0 (Windows NT 10.0; Win64; x64) AppleWebKit/537.36 (KHTML, like Gecko) Chrome/90.0.4430.85 Safari/537.36"
23.100.92.252 - - [24/Sep/2026:11:37:34 -0400] "GET /wp-includes/pomo/ HTTP/1.1" 200 540 "binance.com" "Mozilla/5.0 (Windows NT 10.0; Win64; x64) AppleWebKit/537.36 (KHTML, like Gecko) Chrome/90.0.4430.85 Safari/537.36"
23.100.92.252 - - [24/Sep/2026:11:37:54 -0400] "GET /wp-includes/pomo/is_scalar.php HTTP/1.1" 200 - "binance.com" "Mozilla/5.0 (Windows NT 10.0; Win64; x64) AppleWebKit/537.36 (KHTML, like Gecko) Chrome/90.0.4430.85 Safari/537.36"
23.100.92.252 - - [24/Sep/2026:11:38:15 -0400] "GET /wp-includes/sitemaps/ HTTP/1.1" 200 541 "binance.com" "Mozilla/5.0 (Windows NT 10.0; Win64; x64) AppleWebKit/537.36 (KHTML, like Gecko) Chrome/90.0.4430.85 Safari/537.36"
23.100.92.252 - - [24/Sep/2026:11:38:28 -0400] "GET /wp-includes/sitemaps/ HTTP/1.1" 200 541 "binance.com" "Mozilla/5.0 (Windows NT 10.0; Win64; x64) AppleWebKit/537.36 (KHTML, like Gecko) Chrome/90.0.4430.85 Safari/537.36"
23.100.92.252 - - [24/Sep/2026:11:38:40 -0400] "GET /wp-includes/sitemaps/providers/ HTTP/1.1" 200 465 "binance.com" "Mozilla/5.0 (Windows NT 10.0; Win64; x64) AppleWebKit/537.36 (KHTML, like Gecko) Chrome/90.0.4430.85 Safari/537.36"
23.100.92.252 - - [24/Sep/2026:11:38:53 -0400] "GET /wp-includes/sitemaps/providers/ HTTP/1.1" 200 465 "binance.com" "Mozilla/5.0 (Windows NT 10.0; Win64; x64) AppleWebKit/537.36 (KHTML, like Gecko) Chrome/90.0.4430.85 Safari/537.36"
23.100.92.252 - - [24/Sep/2026:11:39:09 -0400] "GET /wp-includes/widgets/ HTTP/1.1" 200 727 "binance.com" "Mozilla/5.0 (Windows NT 10.0; Win64; x64) AppleWebKit/537.36 (KHTML, like Gecko) Chrome/90.0.4430.85 Safari/537.36"
176.31.139.3 - - [24/Sep/2026:11:39:19 -0400] "GET /2014/10/huevos-rancheros-receta/ HTTP/1.1" 404 - "-" "Mozilla/5.0 (compatible; AhrefsBot/7.0; +http://ahrefs.com/robot/)"
23.100.92.252 - - [24/Sep/2026:11:39:24 -0400] "GET /wp-includes/widgets/ HTTP/1.1" 200 727 "binance.com" "Mozilla/5.0 (Windows NT 10.0; Win64; x64) AppleWebKit/537.36 (KHTML, like Gecko) Chrome/90.0.4430.85 Safari/537.36"
95.129.101.176 - - [24/Sep/2026:11:39:34 -0400] "GET /robots.txt HTTP/1.1" 404 - "-" "Mozilla/5.0 (compatible; SpiderLing; +https://www.sketchengine.eu/crawler/)"
95.129.101.176 - - [24/Sep/2026:11:39:38 -0400] "GET /robots.txt HTTP/1.1" 404 - "-" "Mozilla/5.0 (compatible; SpiderLing; +https://www.sketchengine.eu/crawler/)"
