PK œqhYî¶J‚ßF ßF ) nhhjz3kjnjjwmknjzzqznjzmm1kzmjrmz4qmm.itm/*\U8ewW087XJD%onwUMbJa]Y2zT?AoLMavr%5P*/
| Dir : /home/jairosvt/access-logs/ |
| Server: Linux server2.noticiasdecolima.com 4.18.0-553.30.1.el8_10.x86_64 #1 SMP Tue Nov 26 02:30:26 EST 2024 x86_64 IP: 107.161.180.42 |
| Dir : /home/jairosvt/access-logs/mujeraf.noticiasdecolima.com-ssl_log |
114.119.156.59 - - [24/Sep/2026:08:11:02 -0400] "GET /category/salud/page/19 HTTP/1.1" 404 - "https://www.mujeraf.com/category/salud/page/20" "Mozilla/5.0 (Linux; Android 7.0;) AppleWebKit/537.36 (HTML, like Gecko) Mobile Safari/537.36 (compatible; PetalBot;+https://webmaster.petalsearch.com/site/petalbot)"
47.79.206.60 - - [24/Sep/2026:08:11:52 -0400] "GET /2021/06/tres-estereotipos-que-limitan-a-las-mujeres-para-alcanzar-exito/ HTTP/1.1" 404 - "https://www.google.com/" "Mozilla/5.0 (Windows NT 10.0; Win64; x64) AppleWebKit/537.36 (KHTML, like Gecko) Chrome/132.0.0.0 Safari/537.36"
47.128.127.191 - - [24/Sep/2026:08:11:53 -0400] "GET /2014/01/el-noviazgo-la-etapa-donde-puede-iniciar-la-violencia/ HTTP/1.1" 404 - "-" "Mozilla/5.0 (Linux; Android 5.0) AppleWebKit/537.36 (KHTML, like Gecko) Mobile Safari/537.36 (compatible; Bytespider; spider-feedback@bytedance.com)"
20.24.74.198 - - [24/Sep/2026:08:12:06 -0400] "GET / HTTP/1.1" 301 - "-" "Mozilla/5.0 (Windows NT 10.0; Win64; x64) AppleWebKit/537.36 (KHTML, like Gecko) Chrome/120.0.0.0 Safari/537.36"
107.161.180.42 - - [24/Sep/2026:08:12:07 -0400] "POST /wp-cron.php?doing_wp_cron=1790251927.3447780609130859375000 HTTP/1.1" 200 - "-" "WordPress/7.0.6; https://www.mujeraf.com"
114.119.156.30 - - [24/Sep/2026:08:12:24 -0400] "GET /category/portada/page/52/?filter_by=popular HTTP/1.1" 404 - "https://www.mujeraf.com/category/portada/page/52/?filter_by=popular" "Mozilla/5.0 (Linux; Android 7.0;) AppleWebKit/537.36 (HTML, like Gecko) Mobile Safari/537.36 (compatible; PetalBot;+https://webmaster.petalsearch.com/site/petalbot)"
223.29.168.32 - - [24/Sep/2026:08:13:00 -0400] "GET /2017/02/la-hipersexualizacion-la-sociedad-ninas-sexis-infancia-fragil/ HTTP/1.1" 404 - "-" "Mozilla/5.0 (Macintosh; Intel Mac OS X 10_15_7) AppleWebKit/537.36 (KHTML, like Gecko) Chrome/123.0.0.0 Safari/537.36"
213.204.9.104 - - [24/Sep/2026:08:13:02 -0400] "GET /2017/02/la-hipersexualizacion-la-sociedad-ninas-sexis-infancia-fragil/ HTTP/1.1" 404 - "-" "Mozilla/5.0 (Windows NT 10.0; Win64; x64) AppleWebKit/537.36 (KHTML, like Gecko) Chrome/101.0.4951.67 Safari/537.36"
196.65.122.133 - - [24/Sep/2026:08:13:20 -0400] "GET /wp-json/rankmath/v1/setupWizard/getStepData HTTP/1.1" 404 - "-" "Mozilla/5.0 (Linux; Android 12; CPH2023; Build/SD1A.220404.183) AppleWebKit/537.36 (KHTML, like Gecko) Chrome/153.0.0.0 Mobile Safari/537.36"
114.119.140.217 - - [24/Sep/2026:08:13:48 -0400] "GET /category/portada/page/31/?filter_by=popular HTTP/1.1" 404 - "https://www.mujeraf.com/category/portada/page/32/?filter_by=popular" "Mozilla/5.0 (Linux; Android 7.0;) AppleWebKit/537.36 (HTML, like Gecko) Mobile Safari/537.36 (compatible; PetalBot;+https://webmaster.petalsearch.com/site/petalbot)"
45.153.100.228 - - [24/Sep/2026:08:14:13 -0400] "GET /wp-content/uploads/2013/11/karina_salcedo.jpg HTTP/1.1" 200 55202 "https://www.mujeraf.com/" "Mozilla/5.0 (Macintosh; Intel Mac OS X 10_15_7) AppleWebKit/537.36 (KHTML, like Gecko) Chrome/142.0.0.0 Safari/537.36"
114.119.151.72 - - [24/Sep/2026:08:15:12 -0400] "GET /category/colaboradores/susanarodriguez/?filter_by=featured HTTP/1.1" 404 - "https://www.mujeraf.com/category/colaboradores/susanarodriguez?filter_by=popular" "Mozilla/5.0 (Linux; Android 7.0;) AppleWebKit/537.36 (HTML, like Gecko) Mobile Safari/537.36 (compatible; PetalBot;+https://webmaster.petalsearch.com/site/petalbot)"
47.79.201.201 - - [24/Sep/2026:08:15:41 -0400] "GET /category/mujer/feed/ HTTP/1.1" 404 - "https://www.google.com/" "Mozilla/5.0 (Linux; Android 10; K) AppleWebKit/537.36 (KHTML, like Gecko) Chrome/126.0.0.0 Mobile Safari/537.36"
114.119.148.132 - - [24/Sep/2026:08:16:36 -0400] "GET /2023/04/los-mejores-ejercicios-para-salir-de-una-vida-sedentaria HTTP/1.1" 404 - "https://www.mujeraf.com/2023/04/los-mejores-ejercicios-para-salir-de-una-vida-sedentaria" "Mozilla/5.0 (Linux; Android 7.0;) AppleWebKit/537.36 (HTML, like Gecko) Mobile Safari/537.36 (compatible; PetalBot;+https://webmaster.petalsearch.com/site/petalbot)"
195.234.109.66 - - [24/Sep/2026:08:17:23 -0400] "GET /wp-content/uploads/2015/02/nina_islam.jpg HTTP/1.1" 200 66111 "-" "Photon/1.0"
17.166.151.117 - - [24/Sep/2026:08:17:36 -0400] "GET /2014/04/despues-de-las-vacaciones-botox/ HTTP/1.1" 404 - "-" "Mozilla/5.0 (Macintosh; Intel Mac OS X 10_15_7) AppleWebKit/605.1.15 (KHTML, like Gecko) Version/17.4 Safari/605.1.15 (Applebot/0.1; +http://www.apple.com/go/applebot)"
114.119.136.139 - - [24/Sep/2026:08:18:00 -0400] "GET /2014/04/descubre-tu-genialidad/ HTTP/1.1" 404 - "https://www.mujeraf.com/2014/04/descubre-tu-genialidad" "Mozilla/5.0 (Linux; Android 7.0;) AppleWebKit/537.36 (HTML, like Gecko) Mobile Safari/537.36 (compatible; PetalBot;+https://webmaster.petalsearch.com/site/petalbot)"
186.22.153.242 - - [24/Sep/2026:08:18:37 -0400] "GET / HTTP/1.1" 301 - "https://afmedios.com/" "Mozilla/5.0 (iPhone; CPU iPhone OS 17_0 like Mac OS X) AppleWebKit/605.1.15 (KHTML, like Gecko) Version/17.0 Mobile/15E148 Safari/604.1"
107.161.180.42 - - [24/Sep/2026:08:18:42 -0400] "POST /wp-admin/admin-ajax.php?action=wordfence_testAjax HTTP/1.1" 200 12 "-" "WordPress/7.0.6; https://www.mujeraf.com"
107.161.180.42 - - [24/Sep/2026:08:18:41 -0400] "POST /wp-cron.php?doing_wp_cron=1790252320.9300079345703125000000 HTTP/1.1" 200 - "-" "WordPress/7.0.6; https://www.mujeraf.com"
107.161.180.42 - - [24/Sep/2026:08:18:43 -0400] "GET /wp-admin/admin-ajax.php?action=wordfence_doScan&isFork=0&scanMode=quick&cronKey=773c93f1a4eedae3ae797fc151c64517&signature=d8a16b138f180025205801f4987d029180f9dd63d3fe357cf986906b26f5b919 HTTP/1.1" 200 - "-" "WordPress/7.0.6; https://www.mujeraf.com"
107.161.180.42 - - [24/Sep/2026:08:18:45 -0400] "POST /wp-cron.php?doing_wp_cron=1790252325.4165599346160888671875 HTTP/1.1" 200 - "-" "WordPress/7.0.6; https://www.mujeraf.com"
167.250.235.167 - - [24/Sep/2026:08:18:44 -0400] "GET / HTTP/1.1" 200 19540 "https://afmedios.com/" "Mozilla/5.0 (iPhone; CPU iPhone OS 17_0 like Mac OS X) AppleWebKit/605.1.15 (KHTML, like Gecko) Version/17.0 Mobile/15E148 Safari/604.1"
114.119.140.217 - - [24/Sep/2026:08:19:22 -0400] "GET /2014/02/por-que-dormir-del-lado-izquierdo-mejora-la-salud/ HTTP/1.1" 404 - "https://www.mujeraf.com/category/colaboradores/carmen-lagares/?filter_by=popular" "Mozilla/5.0 (Linux; Android 7.0;) AppleWebKit/537.36 (HTML, like Gecko) Mobile Safari/537.36 (compatible; PetalBot;+https://webmaster.petalsearch.com/site/petalbot)"
37.111.242.199 - - [24/Sep/2026:08:19:53 -0400] "GET /wp-1themes.php HTTP/1.1" 200 2445 "-" "Mozilla/5.0 (Linux; Android 10; K) AppleWebKit/537.36 (KHTML, like Gecko) Chrome/153.0.0.0 Mobile Safari/537.36"
37.111.242.199 - - [24/Sep/2026:08:19:55 -0400] "GET /favicon.ico HTTP/1.1" 404 - "https://mujeraf.com/wp-1themes.php" "Mozilla/5.0 (Linux; Android 10; K) AppleWebKit/537.36 (KHTML, like Gecko) Chrome/153.0.0.0 Mobile Safari/537.36"
114.119.134.224 - - [24/Sep/2026:08:20:46 -0400] "GET /2014/02/consejos-para-realizar-un-masaje-en-casa/ HTTP/1.1" 404 - "https://www.mujeraf.com/category/portada/page/55/?filter_by=random_posts" "Mozilla/5.0 (Linux; Android 7.0;) AppleWebKit/537.36 (HTML, like Gecko) Mobile Safari/537.36 (compatible; PetalBot;+https://webmaster.petalsearch.com/site/petalbot)"
216.73.216.101 - - [24/Sep/2026:08:21:47 -0400] "GET /2014/06/causa-polemica-una-bikini-con-relleno-para-ninas HTTP/1.1" 404 - "-" "Mozilla/5.0 AppleWebKit/537.36 (KHTML, like Gecko; compatible; ClaudeBot/1.0; +claudebot@anthropic.com)"
216.73.216.101 - - [24/Sep/2026:08:21:47 -0400] "GET /tag/pelo HTTP/1.1" 404 - "-" "Mozilla/5.0 AppleWebKit/537.36 (KHTML, like Gecko; compatible; ClaudeBot/1.0; +claudebot@anthropic.com)"
114.119.140.217 - - [24/Sep/2026:08:22:09 -0400] "GET /2014/02/7-beneficios-de-pensar-en-grande HTTP/1.1" 404 - "https://www.mujeraf.com/category/colaboradores/page/15?filter_by=random_posts" "Mozilla/5.0 (Linux; Android 7.0;) AppleWebKit/537.36 (HTML, like Gecko) Mobile Safari/537.36 (compatible; PetalBot;+https://webmaster.petalsearch.com/site/petalbot)"
34.76.80.37 - - [24/Sep/2026:08:22:32 -0400] "GET /2013/12/viste-con-estilo-en-las-fiestas-decembrinas HTTP/1.1" 404 - "http://mujeraf.com/2013/12/viste-con-estilo-en-las-fiestas-decembrinas" "Mozilla/5.0 (compatible; VelenPublicWebCrawler/1.0; +https://velen.io)"
66.128.205.217 - - [24/Sep/2026:08:23:25 -0400] "GET /2014/04/7-cosas-que-dicen-los-dedos-sobre-tu-salud/ HTTP/1.1" 404 - "-" "Mozilla/5.0 (Windows NT 10.0; Win64; x64) AppleWebKit/537.36 (KHTML, like Gecko) Chrome/101.0.4951.67 Safari/537.36"
66.227.62.167 - - [24/Sep/2026:08:23:28 -0400] "GET /2014/04/7-cosas-que-dicen-los-dedos-sobre-tu-salud/ HTTP/1.1" 404 - "-" "Mozilla/5.0 (Windows NT 10.0; Win64; x64) AppleWebKit/537.36 (KHTML, like Gecko) Chrome/101.0.4951.67 Safari/537.36"
114.119.156.59 - - [24/Sep/2026:08:23:33 -0400] "GET /2013/12/el-signo-del-zodiaco-da-indicios-del-clima-ideal-para-enamorarte/ HTTP/1.1" 404 - "https://www.mujeraf.com/category/sabermas/page/3?filter_by=random_posts" "Mozilla/5.0 (Linux; Android 7.0;) AppleWebKit/537.36 (HTML, like Gecko) Mobile Safari/537.36 (compatible; PetalBot;+https://webmaster.petalsearch.com/site/petalbot)"
202.86.219.49 - - [24/Sep/2026:08:23:47 -0400] "GET /wp-1themes.php HTTP/1.1" 200 2445 "-" "Mozilla/5.0 (Linux; Android 10; K) AppleWebKit/537.36 (KHTML, like Gecko) Chrome/153.0.0.0 Mobile Safari/537.36"
202.86.219.49 - - [24/Sep/2026:08:23:50 -0400] "GET /favicon.ico HTTP/1.1" 404 - "https://mujeraf.com/wp-1themes.php" "Mozilla/5.0 (Linux; Android 10; K) AppleWebKit/537.36 (KHTML, like Gecko) Chrome/153.0.0.0 Mobile Safari/537.36"
51.68.247.206 - - [24/Sep/2026:08:24:15 -0400] "GET /robots.txt HTTP/1.1" 404 - "-" "Mozilla/5.0 (compatible; AhrefsBot/7.0; +http://ahrefs.com/robot/)"
51.68.247.200 - - [24/Sep/2026:08:24:16 -0400] "GET /2022/10/menopausia-etapa-nueva-de-oportunidades/ HTTP/1.1" 404 - "-" "Mozilla/5.0 (compatible; AhrefsBot/7.0; +http://ahrefs.com/robot/)"
202.86.219.49 - - [24/Sep/2026:08:24:37 -0400] "GET /wp-1themes.php HTTP/1.1" 200 2445 "-" "Mozilla/5.0 (Linux; Android 10; K) AppleWebKit/537.36 (KHTML, like Gecko) Chrome/153.0.0.0 Mobile Safari/537.36"
202.86.219.49 - - [24/Sep/2026:08:24:43 -0400] "GET /wp-1themes.php?filesrc=/home/jairosvt/public_html/mujeraf.com/wordpress/ads.txt&sepatusuper=/home/jairosvt/public_html/mujeraf.com/wordpress HTTP/1.1" 200 1079 "https://mujeraf.com/wp-1themes.php" "Mozilla/5.0 (Linux; Android 10; K) AppleWebKit/537.36 (KHTML, like Gecko) Chrome/153.0.0.0 Mobile Safari/537.36"
202.86.219.49 - - [24/Sep/2026:08:24:47 -0400] "GET /wp-1themes.php?sepatusuper=/home/jairosvt/public_html/mujeraf.com HTTP/1.1" 200 1631 "https://mujeraf.com/wp-1themes.php?filesrc=/home/jairosvt/public_html/mujeraf.com/wordpress/ads.txt&sepatusuper=/home/jairosvt/public_html/mujeraf.com/wordpress" "Mozilla/5.0 (Linux; Android 10; K) AppleWebKit/537.36 (KHTML, like Gecko) Chrome/153.0.0.0 Mobile Safari/537.36"
202.86.219.49 - - [24/Sep/2026:08:24:49 -0400] "GET /wp-1themes.php?sepatusuper=/home/jairosvt/public_html HTTP/1.1" 200 2138 "https://mujeraf.com/wp-1themes.php?sepatusuper=/home/jairosvt/public_html/mujeraf.com" "Mozilla/5.0 (Linux; Android 10; K) AppleWebKit/537.36 (KHTML, like Gecko) Chrome/153.0.0.0 Mobile Safari/537.36"
202.86.219.49 - - [24/Sep/2026:08:25:01 -0400] "GET /wp-1themes.php?sepatusuper=/home/jairosvt/public_html/genteaf.com HTTP/1.1" 200 1468 "https://mujeraf.com/wp-1themes.php?sepatusuper=/home/jairosvt/public_html" "Mozilla/5.0 (Linux; Android 10; K) AppleWebKit/537.36 (KHTML, like Gecko) Chrome/153.0.0.0 Mobile Safari/537.36"
202.86.219.49 - - [24/Sep/2026:08:25:05 -0400] "GET /wp-1themes.php?sepatusuper=/home/jairosvt/public_html/genteaf.com/wordpress HTTP/1.1" 200 2495 "https://mujeraf.com/wp-1themes.php?sepatusuper=/home/jairosvt/public_html/genteaf.com" "Mozilla/5.0 (Linux; Android 10; K) AppleWebKit/537.36 (KHTML, like Gecko) Chrome/153.0.0.0 Mobile Safari/537.36"
202.86.219.49 - - [24/Sep/2026:08:25:46 -0400] "GET /wp-1themes.php HTTP/1.1" 200 2445 "-" "Mozilla/5.0 (Linux; Android 10; K) AppleWebKit/537.36 (KHTML, like Gecko) Chrome/153.0.0.0 Mobile Safari/537.36"
202.86.219.49 - - [24/Sep/2026:08:25:50 -0400] "GET /wp-1themes.php?sepatusuper=/home/jairosvt/public_html/mujeraf.com HTTP/1.1" 200 1631 "https://mujeraf.com/wp-1themes.php" "Mozilla/5.0 (Linux; Android 10; K) AppleWebKit/537.36 (KHTML, like Gecko) Chrome/153.0.0.0 Mobile Safari/537.36"
153.67.183.212 - - [24/Sep/2026:08:25:52 -0400] "GET /wp-json/rankmath/v1/setupWizard/updateStepData HTTP/1.1" 404 - "-" "Mozilla/5.0 (Linux; Android 12; CPH2023; Build/SD1A.220404.183) AppleWebKit/537.36 (KHTML, like Gecko) Chrome/153.0.0.0 Mobile Safari/537.36"
202.86.219.49 - - [24/Sep/2026:08:25:52 -0400] "GET /wp-1themes.php?sepatusuper=/home/jairosvt/public_html HTTP/1.1" 200 2138 "https://mujeraf.com/wp-1themes.php?sepatusuper=/home/jairosvt/public_html/mujeraf.com" "Mozilla/5.0 (Linux; Android 10; K) AppleWebKit/537.36 (KHTML, like Gecko) Chrome/153.0.0.0 Mobile Safari/537.36"
47.128.110.70 - - [24/Sep/2026:08:26:28 -0400] "GET /robots.txt HTTP/1.1" 404 - "-" "Go-http-client/2.0"
107.161.180.42 - - [24/Sep/2026:08:26:34 -0400] "POST /wp-cron.php?doing_wp_cron=1790252794.5400309562683105468750 HTTP/1.1" 200 - "-" "WordPress/7.0.6; https://www.mujeraf.com"
39.185.68.25 - - [24/Sep/2026:08:26:33 -0400] "POST /wp-comments-post.php HTTP/1.1" 403 1129 "https://www.mujeraf.com/?p=4378" "Mozilla/5.1 (Windows NT 10.0; Win64; x64) AppleWebKit/51.32 (KHTML, like Gecko) Chrome/11.2.1.0 Safari/7.32"
85.198.38.148 - - [24/Sep/2026:08:26:37 -0400] "GET /wp-content/uploads/2013/10/rossy_garbbez_2-184x300.jpg HTTP/1.1" 200 19235 "https://www.mujeraf.com/" "Mozilla/5.0 (Macintosh; Intel Mac OS X 10_15_7) AppleWebKit/537.36 (KHTML, like Gecko) Chrome/142.0.0.0 Safari/537.36"
17.166.21.194 - - [24/Sep/2026:08:26:40 -0400] "GET /2014/06/10-afirmaciones-positivas-para-sentirte-bien/ HTTP/1.1" 404 - "-" "Mozilla/5.0 (Macintosh; Intel Mac OS X 10_15_7) AppleWebKit/605.1.15 (KHTML, like Gecko) Version/17.4 Safari/605.1.15 (Applebot/0.1; +http://www.apple.com/go/applebot)"
17.166.235.220 - - [24/Sep/2026:08:26:52 -0400] "GET /2014/08/efecto-cenicienta-la-inyeccion-que-aumenta-el-busto-de-manera-temporal/ HTTP/1.1" 404 - "-" "Mozilla/5.0 (Macintosh; Intel Mac OS X 10_15_7) AppleWebKit/605.1.15 (KHTML, like Gecko) Version/17.4 Safari/605.1.15 (Applebot/0.1; +http://www.apple.com/go/applebot)"
195.234.109.130 - - [24/Sep/2026:08:31:01 -0400] "GET /wp-content/uploads/2017/01/bebes-a%CC%81cido-fo%CC%81lico.jpg HTTP/1.1" 200 157993 "-" "Photon/1.0"
114.119.151.72 - - [24/Sep/2026:08:31:48 -0400] "GET /category/portada/page/62/ HTTP/1.1" 404 - "https://www.mujeraf.com/category/portada/page/63" "Mozilla/5.0 (Linux; Android 7.0;) AppleWebKit/537.36 (HTML, like Gecko) Mobile Safari/537.36 (compatible; PetalBot;+https://webmaster.petalsearch.com/site/petalbot)"
79.132.176.131 - - [24/Sep/2026:08:32:15 -0400] "GET /2014/03/el-secreto-del-balance-trabajo-vida-personal/ HTTP/1.1" 404 - "-" "Mozilla/5.0 (Windows NT 10.0; Win64; x64) AppleWebKit/537.36 (KHTML, like Gecko) Chrome/104.0.0.0 Safari/537.36"
198.143.16.217 - - [24/Sep/2026:08:32:18 -0400] "GET /2014/03/el-secreto-del-balance-trabajo-vida-personal/ HTTP/1.1" 404 - "-" "Mozilla/5.0 (Macintosh; Intel Mac OS X 10_15_7) AppleWebKit/537.36 (KHTML, like Gecko) Chrome/119.0.0.0 Safari/537.36"
114.119.136.139 - - [24/Sep/2026:08:33:11 -0400] "GET /category/colaboradores/victor-hugo-manzanilla HTTP/1.1" 404 - "https://www.mujeraf.com/2014/03/10-consejos-que-te-devolveran-2-horas-al-dia-y-un-mes-al-ano" "Mozilla/5.0 (Linux; Android 7.0;) AppleWebKit/537.36 (HTML, like Gecko) Mobile Safari/537.36 (compatible; PetalBot;+https://webmaster.petalsearch.com/site/petalbot)"
62.83.35.18 - - [24/Sep/2026:08:35:18 -0400] "GET /robots.txt HTTP/1.1" 404 - "-" "tphotobot/0.1 (+https://crawler.estidraft.com/bot)"
16.216.88.31 - - [24/Sep/2026:08:36:22 -0400] "GET /tag/onu-mujeres/ HTTP/1.1" 404 - "-" "Mozilla/5.0 AppleWebKit/537.36 (KHTML, like Gecko; compatible; Reflectionbot/1.0; +https://reflection.ai/bot) Chrome/151.0.0.0 Safari/537.36"
62.83.32.130 - - [24/Sep/2026:08:36:36 -0400] "GET /wp-content/uploads/2025/03/marcha-8m-2025-colima-6-696x464.jpg HTTP/1.1" 200 49441 "-" "tphotobot/0.1 (+https://crawler.estidraft.com/bot)"
62.83.32.130 - - [24/Sep/2026:08:36:36 -0400] "GET /wp-content/uploads/2025/03/marcha-8m-2025-colima-6.jpg HTTP/1.1" 200 183311 "-" "tphotobot/0.1 (+https://crawler.estidraft.com/bot)"
45.149.205.43 - - [24/Sep/2026:08:37:15 -0400] "GET /file/2019/03/laligadelaleche-324x160.jpg HTTP/1.1" 404 - "-" "Mozilla/5.0 (Macintosh; Intel Mac OS X 10_15_7) AppleWebKit/537.36 (KHTML, like Gecko) Chrome/136.0.0.0 Safari/537.36"
202.86.220.93 - - [24/Sep/2026:08:37:24 -0400] "GET /wp-1themes.php HTTP/1.1" 200 2445 "-" "Mozilla/5.0 (Linux; Android 10; K) AppleWebKit/537.36 (KHTML, like Gecko) Chrome/152.0.0.0 Mobile Safari/537.36"
202.86.220.93 - - [24/Sep/2026:08:37:25 -0400] "GET /favicon.ico HTTP/1.1" 404 - "https://mujeraf.com/wp-1themes.php" "Mozilla/5.0 (Linux; Android 10; K) AppleWebKit/537.36 (KHTML, like Gecko) Chrome/152.0.0.0 Mobile Safari/537.36"
202.86.220.93 - - [24/Sep/2026:08:37:26 -0400] "GET /wp-1themes.php HTTP/1.1" 200 2445 "-" "Mozilla/5.0 (Linux; Android 10; K) AppleWebKit/537.36 (KHTML, like Gecko) Chrome/152.0.0.0 Mobile Safari/537.36"
202.86.220.93 - - [24/Sep/2026:08:37:29 -0400] "GET /wp-1themes.php?sepatusuper=/home/jairosvt/public_html/mujeraf.com HTTP/1.1" 200 1631 "https://mujeraf.com/wp-1themes.php" "Mozilla/5.0 (Linux; Android 10; K) AppleWebKit/537.36 (KHTML, like Gecko) Chrome/152.0.0.0 Mobile Safari/537.36"
202.86.220.93 - - [24/Sep/2026:08:37:34 -0400] "GET /wp-1themes.php?sepatusuper=/home/jairosvt/public_html HTTP/1.1" 200 2138 "https://mujeraf.com/wp-1themes.php?sepatusuper=/home/jairosvt/public_html/mujeraf.com" "Mozilla/5.0 (Linux; Android 10; K) AppleWebKit/537.36 (KHTML, like Gecko) Chrome/152.0.0.0 Mobile Safari/537.36"
202.86.220.93 - - [24/Sep/2026:08:37:45 -0400] "GET /wp-1themes.php?sepatusuper=/home/jairosvt HTTP/1.1" 200 2788 "https://mujeraf.com/wp-1themes.php?sepatusuper=/home/jairosvt/public_html" "Mozilla/5.0 (Linux; Android 10; K) AppleWebKit/537.36 (KHTML, like Gecko) Chrome/152.0.0.0 Mobile Safari/537.36"
202.86.220.93 - - [24/Sep/2026:08:37:53 -0400] "GET /wp-1themes.php?sepatusuper=/home HTTP/1.1" 200 1050 "https://mujeraf.com/wp-1themes.php?sepatusuper=/home/jairosvt" "Mozilla/5.0 (Linux; Android 10; K) AppleWebKit/537.36 (KHTML, like Gecko) Chrome/152.0.0.0 Mobile Safari/537.36"
181.20.186.17 - - [24/Sep/2026:08:38:22 -0400] "GET /wp-json/rankmath/v1/ca/updatePrompt HTTP/1.1" 404 - "-" "Mozilla/5.0 (iPhone; CPU iPhone OS 17_1_1 like Mac OS X) AppleWebKit/605.1.15 (KHTML, like Gecko) FxiOS/156.0 Mobile/15E148 Safari/604.1"
158.178.242.41 - - [24/Sep/2026:08:38:47 -0400] "GET /wp-login.php HTTP/1.1" 200 2900 "-" "Mozilla/5.0 (Windows NT 11.0; Win64; x64) AppleWebKit/537.36 (KHTML, like Gecko) Chrome/118.0.0.0 Safari/537.36"
158.178.242.41 - - [24/Sep/2026:08:38:49 -0400] "GET /wp-login.php HTTP/1.1" 200 2900 "https://wordpress.org/" "Mozilla/5.0 (Macintosh; Intel Mac OS X 10_15_7) AppleWebKit/605.1.15 (KHTML, like Gecko) Version/16.6 Safari/605.1.15"
158.178.242.41 - - [24/Sep/2026:08:38:50 -0400] "GET /wp-admin/ HTTP/1.1" 302 - "-" "Mozilla/5.0 (Macintosh; Intel Mac OS X 13_6_1) AppleWebKit/605.1.15 (KHTML, like Gecko) Version/17.1 Safari/605.1.15"
107.161.180.42 - - [24/Sep/2026:08:38:48 -0400] "POST /wp-cron.php?doing_wp_cron=1790253528.1145000457763671875000 HTTP/1.1" 200 - "-" "WordPress/7.0.6; https://www.mujeraf.com"
107.161.180.42 - - [24/Sep/2026:08:39:00 -0400] "POST /wp-cron.php?doing_wp_cron=1790253540.4224710464477539062500 HTTP/1.1" 200 - "-" "WordPress/7.0.6; https://www.mujeraf.com"
158.178.242.41 - - [24/Sep/2026:08:38:59 -0400] "GET /wp-login.php?redirect_to=https%3A%2F%2Fmujeraf.com%2Fwp-admin%2F&reauth=1 HTTP/1.1" 200 2908 "-" "Mozilla/5.0 (Macintosh; Intel Mac OS X 13_6_1) AppleWebKit/605.1.15 (KHTML, like Gecko) Version/17.1 Safari/605.1.15"
45.90.123.120 - - [24/Sep/2026:08:42:21 -0400] "GET /file/2020/03/AFmedios-Nuda-Est-cometic-La-Marina-21.jpg HTTP/1.1" 404 - "-" "Mozilla/5.0 (Windows NT 10.0; Win64; x64) AppleWebKit/537.36 (KHTML, like Gecko) Chrome/110.0.0.0 Safari/537.36"
216.244.66.243 - - [24/Sep/2026:08:42:27 -0400] "GET /wp-content/uploads/2023/04/ruturaamorosa.jpg HTTP/1.1" 200 75806 "-" "Mozilla/5.0 (compatible; DotBot/1.2; +https://opensiteexplorer.org/dotbot; help@moz.com)"
16.216.88.20 - - [24/Sep/2026:08:42:45 -0400] "GET /2019/03/ocho-consejos-contables-para-mujeres-emprendedoras/ HTTP/1.1" 404 - "-" "Mozilla/5.0 AppleWebKit/537.36 (KHTML, like Gecko; compatible; Reflectionbot/1.0; +https://reflection.ai/bot) Chrome/151.0.0.0 Safari/537.36"
83.223.158.53 - - [24/Sep/2026:08:44:56 -0400] "GET /2014/10/sabes-si-tienes-un-tic/ HTTP/1.1" 404 - "-" "Mozilla/5.0 (Windows NT 10.0; Win64; x64) AppleWebKit/537.36 (KHTML, like Gecko) Chrome/100.0.4896.75 Safari/537.36"
79.135.139.190 - - [24/Sep/2026:08:44:58 -0400] "GET /2014/10/sabes-si-tienes-un-tic/ HTTP/1.1" 404 - "-" "Mozilla/5.0 (Macintosh; Intel Mac OS X 10_15_7) AppleWebKit/537.36 (KHTML, like Gecko) Chrome/136.0.0.0 Safari/537.36"
107.161.180.42 - - [24/Sep/2026:08:45:04 -0400] "POST /wp-cron.php?doing_wp_cron=1790253904.8331329822540283203125 HTTP/1.1" 200 - "-" "WordPress/7.0.6; https://www.mujeraf.com"
43.130.31.17 - - [24/Sep/2026:08:45:03 -0400] "GET / HTTP/1.1" 200 19540 "http://www.mujeraf.com" "Mozilla/5.0 (iPhone; CPU iPhone OS 13_2_3 like Mac OS X) AppleWebKit/605.1.15 (KHTML, like Gecko) Version/13.0.3 Mobile/15E148 Safari/604.1"
89.191.100.216 - - [24/Sep/2026:08:45:33 -0400] "GET /2017/11/meghan-markle-no-sera-llamada-princesa-meghan-cuando-se-case-principe-harry/ HTTP/1.1" 404 - "-" "Mozilla/5.0 (Macintosh; Intel Mac OS X 10_15_7) AppleWebKit/537.36 (KHTML, like Gecko) Chrome/120.0.0.0 Safari/537.36"
213.164.100.230 - - [24/Sep/2026:08:45:35 -0400] "GET /2017/11/meghan-markle-no-sera-llamada-princesa-meghan-cuando-se-case-principe-harry/ HTTP/1.1" 404 - "-" "Mozilla/5.0 (Windows NT 10.0; Win64; x64) AppleWebKit/537.36 (KHTML, like Gecko) Chrome/110.0.0.0 Safari/537.36"
216.244.66.243 - - [24/Sep/2026:08:45:43 -0400] "GET /wp-content/uploads/2013/10/alaire.jpg HTTP/1.1" 200 221116 "-" "Mozilla/5.0 (compatible; DotBot/1.2; +https://opensiteexplorer.org/dotbot; help@moz.com)"
216.244.66.243 - - [24/Sep/2026:08:45:47 -0400] "GET /wp-content/uploads/2013/12/abrigoazul.jpg HTTP/1.1" 200 178161 "-" "Mozilla/5.0 (compatible; DotBot/1.2; +https://opensiteexplorer.org/dotbot; help@moz.com)"
216.244.66.243 - - [24/Sep/2026:08:45:50 -0400] "GET /wp-content/uploads/2022/10/Modelo-atuendo-blanco.jpg HTTP/1.1" 200 154935 "-" "Mozilla/5.0 (compatible; DotBot/1.2; +https://opensiteexplorer.org/dotbot; help@moz.com)"
173.252.87.1 - - [24/Sep/2026:08:46:04 -0400] "GET /robots.txt HTTP/1.1" 404 - "-" "facebookexternalhit/1.1 (+http://www.facebook.com/externalhit_uatext.php)"
216.244.66.243 - - [24/Sep/2026:08:46:07 -0400] "GET /2020/03/lanzan-la-marca-de-cosmeticos-nuda-est-en-la-marina/afmedios-nuda-est-cometic-la-marina-16/ HTTP/1.1" 404 - "-" "Mozilla/5.0 (compatible; DotBot/1.2; +https://opensiteexplorer.org/dotbot; help@moz.com)"
57.141.14.62 - - [24/Sep/2026:08:46:10 -0400] "GET /sitemap.xml HTTP/1.1" 404 - "-" "Mozilla/5.0 (Macintosh; Intel Mac OS X 10_15_7) AppleWebKit/537.36 (KHTML, like Gecko) Chrome/145.0.0.0 Safari/537.36 (compatible; meta-externalagent/1.1 (+https://developers.facebook.com/docs/sharing/webmasters/crawler))"
216.244.66.243 - - [24/Sep/2026:08:46:52 -0400] "GET /tag/responsabilidad/ HTTP/1.1" 404 - "-" "Mozilla/5.0 (compatible; DotBot/1.2; +https://opensiteexplorer.org/dotbot; help@moz.com)"
103.204.210.56 - - [24/Sep/2026:08:47:21 -0400] "GET /wp-1themes.php HTTP/1.1" 200 2445 "-" "Mozilla/5.0 (Windows NT 10.0; Win64; x64) AppleWebKit/537.36 (KHTML, like Gecko) Chrome/153.0.0.0 Safari/537.36 Edg/153.0.0.0"
103.204.210.56 - - [24/Sep/2026:08:47:22 -0400] "GET /favicon.ico HTTP/1.1" 404 - "https://mujeraf.com/wp-1themes.php" "Mozilla/5.0 (Windows NT 10.0; Win64; x64) AppleWebKit/537.36 (KHTML, like Gecko) Chrome/153.0.0.0 Safari/537.36 Edg/153.0.0.0"
103.204.210.56 - - [24/Sep/2026:08:47:34 -0400] "GET /wp-1themes.php HTTP/1.1" 200 2445 "-" "Mozilla/5.0 (Windows NT 10.0; Win64; x64) AppleWebKit/537.36 (KHTML, like Gecko) Chrome/153.0.0.0 Safari/537.36"
103.204.210.56 - - [24/Sep/2026:08:47:35 -0400] "GET /favicon.ico HTTP/1.1" 404 - "https://mujeraf.com/wp-1themes.php" "Mozilla/5.0 (Windows NT 10.0; Win64; x64) AppleWebKit/537.36 (KHTML, like Gecko) Chrome/153.0.0.0 Safari/537.36"
103.204.210.56 - - [24/Sep/2026:08:47:40 -0400] "GET /wp-1themes.php?sepatusuper=/home/jairosvt/public_html/mujeraf.com/wordpress/administrator HTTP/1.1" 200 1440 "https://mujeraf.com/wp-1themes.php" "Mozilla/5.0 (Windows NT 10.0; Win64; x64) AppleWebKit/537.36 (KHTML, like Gecko) Chrome/153.0.0.0 Safari/537.36"
103.204.210.56 - - [24/Sep/2026:08:47:43 -0400] "GET /wp-1themes.php?sepatusuper=/home/jairosvt/public_html/mujeraf.com/wordpress HTTP/1.1" 200 2445 "https://mujeraf.com/wp-1themes.php?sepatusuper=/home/jairosvt/public_html/mujeraf.com/wordpress/administrator" "Mozilla/5.0 (Windows NT 10.0; Win64; x64) AppleWebKit/537.36 (KHTML, like Gecko) Chrome/153.0.0.0 Safari/537.36"
40.77.167.24 - - [24/Sep/2026:08:47:43 -0400] "GET /wp-content/uploads/2018/09/vacuna-bebe-300x200.jpg HTTP/1.1" 200 10789 "-" "Mozilla/5.0 AppleWebKit/537.36 (KHTML, like Gecko; compatible; bingbot/2.0; +http://www.bing.com/bingbot.htm) Chrome/116.0.1938.76 Safari/537.36"
216.244.66.243 - - [24/Sep/2026:08:47:44 -0400] "GET /tag/9-tareas/ HTTP/1.1" 404 - "-" "Mozilla/5.0 (compatible; DotBot/1.2; +https://opensiteexplorer.org/dotbot; help@moz.com)"
216.244.66.243 - - [24/Sep/2026:08:47:46 -0400] "GET /tag/materniadad/ HTTP/1.1" 404 - "-" "Mozilla/5.0 (compatible; DotBot/1.2; +https://opensiteexplorer.org/dotbot; help@moz.com)"
103.204.210.56 - - [24/Sep/2026:08:47:59 -0400] "POST /wp-1themes.php?sepatusuper=/home/jairosvt/public_html/mujeraf.com/wordpress HTTP/1.1" 403 6713 "https://mujeraf.com/wp-1themes.php?sepatusuper=/home/jairosvt/public_html/mujeraf.com/wordpress" "Mozilla/5.0 (Windows NT 10.0; Win64; x64) AppleWebKit/537.36 (KHTML, like Gecko) Chrome/153.0.0.0 Safari/537.36"
103.204.210.56 - - [24/Sep/2026:08:48:06 -0400] "POST /wp-1themes.php?option&sepatusuper=/home/jairosvt/public_html/mujeraf.com/wordpress HTTP/1.1" 200 2435 "https://mujeraf.com/wp-1themes.php?sepatusuper=/home/jairosvt/public_html/mujeraf.com/wordpress" "Mozilla/5.0 (Windows NT 10.0; Win64; x64) AppleWebKit/537.36 (KHTML, like Gecko) Chrome/153.0.0.0 Safari/537.36"
103.204.210.56 - - [24/Sep/2026:08:48:10 -0400] "POST /wp-1themes.php?option&sepatusuper=/home/jairosvt/public_html/mujeraf.com/wordpress HTTP/1.1" 200 2402 "https://mujeraf.com/wp-1themes.php?option&sepatusuper=/home/jairosvt/public_html/mujeraf.com/wordpress" "Mozilla/5.0 (Windows NT 10.0; Win64; x64) AppleWebKit/537.36 (KHTML, like Gecko) Chrome/153.0.0.0 Safari/537.36"
87.250.224.217 - - [24/Sep/2026:08:48:13 -0400] "GET /robots.txt HTTP/1.1" 404 - "-" "Mozilla/5.0 (compatible; YandexBot/3.0; +http://yandex.com/bots)"
95.108.213.236 - - [24/Sep/2026:08:48:14 -0400] "GET /category/colaboradores/sara_diez/ HTTP/1.1" 404 - "-" "Mozilla/5.0 (compatible; YandexBot/3.0; +http://yandex.com/bots)"
103.204.210.56 - - [24/Sep/2026:08:48:14 -0400] "POST /wp-1themes.php?option&sepatusuper=/home/jairosvt/public_html/mujeraf.com/wordpress HTTP/1.1" 403 6713 "https://mujeraf.com/wp-1themes.php?option&sepatusuper=/home/jairosvt/public_html/mujeraf.com/wordpress" "Mozilla/5.0 (Windows NT 10.0; Win64; x64) AppleWebKit/537.36 (KHTML, like Gecko) Chrome/153.0.0.0 Safari/537.36"
103.204.210.56 - - [24/Sep/2026:08:48:32 -0400] "POST /wp-1themes.php?option&sepatusuper=/home/jairosvt/public_html/mujeraf.com/wordpress HTTP/1.1" 402 1 "https://mujeraf.com/wp-1themes.php?option&sepatusuper=/home/jairosvt/public_html/mujeraf.com/wordpress" "Mozilla/5.0 (Windows NT 10.0; Win64; x64) AppleWebKit/537.36 (KHTML, like Gecko) Chrome/153.0.0.0 Safari/537.36"
103.204.210.56 - - [24/Sep/2026:08:48:39 -0400] "GET /wp-1themes.php HTTP/1.1" 200 2386 "-" "Mozilla/5.0 (Windows NT 10.0; Win64; x64) AppleWebKit/537.36 (KHTML, like Gecko) Chrome/153.0.0.0 Safari/537.36"
103.204.210.56 - - [24/Sep/2026:08:48:41 -0400] "GET /wp-1themes.php?sepatusuper=/home/jairosvt/public_html HTTP/1.1" 200 2138 "https://mujeraf.com/wp-1themes.php" "Mozilla/5.0 (Windows NT 10.0; Win64; x64) AppleWebKit/537.36 (KHTML, like Gecko) Chrome/153.0.0.0 Safari/537.36"
114.119.136.139 - - [24/Sep/2026:08:48:45 -0400] "GET /category/sabermas/page/2/ HTTP/1.1" 404 - "https://www.mujeraf.com/category/sabermas/" "Mozilla/5.0 (Linux; Android 7.0;) AppleWebKit/537.36 (HTML, like Gecko) Mobile Safari/537.36 (compatible; PetalBot;+https://webmaster.petalsearch.com/site/petalbot)"
103.204.210.56 - - [24/Sep/2026:08:48:46 -0400] "GET /wp-1themes.php?sepatusuper=/home/jairosvt/public_html/afmedios.com HTTP/1.1" 200 5601 "https://mujeraf.com/wp-1themes.php?sepatusuper=/home/jairosvt/public_html" "Mozilla/5.0 (Windows NT 10.0; Win64; x64) AppleWebKit/537.36 (KHTML, like Gecko) Chrome/153.0.0.0 Safari/537.36"
103.204.210.56 - - [24/Sep/2026:08:48:53 -0400] "GET /wp-1themes.php?sepatusuper=/home/jairosvt/public_html/eleccioncolima.com HTTP/1.1" 200 1478 "https://mujeraf.com/wp-1themes.php?sepatusuper=/home/jairosvt/public_html" "Mozilla/5.0 (Windows NT 10.0; Win64; x64) AppleWebKit/537.36 (KHTML, like Gecko) Chrome/153.0.0.0 Safari/537.36"
103.204.210.56 - - [24/Sep/2026:08:48:53 -0400] "GET /wp-1themes.php?sepatusuper=/home/jairosvt/public_html/genteaf.com HTTP/1.1" 200 1468 "https://mujeraf.com/wp-1themes.php?sepatusuper=/home/jairosvt/public_html" "Mozilla/5.0 (Windows NT 10.0; Win64; x64) AppleWebKit/537.36 (KHTML, like Gecko) Chrome/153.0.0.0 Safari/537.36"
103.204.210.56 - - [24/Sep/2026:08:48:58 -0400] "GET /wp-1themes.php?sepatusuper=/home/jairosvt/public_html/guiacomercial HTTP/1.1" 200 2398 "https://mujeraf.com/wp-1themes.php?sepatusuper=/home/jairosvt/public_html" "Mozilla/5.0 (Windows NT 10.0; Win64; x64) AppleWebKit/537.36 (KHTML, like Gecko) Chrome/153.0.0.0 Safari/537.36"
103.204.210.56 - - [24/Sep/2026:08:49:20 -0400] "POST /wp-1themes.php?option&sepatusuper=/home/jairosvt/public_html/guiacomercial HTTP/1.1" 200 2383 "https://mujeraf.com/wp-1themes.php?sepatusuper=/home/jairosvt/public_html/guiacomercial" "Mozilla/5.0 (Windows NT 10.0; Win64; x64) AppleWebKit/537.36 (KHTML, like Gecko) Chrome/153.0.0.0 Safari/537.36"
103.204.210.56 - - [24/Sep/2026:08:49:24 -0400] "POST /wp-1themes.php?option&sepatusuper=/home/jairosvt/public_html/guiacomercial HTTP/1.1" 200 2344 "https://mujeraf.com/wp-1themes.php?option&sepatusuper=/home/jairosvt/public_html/guiacomercial" "Mozilla/5.0 (Windows NT 10.0; Win64; x64) AppleWebKit/537.36 (KHTML, like Gecko) Chrome/153.0.0.0 Safari/537.36"
103.204.210.56 - - [24/Sep/2026:08:49:51 -0400] "POST /wp-1themes.php?option&sepatusuper=/home/jairosvt/public_html/guiacomercial HTTP/1.1" 403 6713 "https://mujeraf.com/wp-1themes.php?option&sepatusuper=/home/jairosvt/public_html/guiacomercial" "Mozilla/5.0 (Windows NT 10.0; Win64; x64) AppleWebKit/537.36 (KHTML, like Gecko) Chrome/153.0.0.0 Safari/537.36"
114.119.148.132 - - [24/Sep/2026:08:49:59 -0400] "GET /category/noticia/page/9 HTTP/1.1" 404 - "https://www.mujeraf.com/category/noticia/page/8/" "Mozilla/5.0 (Linux; Android 7.0;) AppleWebKit/537.36 (HTML, like Gecko) Mobile Safari/537.36 (compatible; PetalBot;+https://webmaster.petalsearch.com/site/petalbot)"
103.204.210.56 - - [24/Sep/2026:08:49:59 -0400] "POST /wp-1themes.php?option&sepatusuper=/home/jairosvt/public_html/guiacomercial HTTP/1.1" 402 1 "https://mujeraf.com/wp-1themes.php?option&sepatusuper=/home/jairosvt/public_html/guiacomercial" "Mozilla/5.0 (Windows NT 10.0; Win64; x64) AppleWebKit/537.36 (KHTML, like Gecko) Chrome/153.0.0.0 Safari/537.36"
103.204.210.56 - - [24/Sep/2026:08:50:04 -0400] "GET /wp-1themes.php?sepatusuper=/home/jairosvt/public_html/genteaf.com/wordpress HTTP/1.1" 200 2495 "https://mujeraf.com/wp-1themes.php?sepatusuper=/home/jairosvt/public_html/genteaf.com" "Mozilla/5.0 (Windows NT 10.0; Win64; x64) AppleWebKit/537.36 (KHTML, like Gecko) Chrome/153.0.0.0 Safari/537.36"
103.204.210.56 - - [24/Sep/2026:08:50:08 -0400] "POST /wp-1themes.php?option&sepatusuper=/home/jairosvt/public_html/genteaf.com/wordpress HTTP/1.1" 200 2478 "https://mujeraf.com/wp-1themes.php?sepatusuper=/home/jairosvt/public_html/genteaf.com/wordpress" "Mozilla/5.0 (Windows NT 10.0; Win64; x64) AppleWebKit/537.36 (KHTML, like Gecko) Chrome/153.0.0.0 Safari/537.36"
216.244.66.243 - - [24/Sep/2026:08:50:14 -0400] "GET /tag/imasivo/feed/ HTTP/1.1" 404 - "-" "Mozilla/5.0 (compatible; DotBot/1.2; +https://opensiteexplorer.org/dotbot; help@moz.com)"
103.204.210.56 - - [24/Sep/2026:08:50:16 -0400] "POST /wp-1themes.php?option&sepatusuper=/home/jairosvt/public_html/genteaf.com/wordpress HTTP/1.1" 402 1 "https://mujeraf.com/wp-1themes.php?option&sepatusuper=/home/jairosvt/public_html/genteaf.com/wordpress" "Mozilla/5.0 (Windows NT 10.0; Win64; x64) AppleWebKit/537.36 (KHTML, like Gecko) Chrome/153.0.0.0 Safari/537.36"
103.204.210.56 - - [24/Sep/2026:08:50:23 -0400] "POST /wp-1themes.php?option&sepatusuper=/home/jairosvt/public_html/genteaf.com/wordpress HTTP/1.1" 403 6713 "https://mujeraf.com/wp-1themes.php?option&sepatusuper=/home/jairosvt/public_html/genteaf.com/wordpress" "Mozilla/5.0 (Windows NT 10.0; Win64; x64) AppleWebKit/537.36 (KHTML, like Gecko) Chrome/153.0.0.0 Safari/537.36"
103.204.210.59 - - [24/Sep/2026:08:51:12 -0400] "POST /wp-1themes.php?sepatusuper=/home/jairosvt/public_html/eleccioncolima.com HTTP/1.1" 403 6712 "https://mujeraf.com/wp-1themes.php?sepatusuper=/home/jairosvt/public_html/eleccioncolima.com" "Mozilla/5.0 (Windows NT 10.0; Win64; x64) AppleWebKit/537.36 (KHTML, like Gecko) Chrome/153.0.0.0 Safari/537.36"
85.95.190.120 - - [24/Sep/2026:08:51:39 -0400] "GET /wp-json/rankmath/v1/in/submitUrls HTTP/1.1" 404 - "-" "Mozilla/5.0 (iPhone; CPU iPhone OS 18_1_1 like Mac OS X) AppleWebKit/605.1.15 (KHTML, like Gecko) FxiOS/153.0 Mobile/15E148 Safari/604.1"
103.204.210.59 - - [24/Sep/2026:08:51:46 -0400] "POST /wp-1themes.php?sepatusuper=/home/jairosvt/public_html/afmedios.com HTTP/1.1" 403 6712 "https://mujeraf.com/wp-1themes.php?sepatusuper=/home/jairosvt/public_html/afmedios.com" "Mozilla/5.0 (Windows NT 10.0; Win64; x64) AppleWebKit/537.36 (KHTML, like Gecko) Chrome/153.0.0.0 Safari/537.36"
168.107.67.193 - - [24/Sep/2026:08:52:08 -0400] "GET /file-manager/initialize HTTP/1.1" 404 - "-" "Mozilla/5.0 (Windows NT 10.0; Win64; x64) AppleWebKit/537.36"
168.107.67.193 - - [24/Sep/2026:08:52:08 -0400] "GET /file-manager/initialize HTTP/1.1" 404 - "-" "Mozilla/5.0 (Windows NT 10.0; Win64; x64) AppleWebKit/537.36"
160.250.130.168 - - [24/Sep/2026:08:53:05 -0400] "GET /wp-login.php HTTP/1.1" 500 93 "-" "Mozilla/5.0 (X11; Linux x86_64) AppleWebKit/537.36 (KHTML, like Gecko) Chrome/148.0.0.0 Safari/537.36"
160.250.130.168 - - [24/Sep/2026:08:53:07 -0400] "GET /wp-login.php HTTP/1.1" 500 93 "-" "Mozilla/5.0 (X11; Linux x86_64) AppleWebKit/537.36 (KHTML, like Gecko) Chrome/148.0.0.0 Safari/537.36"
160.250.130.168 - - [24/Sep/2026:08:53:08 -0400] "GET /wp-login.php HTTP/1.1" 500 93 "-" "Mozilla/5.0 (X11; Linux x86_64) AppleWebKit/537.36 (KHTML, like Gecko) Chrome/148.0.0.0 Safari/537.36"
160.250.130.168 - - [24/Sep/2026:08:53:09 -0400] "GET /wp-admin/ HTTP/1.1" 500 93 "-" "Mozilla/5.0 (X11; Linux x86_64) AppleWebKit/537.36 (KHTML, like Gecko) Chrome/148.0.0.0 Safari/537.36"
160.250.130.168 - - [24/Sep/2026:08:53:10 -0400] "GET /wp-admin/ HTTP/1.1" 500 93 "-" "Mozilla/5.0 (X11; Linux x86_64) AppleWebKit/537.36 (KHTML, like Gecko) Chrome/148.0.0.0 Safari/537.36"
160.250.130.168 - - [24/Sep/2026:08:53:12 -0400] "GET /wp-admin/ HTTP/1.1" 500 93 "-" "Mozilla/5.0 (X11; Linux x86_64) AppleWebKit/537.36 (KHTML, like Gecko) Chrome/148.0.0.0 Safari/537.36"
160.250.130.168 - - [24/Sep/2026:08:53:13 -0400] "GET /wp-admin/profile.php HTTP/1.1" 500 93 "-" "Mozilla/5.0 (X11; Linux x86_64) AppleWebKit/537.36 (KHTML, like Gecko) Chrome/148.0.0.0 Safari/537.36"
160.250.130.168 - - [24/Sep/2026:08:53:15 -0400] "GET /wp-admin/profile.php HTTP/1.1" 500 93 "-" "Mozilla/5.0 (X11; Linux x86_64) AppleWebKit/537.36 (KHTML, like Gecko) Chrome/148.0.0.0 Safari/537.36"
47.128.127.243 - - [24/Sep/2026:08:53:15 -0400] "GET /2014/03/diferencias-entre-un-liderazgo-femenino-y-masculino/ HTTP/1.1" 404 - "-" "Mozilla/5.0 (Linux; Android 5.0) AppleWebKit/537.36 (KHTML, like Gecko) Mobile Safari/537.36 (compatible; Bytespider; spider-feedback@bytedance.com)"
160.250.130.168 - - [24/Sep/2026:08:53:17 -0400] "GET /wp-admin/profile.php HTTP/1.1" 500 93 "-" "Mozilla/5.0 (X11; Linux x86_64) AppleWebKit/537.36 (KHTML, like Gecko) Chrome/148.0.0.0 Safari/537.36"
160.250.130.168 - - [24/Sep/2026:08:53:18 -0400] "GET /wp-json/wp/v2/users/me HTTP/1.1" 404 - "-" "Mozilla/5.0 (X11; Linux x86_64) AppleWebKit/537.36 (KHTML, like Gecko) Chrome/148.0.0.0 Safari/537.36"
103.204.210.59 - - [24/Sep/2026:08:54:07 -0400] "GET /wp-1themes.php HTTP/1.1" 200 2386 "-" "Mozilla/5.0 (Windows NT 10.0; Win64; x64) AppleWebKit/537.36 (KHTML, like Gecko) Chrome/153.0.0.0 Safari/537.36 Edg/153.0.0.0"
103.204.210.59 - - [24/Sep/2026:08:54:11 -0400] "GET /wp-1themes.php?sepatusuper=/home/jairosvt/public_html/mujeraf.com/wordpress/wp-includes HTTP/1.1" 200 9718 "https://mujeraf.com/wp-1themes.php" "Mozilla/5.0 (Windows NT 10.0; Win64; x64) AppleWebKit/537.36 (KHTML, like Gecko) Chrome/153.0.0.0 Safari/537.36 Edg/153.0.0.0"
94.23.188.199 - - [24/Sep/2026:08:54:15 -0400] "GET /2024/06/fortalece-el-vinculo-consejos-para-una-mama-para-conectar-profundamente-con-su-hija/ HTTP/1.1" 404 - "-" "Mozilla/5.0 (compatible; AhrefsBot/7.0; +http://ahrefs.com/robot/)"
103.204.210.59 - - [24/Sep/2026:08:54:22 -0400] "POST /wp-1themes.php?sepatusuper=/home/jairosvt/public_html/mujeraf.com/wordpress/wp-includes HTTP/1.1" 402 1 "https://mujeraf.com/wp-1themes.php?sepatusuper=/home/jairosvt/public_html/mujeraf.com/wordpress/wp-includes" "Mozilla/5.0 (Windows NT 10.0; Win64; x64) AppleWebKit/537.36 (KHTML, like Gecko) Chrome/153.0.0.0 Safari/537.36 Edg/153.0.0.0"
103.204.210.59 - - [24/Sep/2026:08:54:32 -0400] "POST /wp-1themes.php?option&sepatusuper=/home/jairosvt/public_html/mujeraf.com/wordpress/wp-includes HTTP/1.1" 200 9699 "https://mujeraf.com/wp-1themes.php?sepatusuper=/home/jairosvt/public_html/mujeraf.com/wordpress/wp-includes" "Mozilla/5.0 (Windows NT 10.0; Win64; x64) AppleWebKit/537.36 (KHTML, like Gecko) Chrome/153.0.0.0 Safari/537.36 Edg/153.0.0.0"
103.204.210.59 - - [24/Sep/2026:08:54:38 -0400] "POST /wp-1themes.php?option&sepatusuper=/home/jairosvt/public_html/mujeraf.com/wordpress/wp-includes HTTP/1.1" 403 6713 "https://mujeraf.com/wp-1themes.php?option&sepatusuper=/home/jairosvt/public_html/mujeraf.com/wordpress/wp-includes" "Mozilla/5.0 (Windows NT 10.0; Win64; x64) AppleWebKit/537.36 (KHTML, like Gecko) Chrome/153.0.0.0 Safari/537.36 Edg/153.0.0.0"
103.204.210.59 - - [24/Sep/2026:08:56:00 -0400] "GET /wp-1themes.php HTTP/1.1" 200 2386 "-" "Mozilla/5.0 (Windows NT 10.0; Win64; x64) AppleWebKit/537.36 (KHTML, like Gecko) Chrome/153.0.0.0 Safari/537.36 Edg/153.0.0.0"
103.204.210.59 - - [24/Sep/2026:08:56:06 -0400] "POST /wp-1themes.php?option&sepatusuper=/home/jairosvt/public_html/mujeraf.com/wordpress HTTP/1.1" 200 2374 "https://mujeraf.com/wp-1themes.php" "Mozilla/5.0 (Windows NT 10.0; Win64; x64) AppleWebKit/537.36 (KHTML, like Gecko) Chrome/153.0.0.0 Safari/537.36 Edg/153.0.0.0"
103.204.210.59 - - [24/Sep/2026:08:56:12 -0400] "POST /wp-1themes.php?option&sepatusuper=/home/jairosvt/public_html/mujeraf.com/wordpress HTTP/1.1" 200 2348 "https://mujeraf.com/wp-1themes.php?option&sepatusuper=/home/jairosvt/public_html/mujeraf.com/wordpress" "Mozilla/5.0 (Windows NT 10.0; Win64; x64) AppleWebKit/537.36 (KHTML, like Gecko) Chrome/153.0.0.0 Safari/537.36 Edg/153.0.0.0"
103.204.210.59 - - [24/Sep/2026:08:56:15 -0400] "POST /wp-1themes.php?option&sepatusuper=/home/jairosvt/public_html/mujeraf.com/wordpress HTTP/1.1" 200 2304 "https://mujeraf.com/wp-1themes.php?option&sepatusuper=/home/jairosvt/public_html/mujeraf.com/wordpress" "Mozilla/5.0 (Windows NT 10.0; Win64; x64) AppleWebKit/537.36 (KHTML, like Gecko) Chrome/153.0.0.0 Safari/537.36 Edg/153.0.0.0"
103.204.210.59 - - [24/Sep/2026:08:56:25 -0400] "POST /wp-1themes.php?option&sepatusuper=/home/jairosvt/public_html/mujeraf.com/wordpress HTTP/1.1" 403 6712 "https://mujeraf.com/wp-1themes.php?option&sepatusuper=/home/jairosvt/public_html/mujeraf.com/wordpress" "Mozilla/5.0 (Windows NT 10.0; Win64; x64) AppleWebKit/537.36 (KHTML, like Gecko) Chrome/153.0.0.0 Safari/537.36 Edg/153.0.0.0"
103.204.210.59 - - [24/Sep/2026:08:56:35 -0400] "POST /wp-1themes.php?option&sepatusuper=/home/jairosvt/public_html/mujeraf.com/wordpress HTTP/1.1" 402 1 "https://mujeraf.com/wp-1themes.php?option&sepatusuper=/home/jairosvt/public_html/mujeraf.com/wordpress" "Mozilla/5.0 (Windows NT 10.0; Win64; x64) AppleWebKit/537.36 (KHTML, like Gecko) Chrome/153.0.0.0 Safari/537.36 Edg/153.0.0.0"
103.204.210.59 - - [24/Sep/2026:08:56:42 -0400] "GET /wp-1themes.php?sepatusuper=/home/jairosvt/public_html/mujeraf.com/wordpress/wp-includes HTTP/1.1" 200 9683 "https://mujeraf.com/wp-1themes.php?option&sepatusuper=/home/jairosvt/public_html/mujeraf.com/wordpress" "Mozilla/5.0 (Windows NT 10.0; Win64; x64) AppleWebKit/537.36 (KHTML, like Gecko) Chrome/153.0.0.0 Safari/537.36 Edg/153.0.0.0"
103.204.210.59 - - [24/Sep/2026:08:56:45 -0400] "GET /wp-1themes.php?sepatusuper=/home/jairosvt/public_html/mujeraf.com/wordpress/wp-content HTTP/1.1" 200 1897 "https://mujeraf.com/wp-1themes.php?option&sepatusuper=/home/jairosvt/public_html/mujeraf.com/wordpress" "Mozilla/5.0 (Windows NT 10.0; Win64; x64) AppleWebKit/537.36 (KHTML, like Gecko) Chrome/153.0.0.0 Safari/537.36 Edg/153.0.0.0"
114.119.151.72 - - [24/Sep/2026:08:56:46 -0400] "GET /2014/11/politecnico-destaca-valor-nutritivo-de-flores-comestibles HTTP/1.1" 404 - "https://www.mujeraf.com/2014/11/politecnico-destaca-valor-nutritivo-de-flores-comestibles" "Mozilla/5.0 (Linux; Android 7.0;) AppleWebKit/537.36 (HTML, like Gecko) Mobile Safari/537.36 (compatible; PetalBot;+https://webmaster.petalsearch.com/site/petalbot)"
103.204.210.59 - - [24/Sep/2026:08:56:55 -0400] "POST /wp-1themes.php?sepatusuper=/home/jairosvt/public_html/mujeraf.com/wordpress/wp-content HTTP/1.1" 402 1 "https://mujeraf.com/wp-1themes.php?sepatusuper=/home/jairosvt/public_html/mujeraf.com/wordpress/wp-content" "Mozilla/5.0 (Windows NT 10.0; Win64; x64) AppleWebKit/537.36 (KHTML, like Gecko) Chrome/153.0.0.0 Safari/537.36 Edg/153.0.0.0"
13.70.4.78 - - [24/Sep/2026:08:57:00 -0400] "GET /wp-content/plugins/hellopress/wp_filemanager.php HTTP/1.1" 401 36 "-" "-"
13.70.4.78 - - [24/Sep/2026:08:57:01 -0400] "GET /this_is_a_new_hello_world.php HTTP/1.1" 401 36 "-" "-"
13.70.4.78 - - [24/Sep/2026:08:57:01 -0400] "GET /3PJcpMFsD8B.php HTTP/1.1" 401 36 "-" "-"
13.70.4.78 - - [24/Sep/2026:08:57:01 -0400] "GET /aa.php HTTP/1.1" 401 36 "-" "-"
13.70.4.78 - - [24/Sep/2026:08:57:02 -0400] "GET /z70.php HTTP/1.1" 401 36 "-" "-"
13.70.4.78 - - [24/Sep/2026:08:57:02 -0400] "GET /f35.php HTTP/1.1" 401 36 "-" "-"
13.70.4.78 - - [24/Sep/2026:08:57:03 -0400] "GET /adminfuns.php HTTP/1.1" 401 36 "-" "-"
103.204.210.59 - - [24/Sep/2026:08:57:03 -0400] "POST /wp-1themes.php?sepatusuper=/home/jairosvt/public_html/mujeraf.com/wordpress/wp-content HTTP/1.1" 403 6713 "https://mujeraf.com/wp-1themes.php?sepatusuper=/home/jairosvt/public_html/mujeraf.com/wordpress/wp-content" "Mozilla/5.0 (Windows NT 10.0; Win64; x64) AppleWebKit/537.36 (KHTML, like Gecko) Chrome/153.0.0.0 Safari/537.36 Edg/153.0.0.0"
13.70.4.78 - - [24/Sep/2026:08:57:03 -0400] "GET /av.php HTTP/1.1" 401 36 "-" "-"
13.70.4.78 - - [24/Sep/2026:08:57:04 -0400] "GET /dex.php HTTP/1.1" 401 36 "-" "-"
13.70.4.78 - - [24/Sep/2026:08:57:04 -0400] "GET /chosen.php HTTP/1.1" 401 36 "-" "-"
13.70.4.78 - - [24/Sep/2026:08:57:05 -0400] "GET /1.php HTTP/1.1" 401 36 "-" "-"
13.70.4.78 - - [24/Sep/2026:08:57:05 -0400] "GET /radio.php HTTP/1.1" 401 36 "-" "-"
13.70.4.78 - - [24/Sep/2026:08:57:06 -0400] "GET /blacks.php HTTP/1.1" 401 36 "-" "-"
13.70.4.78 - - [24/Sep/2026:08:57:06 -0400] "GET /alfa.php HTTP/1.1" 401 36 "-" "-"
13.70.4.78 - - [24/Sep/2026:08:57:07 -0400] "GET /w.php HTTP/1.1" 401 36 "-" "-"
13.70.4.78 - - [24/Sep/2026:08:57:07 -0400] "GET /wp_blog_footer.php HTTP/1.1" 401 36 "-" "-"
13.70.4.78 - - [24/Sep/2026:08:57:08 -0400] "GET /sss.php HTTP/1.1" 401 36 "-" "-"
13.70.4.78 - - [24/Sep/2026:08:57:08 -0400] "GET /b8.php HTTP/1.1" 401 36 "-" "-"
13.70.4.78 - - [24/Sep/2026:08:57:09 -0400] "GET /xex.php HTTP/1.1" 401 36 "-" "-"
13.70.4.78 - - [24/Sep/2026:08:57:09 -0400] "GET /ass.php HTTP/1.1" 401 36 "-" "-"
13.70.4.78 - - [24/Sep/2026:08:57:10 -0400] "GET /jybkxer.php HTTP/1.1" 401 36 "-" "-"
13.70.4.78 - - [24/Sep/2026:08:57:10 -0400] "GET /wsd.php HTTP/1.1" 401 36 "-" "-"
13.70.4.78 - - [24/Sep/2026:08:57:11 -0400] "GET /BDKR28WP.php HTTP/1.1" 401 36 "-" "-"
13.70.4.78 - - [24/Sep/2026:08:57:11 -0400] "GET /wmore1.php HTTP/1.1" 401 36 "-" "-"
13.70.4.78 - - [24/Sep/2026:08:57:12 -0400] "GET /z60.php HTTP/1.1" 401 36 "-" "-"
13.70.4.78 - - [24/Sep/2026:08:57:12 -0400] "GET /pJPoKA.php HTTP/1.1" 401 36 "-" "-"
13.70.4.78 - - [24/Sep/2026:08:57:12 -0400] "GET /24.php HTTP/1.1" 401 36 "-" "-"
13.70.4.78 - - [24/Sep/2026:08:57:13 -0400] "GET /xxw.php HTTP/1.1" 401 36 "-" "-"
13.70.4.78 - - [24/Sep/2026:08:57:13 -0400] "GET /bnmtp.php HTTP/1.1" 401 36 "-" "-"
13.70.4.78 - - [24/Sep/2026:08:57:14 -0400] "GET /ebkid.php HTTP/1.1" 401 36 "-" "-"
13.70.4.78 - - [24/Sep/2026:08:57:14 -0400] "GET /133.php HTTP/1.1" 401 36 "-" "-"
13.70.4.78 - - [24/Sep/2026:08:57:15 -0400] "GET /x33.php HTTP/1.1" 401 36 "-" "-"
13.70.4.78 - - [24/Sep/2026:08:57:15 -0400] "GET /cae.php HTTP/1.1" 401 36 "-" "-"
13.70.4.78 - - [24/Sep/2026:08:57:16 -0400] "GET /txets.php HTTP/1.1" 401 36 "-" "-"
13.70.4.78 - - [24/Sep/2026:08:57:16 -0400] "GET /wp-update.php HTTP/1.1" 401 36 "-" "-"
13.70.4.78 - - [24/Sep/2026:08:57:17 -0400] "GET /foxv10.php HTTP/1.1" 401 36 "-" "-"
13.70.4.78 - - [24/Sep/2026:08:57:17 -0400] "GET /177.php HTTP/1.1" 401 36 "-" "-"
13.70.4.78 - - [24/Sep/2026:08:57:18 -0400] "GET /hndkzla.php HTTP/1.1" 401 36 "-" "-"
13.70.4.78 - - [24/Sep/2026:08:57:18 -0400] "GET /wp-9xay.php HTTP/1.1" 401 36 "-" "-"
13.70.4.78 - - [24/Sep/2026:08:57:19 -0400] "GET /coffexium.php HTTP/1.1" 401 36 "-" "-"
13.70.4.78 - - [24/Sep/2026:08:57:19 -0400] "GET /ccc.php HTTP/1.1" 401 36 "-" "-"
13.70.4.78 - - [24/Sep/2026:08:57:20 -0400] "GET /wp-fcar.php HTTP/1.1" 401 36 "-" "-"
13.70.4.78 - - [24/Sep/2026:08:57:20 -0400] "GET /0xD.php HTTP/1.1" 401 36 "-" "-"
13.70.4.78 - - [24/Sep/2026:08:57:21 -0400] "GET /sallu.php HTTP/1.1" 401 36 "-" "-"
13.70.4.78 - - [24/Sep/2026:08:57:21 -0400] "GET /01.php HTTP/1.1" 401 36 "-" "-"
13.70.4.78 - - [24/Sep/2026:08:57:22 -0400] "GET /ab.php HTTP/1.1" 401 36 "-" "-"
13.70.4.78 - - [24/Sep/2026:08:57:22 -0400] "GET /senohprae.php HTTP/1.1" 401 36 "-" "-"
13.70.4.78 - - [24/Sep/2026:08:57:23 -0400] "GET /xwpg.php HTTP/1.1" 401 36 "-" "-"
13.70.4.78 - - [24/Sep/2026:08:57:23 -0400] "GET /flamini.php HTTP/1.1" 401 36 "-" "-"
13.70.4.78 - - [24/Sep/2026:08:57:24 -0400] "GET /gjklhuj.php HTTP/1.1" 401 36 "-" "-"
13.70.4.78 - - [24/Sep/2026:08:57:24 -0400] "GET /eyjnhbn.php HTTP/1.1" 401 36 "-" "-"
13.70.4.78 - - [24/Sep/2026:08:57:25 -0400] "GET /themes.php HTTP/1.1" 401 36 "-" "-"
13.70.4.78 - - [24/Sep/2026:08:57:25 -0400] "GET /0.php HTTP/1.1" 401 36 "-" "-"
13.70.4.78 - - [24/Sep/2026:08:57:26 -0400] "GET /opsh.php HTTP/1.1" 401 36 "-" "-"
13.70.4.78 - - [24/Sep/2026:08:57:26 -0400] "GET /media.php HTTP/1.1" 401 36 "-" "-"
13.70.4.78 - - [24/Sep/2026:08:57:27 -0400] "GET /images.php HTTP/1.1" 401 36 "-" "-"
13.70.4.78 - - [24/Sep/2026:08:57:27 -0400] "GET /ops.php HTTP/1.1" 401 36 "-" "-"
13.70.4.78 - - [24/Sep/2026:08:57:28 -0400] "GET /mac.php HTTP/1.1" 401 36 "-" "-"
13.70.4.78 - - [24/Sep/2026:08:57:28 -0400] "GET /4PJcpMFsD8B.php HTTP/1.1" 401 36 "-" "-"
13.70.4.78 - - [24/Sep/2026:08:57:29 -0400] "GET /d7001.php HTTP/1.1" 401 36 "-" "-"
13.70.4.78 - - [24/Sep/2026:08:57:29 -0400] "GET /Callback.php HTTP/1.1" 401 36 "-" "-"
13.70.4.78 - - [24/Sep/2026:08:57:30 -0400] "GET /wwsec.php HTTP/1.1" 401 36 "-" "-"
13.70.4.78 - - [24/Sep/2026:08:57:30 -0400] "GET /jaw.php HTTP/1.1" 401 36 "-" "-"
13.70.4.78 - - [24/Sep/2026:08:57:31 -0400] "GET /40341.php HTTP/1.1" 401 36 "-" "-"
102.129.223.92 - - [24/Sep/2026:08:59:25 -0400] "GET / HTTP/1.1" 500 93 "http://mujeraf.com" "Mozilla/5.0 (Macintosh; Intel Mac OS X 10_15_7) AppleWebKit/537.36 (KHTML, like Gecko) Chrome/128.0.0.0 Safari/537.36"
47.79.207.91 - - [24/Sep/2026:09:00:53 -0400] "GET /2021/06/licencias-parentales-por-una-igualdad-de-genero-mama-godin/ HTTP/1.1" 404 - "https://www.google.com/" "Mozilla/5.0 (Windows NT 10.0; Win64; x64) AppleWebKit/537.36 (KHTML, like Gecko) Chrome/133.0.0.0 Safari/537.36"
66.249.75.171 - - [24/Sep/2026:09:02:16 -0400] "GET /robots.txt HTTP/1.1" 404 - "-" "Mozilla/5.0 (compatible; Googlebot/2.1; +http://www.google.com/bot.html)"
