20.205.127.10 - - [24/Sep/2026:12:06:48 -0400] "GET /radio.php HTTP/1.1" 404 - "-" "Mozilla/5.0 (Windows NT 10.0; Win64; x64) AppleWebKit/537.36 (KHTML, like Gecko) Chrome/131.0.0.0 Safari/537.36"
20.205.127.10 - - [24/Sep/2026:12:06:48 -0400] "GET /ty.php HTTP/1.1" 404 - "-" "Mozilla/5.0 (Windows NT 10.0; Win64; x64) AppleWebKit/537.36 (KHTML, like Gecko) Chrome/131.0.0.0 Safari/537.36"
20.205.127.10 - - [24/Sep/2026:12:06:48 -0400] "GET /baxa1.phP8 HTTP/1.1" 404 - "-" "Mozilla/5.0 (Windows NT 10.0; Win64; x64) AppleWebKit/537.36 (KHTML, like Gecko) Chrome/131.0.0.0 Safari/537.36"
20.205.127.10 - - [24/Sep/2026:12:06:48 -0400] "GET /x.php HTTP/1.1" 404 - "-" "Mozilla/5.0 (Windows NT 10.0; Win64; x64) AppleWebKit/537.36 (KHTML, like Gecko) Chrome/131.0.0.0 Safari/537.36"
20.205.127.10 - - [24/Sep/2026:12:06:49 -0400] "GET /link.php HTTP/1.1" 404 - "-" "Mozilla/5.0 (Windows NT 10.0; Win64; x64) AppleWebKit/537.36 (KHTML, like Gecko) Chrome/131.0.0.0 Safari/537.36"
20.205.127.10 - - [24/Sep/2026:12:06:49 -0400] "GET /mail.php HTTP/1.1" 404 - "-" "Mozilla/5.0 (Windows NT 10.0; Win64; x64) AppleWebKit/537.36 (KHTML, like Gecko) Chrome/131.0.0.0 Safari/537.36"
20.205.127.10 - - [24/Sep/2026:12:06:49 -0400] "GET /wp-load.php HTTP/1.1" 500 93 "-" "Mozilla/5.0 (Windows NT 10.0; Win64; x64) AppleWebKit/537.36 (KHTML, like Gecko) Chrome/131.0.0.0 Safari/537.36"
20.205.127.10 - - [24/Sep/2026:12:06:50 -0400] "GET /shell.php HTTP/1.1" 404 - "-" "Mozilla/5.0 (Windows NT 10.0; Win64; x64) AppleWebKit/537.36 (KHTML, like Gecko) Chrome/131.0.0.0 Safari/537.36"
20.205.127.10 - - [24/Sep/2026:12:06:50 -0400] "GET /cong.php HTTP/1.1" 404 - "-" "Mozilla/5.0 (Windows NT 10.0; Win64; x64) AppleWebKit/537.36 (KHTML, like Gecko) Chrome/131.0.0.0 Safari/537.36"
20.205.127.10 - - [24/Sep/2026:12:06:51 -0400] "GET /tools.php HTTP/1.1" 404 - "-" "Mozilla/5.0 (Windows NT 10.0; Win64; x64) AppleWebKit/537.36 (KHTML, like Gecko) Chrome/131.0.0.0 Safari/537.36"
20.205.127.10 - - [24/Sep/2026:12:06:51 -0400] "GET /alfa.php HTTP/1.1" 404 - "-" "Mozilla/5.0 (Windows NT 10.0; Win64; x64) AppleWebKit/537.36 (KHTML, like Gecko) Chrome/131.0.0.0 Safari/537.36"
20.205.127.10 - - [24/Sep/2026:12:06:51 -0400] "GET /tiny.php HTTP/1.1" 404 - "-" "Mozilla/5.0 (Windows NT 10.0; Win64; x64) AppleWebKit/537.36 (KHTML, like Gecko) Chrome/131.0.0.0 Safari/537.36"
20.205.127.10 - - [24/Sep/2026:12:06:51 -0400] "GET /install.php HTTP/1.1" 404 - "-" "Mozilla/5.0 (Windows NT 10.0; Win64; x64) AppleWebKit/537.36 (KHTML, like Gecko) Chrome/131.0.0.0 Safari/537.36"
20.205.127.10 - - [24/Sep/2026:12:06:52 -0400] "GET /st.php HTTP/1.1" 404 - "-" "Mozilla/5.0 (Windows NT 10.0; Win64; x64) AppleWebKit/537.36 (KHTML, like Gecko) Chrome/131.0.0.0 Safari/537.36"
20.205.127.10 - - [24/Sep/2026:12:06:52 -0400] "GET /config.php HTTP/1.1" 404 - "-" "Mozilla/5.0 (Windows NT 10.0; Win64; x64) AppleWebKit/537.36 (KHTML, like Gecko) Chrome/131.0.0.0 Safari/537.36"
20.205.127.10 - - [24/Sep/2026:12:06:52 -0400] "GET /alfanew.php7 HTTP/1.1" 404 - "-" "Mozilla/5.0 (Windows NT 10.0; Win64; x64) AppleWebKit/537.36 (KHTML, like Gecko) Chrome/131.0.0.0 Safari/537.36"
20.205.127.10 - - [24/Sep/2026:12:06:52 -0400] "GET /content.php HTTP/1.1" 404 - "-" "Mozilla/5.0 (Windows NT 10.0; Win64; x64) AppleWebKit/537.36 (KHTML, like Gecko) Chrome/131.0.0.0 Safari/537.36"
20.205.127.10 - - [24/Sep/2026:12:06:53 -0400] "GET /erin1.PhP7 HTTP/1.1" 404 - "-" "Mozilla/5.0 (Windows NT 10.0; Win64; x64) AppleWebKit/537.36 (KHTML, like Gecko) Chrome/131.0.0.0 Safari/537.36"
20.205.127.10 - - [24/Sep/2026:12:06:53 -0400] "GET /repeater.php HTTP/1.1" 404 - "-" "Mozilla/5.0 (Windows NT 10.0; Win64; x64) AppleWebKit/537.36 (KHTML, like Gecko) Chrome/131.0.0.0 Safari/537.36"
20.205.127.10 - - [24/Sep/2026:12:06:53 -0400] "GET /cloud.php HTTP/1.1" 404 - "-" "Mozilla/5.0 (Windows NT 10.0; Win64; x64) AppleWebKit/537.36 (KHTML, like Gecko) Chrome/131.0.0.0 Safari/537.36"
20.205.127.10 - - [24/Sep/2026:12:06:53 -0400] "GET /ioxi002.PhP7 HTTP/1.1" 404 - "-" "Mozilla/5.0 (Windows NT 10.0; Win64; x64) AppleWebKit/537.36 (KHTML, like Gecko) Chrome/131.0.0.0 Safari/537.36"
20.205.127.10 - - [24/Sep/2026:12:06:54 -0400] "GET /wp-conflg.php HTTP/1.1" 404 - "-" "Mozilla/5.0 (Windows NT 10.0; Win64; x64) AppleWebKit/537.36 (KHTML, like Gecko) Chrome/131.0.0.0 Safari/537.36"
20.205.127.10 - - [24/Sep/2026:12:06:54 -0400] "GET /file.php HTTP/1.1" 404 - "-" "Mozilla/5.0 (Windows NT 10.0; Win64; x64) AppleWebKit/537.36 (KHTML, like Gecko) Chrome/131.0.0.0 Safari/537.36"
20.205.127.10 - - [24/Sep/2026:12:06:54 -0400] "GET /simple.php HTTP/1.1" 404 - "-" "Mozilla/5.0 (Windows NT 10.0; Win64; x64) AppleWebKit/537.36 (KHTML, like Gecko) Chrome/131.0.0.0 Safari/537.36"
20.205.127.10 - - [24/Sep/2026:12:06:55 -0400] "GET /chosen.php HTTP/1.1" 404 - "-" "Mozilla/5.0 (Windows NT 10.0; Win64; x64) AppleWebKit/537.36 (KHTML, like Gecko) Chrome/131.0.0.0 Safari/537.36"
20.205.127.10 - - [24/Sep/2026:12:06:55 -0400] "GET /go.php HTTP/1.1" 404 - "-" "Mozilla/5.0 (Windows NT 10.0; Win64; x64) AppleWebKit/537.36 (KHTML, like Gecko) Chrome/131.0.0.0 Safari/537.36"
20.205.127.10 - - [24/Sep/2026:12:06:55 -0400] "GET /sxo.php HTTP/1.1" 404 - "-" "Mozilla/5.0 (Windows NT 10.0; Win64; x64) AppleWebKit/537.36 (KHTML, like Gecko) Chrome/131.0.0.0 Safari/537.36"
20.205.127.10 - - [24/Sep/2026:12:06:55 -0400] "GET /adminer.php HTTP/1.1" 404 - "-" "Mozilla/5.0 (Windows NT 10.0; Win64; x64) AppleWebKit/537.36 (KHTML, like Gecko) Chrome/131.0.0.0 Safari/537.36"
20.205.127.10 - - [24/Sep/2026:12:06:56 -0400] "GET /wp-signup.php HTTP/1.1" 500 93 "-" "Mozilla/5.0 (Windows NT 10.0; Win64; x64) AppleWebKit/537.36 (KHTML, like Gecko) Chrome/131.0.0.0 Safari/537.36"
20.205.127.10 - - [24/Sep/2026:12:06:56 -0400] "GET /wp.php HTTP/1.1" 404 - "-" "Mozilla/5.0 (Windows NT 10.0; Win64; x64) AppleWebKit/537.36 (KHTML, like Gecko) Chrome/131.0.0.0 Safari/537.36"
20.205.127.10 - - [24/Sep/2026:12:06:57 -0400] "GET /alfa-rex.php7 HTTP/1.1" 404 - "-" "Mozilla/5.0 (Windows NT 10.0; Win64; x64) AppleWebKit/537.36 (KHTML, like Gecko) Chrome/131.0.0.0 Safari/537.36"
20.205.127.10 - - [24/Sep/2026:12:06:57 -0400] "GET /wp-activate.php HTTP/1.1" 500 93 "-" "Mozilla/5.0 (Windows NT 10.0; Win64; x64) AppleWebKit/537.36 (KHTML, like Gecko) Chrome/131.0.0.0 Safari/537.36"
20.205.127.10 - - [24/Sep/2026:12:06:58 -0400] "GET /post.php HTTP/1.1" 404 - "-" "Mozilla/5.0 (Windows NT 10.0; Win64; x64) AppleWebKit/537.36 (KHTML, like Gecko) Chrome/131.0.0.0 Safari/537.36"
20.205.127.10 - - [24/Sep/2026:12:06:58 -0400] "GET /autoload_classmap.php HTTP/1.1" 404 - "-" "Mozilla/5.0 (Windows NT 10.0; Win64; x64) AppleWebKit/537.36 (KHTML, like Gecko) Chrome/131.0.0.0 Safari/537.36"
20.205.127.10 - - [24/Sep/2026:12:06:58 -0400] "GET /tinyfilemanager.php HTTP/1.1" 404 - "-" "Mozilla/5.0 (Windows NT 10.0; Win64; x64) AppleWebKit/537.36 (KHTML, like Gecko) Chrome/131.0.0.0 Safari/537.36"
20.205.127.10 - - [24/Sep/2026:12:06:58 -0400] "GET /v.php HTTP/1.1" 404 - "-" "Mozilla/5.0 (Windows NT 10.0; Win64; x64) AppleWebKit/537.36 (KHTML, like Gecko) Chrome/131.0.0.0 Safari/537.36"
20.205.127.10 - - [24/Sep/2026:12:06:59 -0400] "GET /2index.php HTTP/1.1" 404 - "-" "Mozilla/5.0 (Windows NT 10.0; Win64; x64) AppleWebKit/537.36 (KHTML, like Gecko) Chrome/131.0.0.0 Safari/537.36"
20.205.127.10 - - [24/Sep/2026:12:06:59 -0400] "GET /css.php HTTP/1.1" 404 - "-" "Mozilla/5.0 (Windows NT 10.0; Win64; x64) AppleWebKit/537.36 (KHTML, like Gecko) Chrome/131.0.0.0 Safari/537.36"
20.205.127.10 - - [24/Sep/2026:12:06:59 -0400] "GET /blog.php7 HTTP/1.1" 404 - "-" "Mozilla/5.0 (Windows NT 10.0; Win64; x64) AppleWebKit/537.36 (KHTML, like Gecko) Chrome/131.0.0.0 Safari/537.36"
20.205.127.10 - - [24/Sep/2026:12:07:00 -0400] "GET /wp-info.php HTTP/1.1" 404 - "-" "Mozilla/5.0 (Windows NT 10.0; Win64; x64) AppleWebKit/537.36 (KHTML, like Gecko) Chrome/131.0.0.0 Safari/537.36"
20.205.127.10 - - [24/Sep/2026:12:07:00 -0400] "GET /gecko.php HTTP/1.1" 404 - "-" "Mozilla/5.0 (Windows NT 10.0; Win64; x64) AppleWebKit/537.36 (KHTML, like Gecko) Chrome/131.0.0.0 Safari/537.36"
20.205.127.10 - - [24/Sep/2026:12:07:00 -0400] "GET /admin.php7 HTTP/1.1" 404 - "-" "Mozilla/5.0 (Windows NT 10.0; Win64; x64) AppleWebKit/537.36 (KHTML, like Gecko) Chrome/131.0.0.0 Safari/537.36"
20.205.127.10 - - [24/Sep/2026:12:07:00 -0400] "GET /wp-seo.php HTTP/1.1" 404 - "-" "Mozilla/5.0 (Windows NT 10.0; Win64; x64) AppleWebKit/537.36 (KHTML, like Gecko) Chrome/131.0.0.0 Safari/537.36"
20.205.127.10 - - [24/Sep/2026:12:07:01 -0400] "GET /hehehehe.php HTTP/1.1" 404 - "-" "Mozilla/5.0 (Windows NT 10.0; Win64; x64) AppleWebKit/537.36 (KHTML, like Gecko) Chrome/131.0.0.0 Safari/537.36"
20.205.127.10 - - [24/Sep/2026:12:07:01 -0400] "GET /02.php HTTP/1.1" 404 - "-" "Mozilla/5.0 (Windows NT 10.0; Win64; x64) AppleWebKit/537.36 (KHTML, like Gecko) Chrome/131.0.0.0 Safari/537.36"
20.205.127.10 - - [24/Sep/2026:12:07:01 -0400] "GET /atomlib.php HTTP/1.1" 404 - "-" "Mozilla/5.0 (Windows NT 10.0; Win64; x64) AppleWebKit/537.36 (KHTML, like Gecko) Chrome/131.0.0.0 Safari/537.36"
20.205.127.10 - - [24/Sep/2026:12:07:01 -0400] "GET /adminfuns.php HTTP/1.1" 404 - "-" "Mozilla/5.0 (Windows NT 10.0; Win64; x64) AppleWebKit/537.36 (KHTML, like Gecko) Chrome/131.0.0.0 Safari/537.36"
20.205.127.10 - - [24/Sep/2026:12:07:02 -0400] "GET /xz.php HTTP/1.1" 404 - "-" "Mozilla/5.0 (Windows NT 10.0; Win64; x64) AppleWebKit/537.36 (KHTML, like Gecko) Chrome/131.0.0.0 Safari/537.36"
20.205.127.10 - - [24/Sep/2026:12:07:02 -0400] "GET /lock360.php HTTP/1.1" 404 - "-" "Mozilla/5.0 (Windows NT 10.0; Win64; x64) AppleWebKit/537.36 (KHTML, like Gecko) Chrome/131.0.0.0 Safari/537.36"
20.205.127.10 - - [24/Sep/2026:12:07:02 -0400] "GET /13.php HTTP/1.1" 404 - "-" "Mozilla/5.0 (Windows NT 10.0; Win64; x64) AppleWebKit/537.36 (KHTML, like Gecko) Chrome/131.0.0.0 Safari/537.36"
20.205.127.10 - - [24/Sep/2026:12:07:02 -0400] "GET /index_.php HTTP/1.1" 404 - "-" "Mozilla/5.0 (Windows NT 10.0; Win64; x64) AppleWebKit/537.36 (KHTML, like Gecko) Chrome/131.0.0.0 Safari/537.36"
20.205.127.10 - - [24/Sep/2026:12:07:03 -0400] "GET /wp-l0gin.php HTTP/1.1" 404 - "-" "Mozilla/5.0 (Windows NT 10.0; Win64; x64) AppleWebKit/537.36 (KHTML, like Gecko) Chrome/131.0.0.0 Safari/537.36"
20.205.127.10 - - [24/Sep/2026:12:07:03 -0400] "GET /ee.php HTTP/1.1" 404 - "-" "Mozilla/5.0 (Windows NT 10.0; Win64; x64) AppleWebKit/537.36 (KHTML, like Gecko) Chrome/131.0.0.0 Safari/537.36"
20.205.127.10 - - [24/Sep/2026:12:07:03 -0400] "GET /send.php HTTP/1.1" 404 - "-" "Mozilla/5.0 (Windows NT 10.0; Win64; x64) AppleWebKit/537.36 (KHTML, like Gecko) Chrome/131.0.0.0 Safari/537.36"
20.205.127.10 - - [24/Sep/2026:12:07:03 -0400] "GET /xxx.php HTTP/1.1" 404 - "-" "Mozilla/5.0 (Windows NT 10.0; Win64; x64) AppleWebKit/537.36 (KHTML, like Gecko) Chrome/131.0.0.0 Safari/537.36"
20.205.127.10 - - [24/Sep/2026:12:07:04 -0400] "GET /8.php HTTP/1.1" 404 - "-" "Mozilla/5.0 (Windows NT 10.0; Win64; x64) AppleWebKit/537.36 (KHTML, like Gecko) Chrome/131.0.0.0 Safari/537.36"
20.205.127.10 - - [24/Sep/2026:12:07:04 -0400] "GET /.well-known.php HTTP/1.1" 404 - "-" "Mozilla/5.0 (Windows NT 10.0; Win64; x64) AppleWebKit/537.36 (KHTML, like Gecko) Chrome/131.0.0.0 Safari/537.36"
20.205.127.10 - - [24/Sep/2026:12:07:04 -0400] "GET /MYK4TJEfFvO.php HTTP/1.1" 404 - "-" "Mozilla/5.0 (Windows NT 10.0; Win64; x64) AppleWebKit/537.36 (KHTML, like Gecko) Chrome/131.0.0.0 Safari/537.36"
20.205.127.10 - - [24/Sep/2026:12:07:05 -0400] "GET /403.php HTTP/1.1" 404 - "-" "Mozilla/5.0 (Windows NT 10.0; Win64; x64) AppleWebKit/537.36 (KHTML, like Gecko) Chrome/131.0.0.0 Safari/537.36"
20.205.127.10 - - [24/Sep/2026:12:07:05 -0400] "GET /sx.php HTTP/1.1" 404 - "-" "Mozilla/5.0 (Windows NT 10.0; Win64; x64) AppleWebKit/537.36 (KHTML, like Gecko) Chrome/131.0.0.0 Safari/537.36"
20.205.127.10 - - [24/Sep/2026:12:07:05 -0400] "GET /samll.php HTTP/1.1" 404 - "-" "Mozilla/5.0 (Windows NT 10.0; Win64; x64) AppleWebKit/537.36 (KHTML, like Gecko) Chrome/131.0.0.0 Safari/537.36"
20.205.127.10 - - [24/Sep/2026:12:07:05 -0400] "GET /admin-header.php HTTP/1.1" 404 - "-" "Mozilla/5.0 (Windows NT 10.0; Win64; x64) AppleWebKit/537.36 (KHTML, like Gecko) Chrome/131.0.0.0 Safari/537.36"
20.205.127.10 - - [24/Sep/2026:12:07:06 -0400] "GET /gebase.php HTTP/1.1" 404 - "-" "Mozilla/5.0 (Windows NT 10.0; Win64; x64) AppleWebKit/537.36 (KHTML, like Gecko) Chrome/131.0.0.0 Safari/537.36"
20.205.127.10 - - [24/Sep/2026:12:07:06 -0400] "GET /system.php HTTP/1.1" 404 - "-" "Mozilla/5.0 (Windows NT 10.0; Win64; x64) AppleWebKit/537.36 (KHTML, like Gecko) Chrome/131.0.0.0 Safari/537.36"
20.205.127.10 - - [24/Sep/2026:12:07:06 -0400] "GET /settings.php HTTP/1.1" 404 - "-" "Mozilla/5.0 (Windows NT 10.0; Win64; x64) AppleWebKit/537.36 (KHTML, like Gecko) Chrome/131.0.0.0 Safari/537.36"
195.178.110.72 - - [24/Sep/2026:12:07:06 -0400] "GET / HTTP/1.1" 500 93 "-" "Mozilla/5.0 (Windows NT 10.0; Win64; x64) AppleWebKit/537.36 (KHTML, like Gecko) Chrome/120.0.0.0 Safari/537.36"
20.205.127.10 - - [24/Sep/2026:12:07:06 -0400] "GET /wp-core.php HTTP/1.1" 404 - "-" "Mozilla/5.0 (Windows NT 10.0; Win64; x64) AppleWebKit/537.36 (KHTML, like Gecko) Chrome/131.0.0.0 Safari/537.36"
20.205.127.10 - - [24/Sep/2026:12:07:07 -0400] "GET /favicon.php HTTP/1.1" 404 - "-" "Mozilla/5.0 (Windows NT 10.0; Win64; x64) AppleWebKit/537.36 (KHTML, like Gecko) Chrome/131.0.0.0 Safari/537.36"
20.205.127.10 - - [24/Sep/2026:12:07:07 -0400] "GET /leafmailer2.8.php HTTP/1.1" 404 - "-" "Mozilla/5.0 (Windows NT 10.0; Win64; x64) AppleWebKit/537.36 (KHTML, like Gecko) Chrome/131.0.0.0 Safari/537.36"
20.205.127.10 - - [24/Sep/2026:12:07:07 -0400] "GET /87.php HTTP/1.1" 404 - "-" "Mozilla/5.0 (Windows NT 10.0; Win64; x64) AppleWebKit/537.36 (KHTML, like Gecko) Chrome/131.0.0.0 Safari/537.36"
20.205.127.10 - - [24/Sep/2026:12:07:07 -0400] "GET /o.php HTTP/1.1" 404 - "-" "Mozilla/5.0 (Windows NT 10.0; Win64; x64) AppleWebKit/537.36 (KHTML, like Gecko) Chrome/131.0.0.0 Safari/537.36"
20.205.127.10 - - [24/Sep/2026:12:07:08 -0400] "GET /Gel.php HTTP/1.1" 404 - "-" "Mozilla/5.0 (Windows NT 10.0; Win64; x64) AppleWebKit/537.36 (KHTML, like Gecko) Chrome/131.0.0.0 Safari/537.36"
20.205.127.10 - - [24/Sep/2026:12:07:08 -0400] "GET /b.php HTTP/1.1" 404 - "-" "Mozilla/5.0 (Windows NT 10.0; Win64; x64) AppleWebKit/537.36 (KHTML, like Gecko) Chrome/131.0.0.0 Safari/537.36"
195.178.110.72 - - [24/Sep/2026:12:07:08 -0400] "POST /wp/index.php?rest_route=/batch/v1 HTTP/1.1" 404 - "-" "Mozilla/5.0 (Windows NT 10.0; Win64; x64) AppleWebKit/537.36 (KHTML, like Gecko) Chrome/120.0.0.0 Safari/537.36"
20.205.127.10 - - [24/Sep/2026:12:07:08 -0400] "GET /gel4y.php HTTP/1.1" 404 - "-" "Mozilla/5.0 (Windows NT 10.0; Win64; x64) AppleWebKit/537.36 (KHTML, like Gecko) Chrome/131.0.0.0 Safari/537.36"
20.205.127.10 - - [24/Sep/2026:12:07:08 -0400] "GET /fi2.php HTTP/1.1" 404 - "-" "Mozilla/5.0 (Windows NT 10.0; Win64; x64) AppleWebKit/537.36 (KHTML, like Gecko) Chrome/131.0.0.0 Safari/537.36"
20.205.127.10 - - [24/Sep/2026:12:07:09 -0400] "GET /f.php HTTP/1.1" 404 - "-" "Mozilla/5.0 (Windows NT 10.0; Win64; x64) AppleWebKit/537.36 (KHTML, like Gecko) Chrome/131.0.0.0 Safari/537.36"
20.205.127.10 - - [24/Sep/2026:12:07:09 -0400] "GET /wander.php HTTP/1.1" 404 - "-" "Mozilla/5.0 (Windows NT 10.0; Win64; x64) AppleWebKit/537.36 (KHTML, like Gecko) Chrome/131.0.0.0 Safari/537.36"
195.178.110.72 - - [24/Sep/2026:12:07:09 -0400] "POST /wp/index.php?rest_route=%2Fbatch%2Fv1 HTTP/1.1" 404 - "-" "Mozilla/5.0 (Windows NT 10.0; Win64; x64) AppleWebKit/537.36 (KHTML, like Gecko) Chrome/120.0.0.0 Safari/537.36"
20.205.127.10 - - [24/Sep/2026:12:07:09 -0400] "GET /info.php HTTP/1.1" 404 - "-" "Mozilla/5.0 (Windows NT 10.0; Win64; x64) AppleWebKit/537.36 (KHTML, like Gecko) Chrome/131.0.0.0 Safari/537.36"
195.178.110.72 - - [24/Sep/2026:12:07:09 -0400] "POST /wp/?rest_route=%2Fbatch%2Fv1 HTTP/1.1" 404 - "-" "Mozilla/5.0 (Windows NT 10.0; Win64; x64) AppleWebKit/537.36 (KHTML, like Gecko) Chrome/120.0.0.0 Safari/537.36"
20.205.127.10 - - [24/Sep/2026:12:07:09 -0400] "GET /goods.php HTTP/1.1" 404 - "-" "Mozilla/5.0 (Windows NT 10.0; Win64; x64) AppleWebKit/537.36 (KHTML, like Gecko) Chrome/131.0.0.0 Safari/537.36"
195.178.110.72 - - [24/Sep/2026:12:07:09 -0400] "POST /wp/?rest_route=/batch%2Fv1 HTTP/1.1" 404 - "-" "Mozilla/5.0 (Windows NT 10.0; Win64; x64) AppleWebKit/537.36 (KHTML, like Gecko) Chrome/120.0.0.0 Safari/537.36"
195.178.110.72 - - [24/Sep/2026:12:07:10 -0400] "POST /wp/?rest_route=/batch/v1 HTTP/1.1" 404 - "-" "Mozilla/5.0 (Windows NT 10.0; Win64; x64) AppleWebKit/537.36 (KHTML, like Gecko) Chrome/120.0.0.0 Safari/537.36"
20.205.127.10 - - [24/Sep/2026:12:07:10 -0400] "GET /leafmailer.php HTTP/1.1" 404 - "-" "Mozilla/5.0 (Windows NT 10.0; Win64; x64) AppleWebKit/537.36 (KHTML, like Gecko) Chrome/131.0.0.0 Safari/537.36"
195.178.110.72 - - [24/Sep/2026:12:07:10 -0400] "POST /wp/wp-json/batch/v1 HTTP/1.1" 404 - "-" "Mozilla/5.0 (Windows NT 10.0; Win64; x64) AppleWebKit/537.36 (KHTML, like Gecko) Chrome/120.0.0.0 Safari/537.36"
20.205.127.10 - - [24/Sep/2026:12:07:10 -0400] "GET /a.php HTTP/1.1" 404 - "-" "Mozilla/5.0 (Windows NT 10.0; Win64; x64) AppleWebKit/537.36 (KHTML, like Gecko) Chrome/131.0.0.0 Safari/537.36"
195.178.110.72 - - [24/Sep/2026:12:07:10 -0400] "POST /wp/wp-json/Batch/v1 HTTP/1.1" 404 - "-" "Mozilla/5.0 (Windows NT 10.0; Win64; x64) AppleWebKit/537.36 (KHTML, like Gecko) Chrome/120.0.0.0 Safari/537.36"
195.178.110.72 - - [24/Sep/2026:12:07:10 -0400] "POST /wp//wp-json/batch/v1 HTTP/1.1" 404 - "-" "Mozilla/5.0 (Windows NT 10.0; Win64; x64) AppleWebKit/537.36 (KHTML, like Gecko) Chrome/120.0.0.0 Safari/537.36"
20.205.127.10 - - [24/Sep/2026:12:07:10 -0400] "GET /old-index.php HTTP/1.1" 404 - "-" "Mozilla/5.0 (Windows NT 10.0; Win64; x64) AppleWebKit/537.36 (KHTML, like Gecko) Chrome/131.0.0.0 Safari/537.36"
195.178.110.72 - - [24/Sep/2026:12:07:10 -0400] "POST /wp/wp-json/batch/v1/ HTTP/1.1" 404 - "-" "Mozilla/5.0 (Windows NT 10.0; Win64; x64) AppleWebKit/537.36 (KHTML, like Gecko) Chrome/120.0.0.0 Safari/537.36"
20.205.127.10 - - [24/Sep/2026:12:07:10 -0400] "GET /public/css.php HTTP/1.1" 404 - "-" "Mozilla/5.0 (Windows NT 10.0; Win64; x64) AppleWebKit/537.36 (KHTML, like Gecko) Chrome/131.0.0.0 Safari/537.36"
20.205.127.10 - - [24/Sep/2026:12:07:11 -0400] "GET /wp-includes/block-supports/ HTTP/1.1" 200 791 "-" "Mozilla/5.0 (Windows NT 10.0; Win64; x64) AppleWebKit/537.36 (KHTML, like Gecko) Chrome/131.0.0.0 Safari/537.36"
195.178.110.72 - - [24/Sep/2026:12:07:11 -0400] "POST /wp/blog/wp-json/batch/v1 HTTP/1.1" 404 - "-" "Mozilla/5.0 (Windows NT 10.0; Win64; x64) AppleWebKit/537.36 (KHTML, like Gecko) Chrome/120.0.0.0 Safari/537.36"
195.178.110.72 - - [24/Sep/2026:12:07:11 -0400] "POST /wp/wordpress/wp-json/batch/v1 HTTP/1.1" 404 - "-" "Mozilla/5.0 (Windows NT 10.0; Win64; x64) AppleWebKit/537.36 (KHTML, like Gecko) Chrome/120.0.0.0 Safari/537.36"
20.205.127.10 - - [24/Sep/2026:12:07:11 -0400] "GET /wp-content/admin.php HTTP/1.1" 404 - "-" "Mozilla/5.0 (Windows NT 10.0; Win64; x64) AppleWebKit/537.36 (KHTML, like Gecko) Chrome/131.0.0.0 Safari/537.36"
20.205.127.10 - - [24/Sep/2026:12:07:11 -0400] "GET /gelay.php HTTP/1.1" 404 - "-" "Mozilla/5.0 (Windows NT 10.0; Win64; x64) AppleWebKit/537.36 (KHTML, like Gecko) Chrome/131.0.0.0 Safari/537.36"
20.205.127.10 - - [24/Sep/2026:12:07:12 -0400] "GET /wp-admin/images/admin.php HTTP/1.1" 404 - "-" "Mozilla/5.0 (Windows NT 10.0; Win64; x64) AppleWebKit/537.36 (KHTML, like Gecko) Chrome/131.0.0.0 Safari/537.36"
195.178.110.72 - - [24/Sep/2026:12:07:12 -0400] "POST /wp/index.php?rest_route=/batch/v1 HTTP/1.1" 404 - "https://www.mujeraf.com/wp/wp-admin/" "Mozilla/5.0 (Windows NT 10.0; Win64; x64) AppleWebKit/537.36 (KHTML, like Gecko) Chrome/120.0.0.0 Safari/537.36"
20.205.127.10 - - [24/Sep/2026:12:07:12 -0400] "GET /wp-admin/css/ HTTP/1.1" 200 1661 "-" "Mozilla/5.0 (Windows NT 10.0; Win64; x64) AppleWebKit/537.36 (KHTML, like Gecko) Chrome/131.0.0.0 Safari/537.36"
20.205.127.10 - - [24/Sep/2026:12:07:12 -0400] "GET /admin/controller/extension/extension/ultra.php HTTP/1.1" 404 - "-" "Mozilla/5.0 (Windows NT 10.0; Win64; x64) AppleWebKit/537.36 (KHTML, like Gecko) Chrome/131.0.0.0 Safari/537.36"
195.178.110.72 - - [24/Sep/2026:12:07:12 -0400] "POST /wp/index.php?rest_route=%2Fbatch%2Fv1 HTTP/1.1" 404 - "https://www.mujeraf.com/wp/wp-admin/" "Mozilla/5.0 (Windows NT 10.0; Win64; x64) AppleWebKit/537.36 (KHTML, like Gecko) Chrome/120.0.0.0 Safari/537.36"
20.205.127.10 - - [24/Sep/2026:12:07:12 -0400] "GET /wp-admin/css/colors/index.php HTTP/1.1" 404 - "-" "Mozilla/5.0 (Windows NT 10.0; Win64; x64) AppleWebKit/537.36 (KHTML, like Gecko) Chrome/131.0.0.0 Safari/537.36"
195.178.110.72 - - [24/Sep/2026:12:07:12 -0400] "POST /wp/?rest_route=%2Fbatch%2Fv1 HTTP/1.1" 404 - "https://www.mujeraf.com/wp/wp-admin/" "Mozilla/5.0 (Windows NT 10.0; Win64; x64) AppleWebKit/537.36 (KHTML, like Gecko) Chrome/120.0.0.0 Safari/537.36"
20.205.127.10 - - [24/Sep/2026:12:07:13 -0400] "GET /f35.php HTTP/1.1" 404 - "-" "Mozilla/5.0 (Windows NT 10.0; Win64; x64) AppleWebKit/537.36 (KHTML, like Gecko) Chrome/131.0.0.0 Safari/537.36"
195.178.110.72 - - [24/Sep/2026:12:07:13 -0400] "POST /wp/?rest_route=/batch%2Fv1 HTTP/1.1" 404 - "https://www.mujeraf.com/wp/wp-admin/" "Mozilla/5.0 (Windows NT 10.0; Win64; x64) AppleWebKit/537.36 (KHTML, like Gecko) Chrome/120.0.0.0 Safari/537.36"
20.205.127.10 - - [24/Sep/2026:12:07:13 -0400] "GET /wp-includes/js/ HTTP/1.1" 200 2334 "-" "Mozilla/5.0 (Windows NT 10.0; Win64; x64) AppleWebKit/537.36 (KHTML, like Gecko) Chrome/131.0.0.0 Safari/537.36"
195.178.110.72 - - [24/Sep/2026:12:07:13 -0400] "POST /wp/?rest_route=/batch/v1 HTTP/1.1" 404 - "https://www.mujeraf.com/wp/wp-admin/" "Mozilla/5.0 (Windows NT 10.0; Win64; x64) AppleWebKit/537.36 (KHTML, like Gecko) Chrome/120.0.0.0 Safari/537.36"
20.205.127.10 - - [24/Sep/2026:12:07:13 -0400] "GET /wp-admin/css/colors/ HTTP/1.1" 200 577 "-" "Mozilla/5.0 (Windows NT 10.0; Win64; x64) AppleWebKit/537.36 (KHTML, like Gecko) Chrome/131.0.0.0 Safari/537.36"
195.178.110.72 - - [24/Sep/2026:12:07:13 -0400] "POST /wp/wp-json/batch/v1 HTTP/1.1" 404 - "https://www.mujeraf.com/wp/wp-admin/" "Mozilla/5.0 (Windows NT 10.0; Win64; x64) AppleWebKit/537.36 (KHTML, like Gecko) Chrome/120.0.0.0 Safari/537.36"
195.178.110.72 - - [24/Sep/2026:12:07:13 -0400] "POST /wp/wp-json/Batch/v1 HTTP/1.1" 404 - "https://www.mujeraf.com/wp/wp-admin/" "Mozilla/5.0 (Windows NT 10.0; Win64; x64) AppleWebKit/537.36 (KHTML, like Gecko) Chrome/120.0.0.0 Safari/537.36"
20.205.127.10 - - [24/Sep/2026:12:07:13 -0400] "GET /alfa.php HTTP/1.1" 404 - "-" "Mozilla/5.0 (Windows NT 10.0; Win64; x64) AppleWebKit/537.36 (KHTML, like Gecko) Chrome/131.0.0.0 Safari/537.36"
195.178.110.72 - - [24/Sep/2026:12:07:14 -0400] "POST /wp//wp-json/batch/v1 HTTP/1.1" 404 - "https://www.mujeraf.com/wp/wp-admin/" "Mozilla/5.0 (Windows NT 10.0; Win64; x64) AppleWebKit/537.36 (KHTML, like Gecko) Chrome/120.0.0.0 Safari/537.36"
195.178.110.72 - - [24/Sep/2026:12:07:14 -0400] "POST /wp/wp-json/batch/v1/ HTTP/1.1" 404 - "https://www.mujeraf.com/wp/wp-admin/" "Mozilla/5.0 (Windows NT 10.0; Win64; x64) AppleWebKit/537.36 (KHTML, like Gecko) Chrome/120.0.0.0 Safari/537.36"
20.205.127.10 - - [24/Sep/2026:12:07:14 -0400] "GET /flower.php HTTP/1.1" 404 - "-" "Mozilla/5.0 (Windows NT 10.0; Win64; x64) AppleWebKit/537.36 (KHTML, like Gecko) Chrome/131.0.0.0 Safari/537.36"
195.178.110.72 - - [24/Sep/2026:12:07:14 -0400] "POST /wp/blog/wp-json/batch/v1 HTTP/1.1" 404 - "https://www.mujeraf.com/wp/wp-admin/" "Mozilla/5.0 (Windows NT 10.0; Win64; x64) AppleWebKit/537.36 (KHTML, like Gecko) Chrome/120.0.0.0 Safari/537.36"
20.205.127.10 - - [24/Sep/2026:12:07:14 -0400] "GET /cc.php HTTP/1.1" 404 - "-" "Mozilla/5.0 (Windows NT 10.0; Win64; x64) AppleWebKit/537.36 (KHTML, like Gecko) Chrome/131.0.0.0 Safari/537.36"
195.178.110.72 - - [24/Sep/2026:12:07:14 -0400] "POST /wp/wordpress/wp-json/batch/v1 HTTP/1.1" 404 - "https://www.mujeraf.com/wp/wp-admin/" "Mozilla/5.0 (Windows NT 10.0; Win64; x64) AppleWebKit/537.36 (KHTML, like Gecko) Chrome/120.0.0.0 Safari/537.36"
20.205.127.10 - - [24/Sep/2026:12:07:14 -0400] "GET /gecko-new.php HTTP/1.1" 404 - "-" "Mozilla/5.0 (Windows NT 10.0; Win64; x64) AppleWebKit/537.36 (KHTML, like Gecko) Chrome/131.0.0.0 Safari/537.36"
195.178.110.72 - - [24/Sep/2026:12:07:15 -0400] "POST /wp/index.php?rest_route=/batch/v1 HTTP/1.1" 404 - "https://www.mujeraf.com/wp/wp-admin/" "Mozilla/5.0 (Windows NT 10.0; Win64; x64) AppleWebKit/537.36 (KHTML, like Gecko) Chrome/120.0.0.0 Safari/537.36"
20.205.127.10 - - [24/Sep/2026:12:07:15 -0400] "GET /wp-content.php.php HTTP/1.1" 404 - "-" "Mozilla/5.0 (Windows NT 10.0; Win64; x64) AppleWebKit/537.36 (KHTML, like Gecko) Chrome/131.0.0.0 Safari/537.36"
20.205.127.10 - - [24/Sep/2026:12:07:15 -0400] "GET /01.php HTTP/1.1" 404 - "-" "Mozilla/5.0 (Windows NT 10.0; Win64; x64) AppleWebKit/537.36 (KHTML, like Gecko) Chrome/131.0.0.0 Safari/537.36"
195.178.110.72 - - [24/Sep/2026:12:07:15 -0400] "POST /wp/index.php?rest_route=%2Fbatch%2Fv1 HTTP/1.1" 404 - "https://www.mujeraf.com/wp/wp-admin/" "Mozilla/5.0 (Windows NT 10.0; Win64; x64) AppleWebKit/537.36 (KHTML, like Gecko) Chrome/120.0.0.0 Safari/537.36"
20.205.127.10 - - [24/Sep/2026:12:07:15 -0400] "GET /222.php HTTP/1.1" 404 - "-" "Mozilla/5.0 (Windows NT 10.0; Win64; x64) AppleWebKit/537.36 (KHTML, like Gecko) Chrome/131.0.0.0 Safari/537.36"
195.178.110.72 - - [24/Sep/2026:12:07:15 -0400] "POST /wp/?rest_route=%2Fbatch%2Fv1 HTTP/1.1" 404 - "https://www.mujeraf.com/wp/wp-admin/" "Mozilla/5.0 (Windows NT 10.0; Win64; x64) AppleWebKit/537.36 (KHTML, like Gecko) Chrome/120.0.0.0 Safari/537.36"
20.205.127.10 - - [24/Sep/2026:12:07:15 -0400] "GET /wp-includes/html-api/ HTTP/1.1" 200 699 "-" "Mozilla/5.0 (Windows NT 10.0; Win64; x64) AppleWebKit/537.36 (KHTML, like Gecko) Chrome/131.0.0.0 Safari/537.36"
20.205.127.10 - - [24/Sep/2026:12:07:16 -0400] "GET /wp-includes/ID3/index.php HTTP/1.1" 404 - "-" "Mozilla/5.0 (Windows NT 10.0; Win64; x64) AppleWebKit/537.36 (KHTML, like Gecko) Chrome/131.0.0.0 Safari/537.36"
195.178.110.72 - - [24/Sep/2026:12:07:16 -0400] "POST /wp/?rest_route=/batch%2Fv1 HTTP/1.1" 404 - "https://www.mujeraf.com/wp/wp-admin/" "Mozilla/5.0 (Windows NT 10.0; Win64; x64) AppleWebKit/537.36 (KHTML, like Gecko) Chrome/120.0.0.0 Safari/537.36"
195.178.110.72 - - [24/Sep/2026:12:07:16 -0400] "POST /wp/?rest_route=/batch/v1 HTTP/1.1" 404 - "https://www.mujeraf.com/wp/wp-admin/" "Mozilla/5.0 (Windows NT 10.0; Win64; x64) AppleWebKit/537.36 (KHTML, like Gecko) Chrome/120.0.0.0 Safari/537.36"
20.205.127.10 - - [24/Sep/2026:12:07:16 -0400] "GET /wp-admin/network/index.php HTTP/1.1" 500 93 "-" "Mozilla/5.0 (Windows NT 10.0; Win64; x64) AppleWebKit/537.36 (KHTML, like Gecko) Chrome/131.0.0.0 Safari/537.36"
20.205.127.10 - - [24/Sep/2026:12:07:17 -0400] "GET /wp-admin/js/ HTTP/1.1" 200 2058 "-" "Mozilla/5.0 (Windows NT 10.0; Win64; x64) AppleWebKit/537.36 (KHTML, like Gecko) Chrome/131.0.0.0 Safari/537.36"
20.205.127.10 - - [24/Sep/2026:12:07:17 -0400] "GET /wp-includes/images/ HTTP/1.1" 200 964 "-" "Mozilla/5.0 (Windows NT 10.0; Win64; x64) AppleWebKit/537.36 (KHTML, like Gecko) Chrome/131.0.0.0 Safari/537.36"
20.205.127.10 - - [24/Sep/2026:12:07:17 -0400] "GET /wp-content/cache/ HTTP/1.1" 200 373 "-" "Mozilla/5.0 (Windows NT 10.0; Win64; x64) AppleWebKit/537.36 (KHTML, like Gecko) Chrome/131.0.0.0 Safari/537.36"
114.119.140.217 - - [24/Sep/2026:12:07:17 -0400] "GET /2014/03/maldito-karma HTTP/1.1" 404 - "https://www.mujeraf.com/2014/03/perder-peso-con-palabras-afrontar-las-dificultades" "Mozilla/5.0 (Linux; Android 7.0;) AppleWebKit/537.36 (HTML, like Gecko) Mobile Safari/537.36 (compatible; PetalBot;+https://webmaster.petalsearch.com/site/petalbot)"
20.205.127.10 - - [24/Sep/2026:12:07:17 -0400] "GET /wp-includes/ HTTP/1.1" 200 4996 "-" "Mozilla/5.0 (Windows NT 10.0; Win64; x64) AppleWebKit/537.36 (KHTML, like Gecko) Chrome/131.0.0.0 Safari/537.36"
20.205.127.10 - - [24/Sep/2026:12:07:18 -0400] "GET /0x.php HTTP/1.1" 404 - "-" "Mozilla/5.0 (Windows NT 10.0; Win64; x64) AppleWebKit/537.36 (KHTML, like Gecko) Chrome/131.0.0.0 Safari/537.36"
20.205.127.10 - - [24/Sep/2026:12:07:18 -0400] "GET /zxz.php HTTP/1.1" 404 - "-" "Mozilla/5.0 (Windows NT 10.0; Win64; x64) AppleWebKit/537.36 (KHTML, like Gecko) Chrome/131.0.0.0 Safari/537.36"
20.205.127.10 - - [24/Sep/2026:12:07:18 -0400] "GET /www.php HTTP/1.1" 404 - "-" "Mozilla/5.0 (Windows NT 10.0; Win64; x64) AppleWebKit/537.36 (KHTML, like Gecko) Chrome/131.0.0.0 Safari/537.36"
195.178.110.72 - - [24/Sep/2026:12:07:18 -0400] "POST /wp/wp-json/batch/v1 HTTP/1.1" 404 - "https://www.mujeraf.com/wp/wp-admin/" "Mozilla/5.0 (Windows NT 10.0; Win64; x64) AppleWebKit/537.36 (KHTML, like Gecko) Chrome/120.0.0.0 Safari/537.36"
20.205.127.10 - - [24/Sep/2026:12:07:19 -0400] "GET /wicked.php HTTP/1.1" 404 - "-" "Mozilla/5.0 (Windows NT 10.0; Win64; x64) AppleWebKit/537.36 (KHTML, like Gecko) Chrome/131.0.0.0 Safari/537.36"
20.205.127.10 - - [24/Sep/2026:12:07:19 -0400] "GET /HLA-dd.php HTTP/1.1" 404 - "-" "Mozilla/5.0 (Windows NT 10.0; Win64; x64) AppleWebKit/537.36 (KHTML, like Gecko) Chrome/131.0.0.0 Safari/537.36"
195.178.110.72 - - [24/Sep/2026:12:07:19 -0400] "POST /wp/wp-json/Batch/v1 HTTP/1.1" 404 - "https://www.mujeraf.com/wp/wp-admin/" "Mozilla/5.0 (Windows NT 10.0; Win64; x64) AppleWebKit/537.36 (KHTML, like Gecko) Chrome/120.0.0.0 Safari/537.36"
195.178.110.72 - - [24/Sep/2026:12:07:19 -0400] "POST /wp//wp-json/batch/v1 HTTP/1.1" 404 - "https://www.mujeraf.com/wp/wp-admin/" "Mozilla/5.0 (Windows NT 10.0; Win64; x64) AppleWebKit/537.36 (KHTML, like Gecko) Chrome/120.0.0.0 Safari/537.36"
20.205.127.10 - - [24/Sep/2026:12:07:19 -0400] "GET /wp-content/upgrade/index.php HTTP/1.1" 404 - "-" "Mozilla/5.0 (Windows NT 10.0; Win64; x64) AppleWebKit/537.36 (KHTML, like Gecko) Chrome/131.0.0.0 Safari/537.36"
195.178.110.72 - - [24/Sep/2026:12:07:19 -0400] "POST /wp/wp-json/batch/v1/ HTTP/1.1" 404 - "https://www.mujeraf.com/wp/wp-admin/" "Mozilla/5.0 (Windows NT 10.0; Win64; x64) AppleWebKit/537.36 (KHTML, like Gecko) Chrome/120.0.0.0 Safari/537.36"
20.205.127.10 - - [24/Sep/2026:12:07:19 -0400] "GET /cah.php HTTP/1.1" 404 - "-" "Mozilla/5.0 (Windows NT 10.0; Win64; x64) AppleWebKit/537.36 (KHTML, like Gecko) Chrome/131.0.0.0 Safari/537.36"
195.178.110.72 - - [24/Sep/2026:12:07:19 -0400] "POST /wp/blog/wp-json/batch/v1 HTTP/1.1" 404 - "https://www.mujeraf.com/wp/wp-admin/" "Mozilla/5.0 (Windows NT 10.0; Win64; x64) AppleWebKit/537.36 (KHTML, like Gecko) Chrome/120.0.0.0 Safari/537.36"
20.205.127.10 - - [24/Sep/2026:12:07:20 -0400] "GET /wp-includes/js/tinymce/plugins/compat3x/css/ HTTP/1.1" 200 403 "-" "Mozilla/5.0 (Windows NT 10.0; Win64; x64) AppleWebKit/537.36 (KHTML, like Gecko) Chrome/131.0.0.0 Safari/537.36"
20.205.127.10 - - [24/Sep/2026:12:07:20 -0400] "GET /wp-includes/pomo/ HTTP/1.1" 200 540 "-" "Mozilla/5.0 (Windows NT 10.0; Win64; x64) AppleWebKit/537.36 (KHTML, like Gecko) Chrome/131.0.0.0 Safari/537.36"
195.178.110.72 - - [24/Sep/2026:12:07:20 -0400] "POST /wp/wordpress/wp-json/batch/v1 HTTP/1.1" 404 - "https://www.mujeraf.com/wp/wp-admin/" "Mozilla/5.0 (Windows NT 10.0; Win64; x64) AppleWebKit/537.36 (KHTML, like Gecko) Chrome/120.0.0.0 Safari/537.36"
20.205.127.10 - - [24/Sep/2026:12:07:20 -0400] "GET /wp-admin/user/index.php HTTP/1.1" 500 93 "-" "Mozilla/5.0 (Windows NT 10.0; Win64; x64) AppleWebKit/537.36 (KHTML, like Gecko) Chrome/131.0.0.0 Safari/537.36"
20.205.127.10 - - [24/Sep/2026:12:07:20 -0400] "GET /abc.php HTTP/1.1" 404 - "-" "Mozilla/5.0 (Windows NT 10.0; Win64; x64) AppleWebKit/537.36 (KHTML, like Gecko) Chrome/131.0.0.0 Safari/537.36"
195.178.110.72 - - [24/Sep/2026:12:07:20 -0400] "POST /wp/index.php?rest_route=/batch/v1 HTTP/1.1" 404 - "https://www.mujeraf.com/wp/wp-admin/" "Mozilla/5.0 (Windows NT 10.0; Win64; x64) AppleWebKit/537.36 (KHTML, like Gecko) Chrome/120.0.0.0 Safari/537.36"
20.205.127.10 - - [24/Sep/2026:12:07:21 -0400] "GET /akcc.php HTTP/1.1" 404 - "-" "Mozilla/5.0 (Windows NT 10.0; Win64; x64) AppleWebKit/537.36 (KHTML, like Gecko) Chrome/131.0.0.0 Safari/537.36"
20.205.127.10 - - [24/Sep/2026:12:07:21 -0400] "GET /wk/index.php HTTP/1.1" 404 - "-" "Mozilla/5.0 (Windows NT 10.0; Win64; x64) AppleWebKit/537.36 (KHTML, like Gecko) Chrome/131.0.0.0 Safari/537.36"
20.205.127.10 - - [24/Sep/2026:12:07:21 -0400] "GET /wp-content/x/index.php HTTP/1.1" 404 - "-" "Mozilla/5.0 (Windows NT 10.0; Win64; x64) AppleWebKit/537.36 (KHTML, like Gecko) Chrome/131.0.0.0 Safari/537.36"
20.205.127.10 - - [24/Sep/2026:12:07:21 -0400] "GET /wp-content/index.php HTTP/1.1" 500 - "-" "Mozilla/5.0 (Windows NT 10.0; Win64; x64) AppleWebKit/537.36 (KHTML, like Gecko) Chrome/131.0.0.0 Safari/537.36"
195.178.110.72 - - [24/Sep/2026:12:07:22 -0400] "POST /wp/index.php?rest_route=%2Fbatch%2Fv1 HTTP/1.1" 404 - "https://www.mujeraf.com/wp/wp-admin/" "Mozilla/5.0 (Windows NT 10.0; Win64; x64) AppleWebKit/537.36 (KHTML, like Gecko) Chrome/120.0.0.0 Safari/537.36"
195.178.110.72 - - [24/Sep/2026:12:07:22 -0400] "POST /wp/?rest_route=%2Fbatch%2Fv1 HTTP/1.1" 404 - "https://www.mujeraf.com/wp/wp-admin/" "Mozilla/5.0 (Windows NT 10.0; Win64; x64) AppleWebKit/537.36 (KHTML, like Gecko) Chrome/120.0.0.0 Safari/537.36"
195.178.110.72 - - [24/Sep/2026:12:07:22 -0400] "POST /wp/?rest_route=/batch%2Fv1 HTTP/1.1" 404 - "https://www.mujeraf.com/wp/wp-admin/" "Mozilla/5.0 (Windows NT 10.0; Win64; x64) AppleWebKit/537.36 (KHTML, like Gecko) Chrome/120.0.0.0 Safari/537.36"
195.178.110.72 - - [24/Sep/2026:12:07:22 -0400] "POST /wp/?rest_route=/batch/v1 HTTP/1.1" 404 - "https://www.mujeraf.com/wp/wp-admin/" "Mozilla/5.0 (Windows NT 10.0; Win64; x64) AppleWebKit/537.36 (KHTML, like Gecko) Chrome/120.0.0.0 Safari/537.36"
20.205.127.10 - - [24/Sep/2026:12:07:22 -0400] "GET /wp-content/themes/admin.php HTTP/1.1" 404 - "-" "Mozilla/5.0 (Windows NT 10.0; Win64; x64) AppleWebKit/537.36 (KHTML, like Gecko) Chrome/131.0.0.0 Safari/537.36"
20.205.127.10 - - [24/Sep/2026:12:07:22 -0400] "GET /.well-known/acme-challenge/index.php HTTP/1.1" 404 - "-" "Mozilla/5.0 (Windows NT 10.0; Win64; x64) AppleWebKit/537.36 (KHTML, like Gecko) Chrome/131.0.0.0 Safari/537.36"
195.178.110.72 - - [24/Sep/2026:12:07:23 -0400] "POST /wp/wp-json/batch/v1 HTTP/1.1" 404 - "https://www.mujeraf.com/wp/wp-admin/" "Mozilla/5.0 (Windows NT 10.0; Win64; x64) AppleWebKit/537.36 (KHTML, like Gecko) Chrome/120.0.0.0 Safari/537.36"
20.205.127.10 - - [24/Sep/2026:12:07:23 -0400] "GET /wp-includes/blocks/shortcode/index.php HTTP/1.1" 404 - "-" "Mozilla/5.0 (Windows NT 10.0; Win64; x64) AppleWebKit/537.36 (KHTML, like Gecko) Chrome/131.0.0.0 Safari/537.36"
195.178.110.72 - - [24/Sep/2026:12:07:23 -0400] "POST /wp/wp-json/Batch/v1 HTTP/1.1" 404 - "https://www.mujeraf.com/wp/wp-admin/" "Mozilla/5.0 (Windows NT 10.0; Win64; x64) AppleWebKit/537.36 (KHTML, like Gecko) Chrome/120.0.0.0 Safari/537.36"
20.205.127.10 - - [24/Sep/2026:12:07:23 -0400] "GET /wp-includes/images/smilies/ HTTP/1.1" 200 794 "-" "Mozilla/5.0 (Windows NT 10.0; Win64; x64) AppleWebKit/537.36 (KHTML, like Gecko) Chrome/131.0.0.0 Safari/537.36"
195.178.110.72 - - [24/Sep/2026:12:07:23 -0400] "POST /wp//wp-json/batch/v1 HTTP/1.1" 404 - "https://www.mujeraf.com/wp/wp-admin/" "Mozilla/5.0 (Windows NT 10.0; Win64; x64) AppleWebKit/537.36 (KHTML, like Gecko) Chrome/120.0.0.0 Safari/537.36"
195.178.110.72 - - [24/Sep/2026:12:07:23 -0400] "POST /wp/wp-json/batch/v1/ HTTP/1.1" 404 - "https://www.mujeraf.com/wp/wp-admin/" "Mozilla/5.0 (Windows NT 10.0; Win64; x64) AppleWebKit/537.36 (KHTML, like Gecko) Chrome/120.0.0.0 Safari/537.36"
20.205.127.10 - - [24/Sep/2026:12:07:23 -0400] "GET /cgi-bin/index.php HTTP/1.1" 404 - "-" "Mozilla/5.0 (Windows NT 10.0; Win64; x64) AppleWebKit/537.36 (KHTML, like Gecko) Chrome/131.0.0.0 Safari/537.36"
195.178.110.72 - - [24/Sep/2026:12:07:23 -0400] "POST /wp/blog/wp-json/batch/v1 HTTP/1.1" 404 - "https://www.mujeraf.com/wp/wp-admin/" "Mozilla/5.0 (Windows NT 10.0; Win64; x64) AppleWebKit/537.36 (KHTML, like Gecko) Chrome/120.0.0.0 Safari/537.36"
195.178.110.72 - - [24/Sep/2026:12:07:23 -0400] "POST /wp/wordpress/wp-json/batch/v1 HTTP/1.1" 404 - "https://www.mujeraf.com/wp/wp-admin/" "Mozilla/5.0 (Windows NT 10.0; Win64; x64) AppleWebKit/537.36 (KHTML, like Gecko) Chrome/120.0.0.0 Safari/537.36"
20.205.127.10 - - [24/Sep/2026:12:07:23 -0400] "GET /an.php HTTP/1.1" 404 - "-" "Mozilla/5.0 (Windows NT 10.0; Win64; x64) AppleWebKit/537.36 (KHTML, like Gecko) Chrome/131.0.0.0 Safari/537.36"
195.178.110.72 - - [24/Sep/2026:12:07:24 -0400] "POST /wp/index.php?rest_route=/batch/v1 HTTP/1.1" 404 - "https://www.mujeraf.com/wp/wp-admin/" "WordPress/6.4.3"
195.178.110.72 - - [24/Sep/2026:12:07:24 -0400] "POST /wp/index.php?rest_route=%2Fbatch%2Fv1 HTTP/1.1" 404 - "https://www.mujeraf.com/wp/wp-admin/" "WordPress/6.4.3"
20.205.127.10 - - [24/Sep/2026:12:07:24 -0400] "GET /wp-admin/images/ HTTP/1.1" 200 1791 "-" "Mozilla/5.0 (Windows NT 10.0; Win64; x64) AppleWebKit/537.36 (KHTML, like Gecko) Chrome/131.0.0.0 Safari/537.36"
195.178.110.72 - - [24/Sep/2026:12:07:24 -0400] "POST /wp/?rest_route=%2Fbatch%2Fv1 HTTP/1.1" 404 - "https://www.mujeraf.com/wp/wp-admin/" "WordPress/6.4.3"
20.205.127.10 - - [24/Sep/2026:12:07:24 -0400] "GET /wp-content/uploads/goods.php HTTP/1.1" 404 - "-" "Mozilla/5.0 (Windows NT 10.0; Win64; x64) AppleWebKit/537.36 (KHTML, like Gecko) Chrome/131.0.0.0 Safari/537.36"
195.178.110.72 - - [24/Sep/2026:12:07:24 -0400] "POST /wp/?rest_route=/batch%2Fv1 HTTP/1.1" 404 - "https://www.mujeraf.com/wp/wp-admin/" "WordPress/6.4.3"
195.178.110.72 - - [24/Sep/2026:12:07:24 -0400] "POST /wp/?rest_route=/batch/v1 HTTP/1.1" 404 - "https://www.mujeraf.com/wp/wp-admin/" "WordPress/6.4.3"
20.205.127.10 - - [24/Sep/2026:12:07:24 -0400] "GET /wp-includes/ID3/ HTTP/1.1" 200 721 "-" "Mozilla/5.0 (Windows NT 10.0; Win64; x64) AppleWebKit/537.36 (KHTML, like Gecko) Chrome/131.0.0.0 Safari/537.36"
195.178.110.72 - - [24/Sep/2026:12:07:24 -0400] "POST /wp/wp-json/batch/v1 HTTP/1.1" 404 - "https://www.mujeraf.com/wp/wp-admin/" "WordPress/6.4.3"
20.205.127.10 - - [24/Sep/2026:12:07:24 -0400] "GET /.well-known/ HTTP/1.1" 200 406 "-" "Mozilla/5.0 (Windows NT 10.0; Win64; x64) AppleWebKit/537.36 (KHTML, like Gecko) Chrome/131.0.0.0 Safari/537.36"
195.178.110.72 - - [24/Sep/2026:12:07:24 -0400] "POST /wp/wp-json/Batch/v1 HTTP/1.1" 404 - "https://www.mujeraf.com/wp/wp-admin/" "WordPress/6.4.3"
195.178.110.72 - - [24/Sep/2026:12:07:25 -0400] "POST /wp//wp-json/batch/v1 HTTP/1.1" 404 - "https://www.mujeraf.com/wp/wp-admin/" "WordPress/6.4.3"
20.205.127.10 - - [24/Sep/2026:12:07:25 -0400] "GET /sf.php HTTP/1.1" 404 - "-" "Mozilla/5.0 (Windows NT 10.0; Win64; x64) AppleWebKit/537.36 (KHTML, like Gecko) Chrome/131.0.0.0 Safari/537.36"
195.178.110.72 - - [24/Sep/2026:12:07:25 -0400] "POST /wp/wp-json/batch/v1/ HTTP/1.1" 404 - "https://www.mujeraf.com/wp/wp-admin/" "WordPress/6.4.3"
20.205.127.10 - - [24/Sep/2026:12:07:25 -0400] "GET /index/function.php HTTP/1.1" 404 - "-" "Mozilla/5.0 (Windows NT 10.0; Win64; x64) AppleWebKit/537.36 (KHTML, like Gecko) Chrome/131.0.0.0 Safari/537.36"
20.205.127.10 - - [24/Sep/2026:12:07:25 -0400] "GET /wp-includes/rest-api/ HTTP/1.1" 200 513 "-" "Mozilla/5.0 (Windows NT 10.0; Win64; x64) AppleWebKit/537.36 (KHTML, like Gecko) Chrome/131.0.0.0 Safari/537.36"
20.205.127.10 - - [24/Sep/2026:12:07:25 -0400] "GET /wp-content/themes/twentytwenty/404.php HTTP/1.1" 500 - "-" "Mozilla/5.0 (Windows NT 10.0; Win64; x64) AppleWebKit/537.36 (KHTML, like Gecko) Chrome/131.0.0.0 Safari/537.36"
20.205.127.10 - - [24/Sep/2026:12:07:26 -0400] "GET /wp-good.php HTTP/1.1" 404 - "-" "Mozilla/5.0 (Windows NT 10.0; Win64; x64) AppleWebKit/537.36 (KHTML, like Gecko) Chrome/131.0.0.0 Safari/537.36"
20.205.127.10 - - [24/Sep/2026:12:07:26 -0400] "GET /wp-admin/js/widgets/ HTTP/1.1" 200 659 "-" "Mozilla/5.0 (Windows NT 10.0; Win64; x64) AppleWebKit/537.36 (KHTML, like Gecko) Chrome/131.0.0.0 Safari/537.36"
20.205.127.10 - - [24/Sep/2026:12:07:27 -0400] "GET /wp-admin/css/colors/midnight/ HTTP/1.1" 200 451 "-" "Mozilla/5.0 (Windows NT 10.0; Win64; x64) AppleWebKit/537.36 (KHTML, like Gecko) Chrome/131.0.0.0 Safari/537.36"
195.178.110.72 - - [24/Sep/2026:12:07:27 -0400] "POST /wp/blog/wp-json/batch/v1 HTTP/1.1" 404 - "https://www.mujeraf.com/wp/wp-admin/" "WordPress/6.4.3"
20.205.127.10 - - [24/Sep/2026:12:07:27 -0400] "GET /tes.php HTTP/1.1" 404 - "-" "Mozilla/5.0 (Windows NT 10.0; Win64; x64) AppleWebKit/537.36 (KHTML, like Gecko) Chrome/131.0.0.0 Safari/537.36"
195.178.110.72 - - [24/Sep/2026:12:07:27 -0400] "POST /wp/wordpress/wp-json/batch/v1 HTTP/1.1" 404 - "https://www.mujeraf.com/wp/wp-admin/" "WordPress/6.4.3"
195.178.110.72 - - [24/Sep/2026:12:07:27 -0400] "GET /wp/wp/v2/posts/999999 HTTP/1.1" 404 - "-" "Mozilla/5.0 (Windows NT 10.0; Win64; x64) AppleWebKit/537.36 (KHTML, like Gecko) Chrome/120.0.0.0 Safari/537.36"
20.205.127.10 - - [24/Sep/2026:12:07:27 -0400] "GET /files/index.php HTTP/1.1" 404 - "-" "Mozilla/5.0 (Windows NT 10.0; Win64; x64) AppleWebKit/537.36 (KHTML, like Gecko) Chrome/131.0.0.0 Safari/537.36"
195.178.110.72 - - [24/Sep/2026:12:07:27 -0400] "GET /wp/?rest_route=/wp/v2/posts/999999 HTTP/1.1" 404 - "-" "Mozilla/5.0 (Windows NT 10.0; Win64; x64) AppleWebKit/537.36 (KHTML, like Gecko) Chrome/120.0.0.0 Safari/537.36"
20.205.127.10 - - [24/Sep/2026:12:07:28 -0400] "GET /wp-content/uploads/index.php HTTP/1.1" 200 - "-" "Mozilla/5.0 (Windows NT 10.0; Win64; x64) AppleWebKit/537.36 (KHTML, like Gecko) Chrome/131.0.0.0 Safari/537.36"
195.178.110.72 - - [24/Sep/2026:12:07:28 -0400] "GET /wp/wp/v2/pages HTTP/1.1" 404 - "-" "Mozilla/5.0 (Windows NT 10.0; Win64; x64) AppleWebKit/537.36 (KHTML, like Gecko) Chrome/120.0.0.0 Safari/537.36"
195.178.110.72 - - [24/Sep/2026:12:07:28 -0400] "GET /wp/?rest_route=/wp/v2/pages HTTP/1.1" 404 - "-" "Mozilla/5.0 (Windows NT 10.0; Win64; x64) AppleWebKit/537.36 (KHTML, like Gecko) Chrome/120.0.0.0 Safari/537.36"
20.205.127.10 - - [24/Sep/2026:12:07:28 -0400] "GET /images/images/about.php HTTP/1.1" 404 - "-" "Mozilla/5.0 (Windows NT 10.0; Win64; x64) AppleWebKit/537.36 (KHTML, like Gecko) Chrome/131.0.0.0 Safari/537.36"
195.178.110.72 - - [24/Sep/2026:12:07:28 -0400] "GET /wp/wp/v2/media HTTP/1.1" 404 - "-" "Mozilla/5.0 (Windows NT 10.0; Win64; x64) AppleWebKit/537.36 (KHTML, like Gecko) Chrome/120.0.0.0 Safari/537.36"
195.178.110.72 - - [24/Sep/2026:12:07:28 -0400] "GET /wp/?rest_route=/wp/v2/media HTTP/1.1" 404 - "-" "Mozilla/5.0 (Windows NT 10.0; Win64; x64) AppleWebKit/537.36 (KHTML, like Gecko) Chrome/120.0.0.0 Safari/537.36"
20.205.127.10 - - [24/Sep/2026:12:07:28 -0400] "GET /ms-edit.php HTTP/1.1" 404 - "-" "Mozilla/5.0 (Windows NT 10.0; Win64; x64) AppleWebKit/537.36 (KHTML, like Gecko) Chrome/131.0.0.0 Safari/537.36"
195.178.110.72 - - [24/Sep/2026:12:07:28 -0400] "GET /wp/wp/v2/categories HTTP/1.1" 404 - "-" "Mozilla/5.0 (Windows NT 10.0; Win64; x64) AppleWebKit/537.36 (KHTML, like Gecko) Chrome/120.0.0.0 Safari/537.36"
195.178.110.72 - - [24/Sep/2026:12:07:28 -0400] "GET /wp/?rest_route=/wp/v2/categories HTTP/1.1" 404 - "-" "Mozilla/5.0 (Windows NT 10.0; Win64; x64) AppleWebKit/537.36 (KHTML, like Gecko) Chrome/120.0.0.0 Safari/537.36"
20.205.127.10 - - [24/Sep/2026:12:07:29 -0400] "GET /rip.php HTTP/1.1" 404 - "-" "Mozilla/5.0 (Windows NT 10.0; Win64; x64) AppleWebKit/537.36 (KHTML, like Gecko) Chrome/131.0.0.0 Safari/537.36"
195.178.110.72 - - [24/Sep/2026:12:07:29 -0400] "GET /wp/wp/v2/tags HTTP/1.1" 404 - "-" "Mozilla/5.0 (Windows NT 10.0; Win64; x64) AppleWebKit/537.36 (KHTML, like Gecko) Chrome/120.0.0.0 Safari/537.36"
195.178.110.72 - - [24/Sep/2026:12:07:29 -0400] "GET /wp/?rest_route=/wp/v2/tags HTTP/1.1" 404 - "-" "Mozilla/5.0 (Windows NT 10.0; Win64; x64) AppleWebKit/537.36 (KHTML, like Gecko) Chrome/120.0.0.0 Safari/537.36"
20.205.127.10 - - [24/Sep/2026:12:07:29 -0400] "GET /wp-content/uploads/ HTTP/1.1" 200 - "-" "Mozilla/5.0 (Windows NT 10.0; Win64; x64) AppleWebKit/537.36 (KHTML, like Gecko) Chrome/131.0.0.0 Safari/537.36"
20.205.127.10 - - [24/Sep/2026:12:07:29 -0400] "GET /cache.php HTTP/1.1" 404 - "-" "Mozilla/5.0 (Windows NT 10.0; Win64; x64) AppleWebKit/537.36 (KHTML, like Gecko) Chrome/131.0.0.0 Safari/537.36"
195.178.110.72 - - [24/Sep/2026:12:07:29 -0400] "GET /wp/wp/v2/posts/999998 HTTP/1.1" 404 - "-" "Mozilla/5.0 (Windows NT 10.0; Win64; x64) AppleWebKit/537.36 (KHTML, like Gecko) Chrome/120.0.0.0 Safari/537.36"
195.178.110.72 - - [24/Sep/2026:12:07:29 -0400] "GET /wp/?rest_route=/wp/v2/posts/999998 HTTP/1.1" 404 - "-" "Mozilla/5.0 (Windows NT 10.0; Win64; x64) AppleWebKit/537.36 (KHTML, like Gecko) Chrome/120.0.0.0 Safari/537.36"
20.205.127.10 - - [24/Sep/2026:12:07:29 -0400] "GET /wp-includes/block-bindings/ HTTP/1.1" 200 461 "-" "Mozilla/5.0 (Windows NT 10.0; Win64; x64) AppleWebKit/537.36 (KHTML, like Gecko) Chrome/131.0.0.0 Safari/537.36"
195.178.110.72 - - [24/Sep/2026:12:07:30 -0400] "GET /wp/wp/v2/posts/99999 HTTP/1.1" 404 - "-" "Mozilla/5.0 (Windows NT 10.0; Win64; x64) AppleWebKit/537.36 (KHTML, like Gecko) Chrome/120.0.0.0 Safari/537.36"
20.205.127.10 - - [24/Sep/2026:12:07:30 -0400] "GET /vendor/ HTTP/1.1" 404 - "-" "Mozilla/5.0 (Windows NT 10.0; Win64; x64) AppleWebKit/537.36 (KHTML, like Gecko) Chrome/131.0.0.0 Safari/537.36"
195.178.110.72 - - [24/Sep/2026:12:07:30 -0400] "GET /wp/?rest_route=/wp/v2/posts/99999 HTTP/1.1" 404 - "-" "Mozilla/5.0 (Windows NT 10.0; Win64; x64) AppleWebKit/537.36 (KHTML, like Gecko) Chrome/120.0.0.0 Safari/537.36"
195.178.110.72 - - [24/Sep/2026:12:07:30 -0400] "GET /wp/wp/v2/posts/9999999 HTTP/1.1" 404 - "-" "Mozilla/5.0 (Windows NT 10.0; Win64; x64) AppleWebKit/537.36 (KHTML, like Gecko) Chrome/120.0.0.0 Safari/537.36"
20.205.127.10 - - [24/Sep/2026:12:07:30 -0400] "GET /wp-content/themes/ HTTP/1.1" 200 - "-" "Mozilla/5.0 (Windows NT 10.0; Win64; x64) AppleWebKit/537.36 (KHTML, like Gecko) Chrome/131.0.0.0 Safari/537.36"
195.178.110.72 - - [24/Sep/2026:12:07:30 -0400] "GET /wp/?rest_route=/wp/v2/posts/9999999 HTTP/1.1" 404 - "-" "Mozilla/5.0 (Windows NT 10.0; Win64; x64) AppleWebKit/537.36 (KHTML, like Gecko) Chrome/120.0.0.0 Safari/537.36"
195.178.110.72 - - [24/Sep/2026:12:07:30 -0400] "GET /wp/wp/v2/users HTTP/1.1" 404 - "-" "Mozilla/5.0 (Windows NT 10.0; Win64; x64) AppleWebKit/537.36 (KHTML, like Gecko) Chrome/120.0.0.0 Safari/537.36"
20.205.127.10 - - [24/Sep/2026:12:07:30 -0400] "GET /wp-includes/images/smilies/about.php HTTP/1.1" 404 - "-" "Mozilla/5.0 (Windows NT 10.0; Win64; x64) AppleWebKit/537.36 (KHTML, like Gecko) Chrome/131.0.0.0 Safari/537.36"
195.178.110.72 - - [24/Sep/2026:12:07:30 -0400] "GET /wp/?rest_route=/wp/v2/users HTTP/1.1" 404 - "-" "Mozilla/5.0 (Windows NT 10.0; Win64; x64) AppleWebKit/537.36 (KHTML, like Gecko) Chrome/120.0.0.0 Safari/537.36"
20.205.127.10 - - [24/Sep/2026:12:07:30 -0400] "GET /wp-includes/js/crop/ HTTP/1.1" 200 445 "-" "Mozilla/5.0 (Windows NT 10.0; Win64; x64) AppleWebKit/537.36 (KHTML, like Gecko) Chrome/131.0.0.0 Safari/537.36"
195.178.110.72 - - [24/Sep/2026:12:07:31 -0400] "POST /wordpress/index.php?rest_route=/batch/v1 HTTP/1.1" 404 - "-" "Mozilla/5.0 (Windows NT 10.0; Win64; x64) AppleWebKit/537.36 (KHTML, like Gecko) Chrome/120.0.0.0 Safari/537.36"
195.178.110.72 - - [24/Sep/2026:12:07:31 -0400] "POST /wordpress/index.php?rest_route=%2Fbatch%2Fv1 HTTP/1.1" 404 - "-" "Mozilla/5.0 (Windows NT 10.0; Win64; x64) AppleWebKit/537.36 (KHTML, like Gecko) Chrome/120.0.0.0 Safari/537.36"
20.205.127.10 - - [24/Sep/2026:12:07:31 -0400] "GET /wp-admin/maint/admin.php HTTP/1.1" 404 - "-" "Mozilla/5.0 (Windows NT 10.0; Win64; x64) AppleWebKit/537.36 (KHTML, like Gecko) Chrome/131.0.0.0 Safari/537.36"
195.178.110.72 - - [24/Sep/2026:12:07:31 -0400] "POST /wordpress/?rest_route=%2Fbatch%2Fv1 HTTP/1.1" 404 - "-" "Mozilla/5.0 (Windows NT 10.0; Win64; x64) AppleWebKit/537.36 (KHTML, like Gecko) Chrome/120.0.0.0 Safari/537.36"
195.178.110.72 - - [24/Sep/2026:12:07:31 -0400] "POST /wordpress/?rest_route=/batch%2Fv1 HTTP/1.1" 404 - "-" "Mozilla/5.0 (Windows NT 10.0; Win64; x64) AppleWebKit/537.36 (KHTML, like Gecko) Chrome/120.0.0.0 Safari/537.36"
20.205.127.10 - - [24/Sep/2026:12:07:31 -0400] "GET /wp-admin/network/ HTTP/1.1" 500 93 "-" "Mozilla/5.0 (Windows NT 10.0; Win64; x64) AppleWebKit/537.36 (KHTML, like Gecko) Chrome/131.0.0.0 Safari/537.36"
195.178.110.72 - - [24/Sep/2026:12:07:31 -0400] "POST /wordpress/?rest_route=/batch/v1 HTTP/1.1" 404 - "-" "Mozilla/5.0 (Windows NT 10.0; Win64; x64) AppleWebKit/537.36 (KHTML, like Gecko) Chrome/120.0.0.0 Safari/537.36"
195.178.110.72 - - [24/Sep/2026:12:07:32 -0400] "POST /wordpress/wp-json/batch/v1 HTTP/1.1" 404 - "-" "Mozilla/5.0 (Windows NT 10.0; Win64; x64) AppleWebKit/537.36 (KHTML, like Gecko) Chrome/120.0.0.0 Safari/537.36"
20.205.127.10 - - [24/Sep/2026:12:07:32 -0400] "GET /wp-includes/IXR/index.php HTTP/1.1" 404 - "-" "Mozilla/5.0 (Windows NT 10.0; Win64; x64) AppleWebKit/537.36 (KHTML, like Gecko) Chrome/131.0.0.0 Safari/537.36"
195.178.110.72 - - [24/Sep/2026:12:07:32 -0400] "POST /wordpress/wp-json/Batch/v1 HTTP/1.1" 404 - "-" "Mozilla/5.0 (Windows NT 10.0; Win64; x64) AppleWebKit/537.36 (KHTML, like Gecko) Chrome/120.0.0.0 Safari/537.36"
195.178.110.72 - - [24/Sep/2026:12:07:32 -0400] "POST /wordpress//wp-json/batch/v1 HTTP/1.1" 404 - "-" "Mozilla/5.0 (Windows NT 10.0; Win64; x64) AppleWebKit/537.36 (KHTML, like Gecko) Chrome/120.0.0.0 Safari/537.36"
20.205.127.10 - - [24/Sep/2026:12:07:32 -0400] "GET /xmrlpc.php HTTP/1.1" 404 - "-" "Mozilla/5.0 (Windows NT 10.0; Win64; x64) AppleWebKit/537.36 (KHTML, like Gecko) Chrome/131.0.0.0 Safari/537.36"
195.178.110.72 - - [24/Sep/2026:12:07:32 -0400] "POST /wordpress/wp-json/batch/v1/ HTTP/1.1" 404 - "-" "Mozilla/5.0 (Windows NT 10.0; Win64; x64) AppleWebKit/537.36 (KHTML, like Gecko) Chrome/120.0.0.0 Safari/537.36"
