23.100.92.252 - - [24/Sep/2026:11:39:42 -0400] "GET /wp-includes/widgets/class-wp-widget-block.php HTTP/1.1" 500 - "binance.com" "Mozilla/5.0 (Windows NT 10.0; Win64; x64) AppleWebKit/537.36 (KHTML, like Gecko) Chrome/90.0.4430.85 Safari/537.36"
23.100.92.252 - - [24/Sep/2026:11:39:55 -0400] "GET /wp-includes/css/ HTTP/1.1" 200 1045 "binance.com" "Mozilla/5.0 (Windows NT 10.0; Win64; x64) AppleWebKit/537.36 (KHTML, like Gecko) Chrome/90.0.4430.85 Safari/537.36"
23.100.92.252 - - [24/Sep/2026:11:40:17 -0400] "GET /wp-includes/css/dist/ HTTP/1.1" 200 753 "binance.com" "Mozilla/5.0 (Windows NT 10.0; Win64; x64) AppleWebKit/537.36 (KHTML, like Gecko) Chrome/90.0.4430.85 Safari/537.36"
64.89.160.157 - - [24/Sep/2026:11:40:28 -0400] "GET / HTTP/1.1" 401 53 "http://cpcalendars.mujeraf.com/" "Mozilla/5.0 (Macintosh; Intel Mac OS X 10_15_7) AppleWebKit/537.36 (KHTML, like Gecko) Chrome/125.0.0.0 Safari/537.36"
64.89.160.157 - - [24/Sep/2026:11:40:28 -0400] "GET / HTTP/1.1" 401 53 "http://webdisk.mujeraf.com/" "Mozilla/5.0 (Macintosh; Intel Mac OS X 10_15_7) AppleWebKit/537.36 (KHTML, like Gecko) Chrome/125.0.0.0 Safari/537.36"
64.89.160.157 - - [24/Sep/2026:11:40:28 -0400] "GET / HTTP/1.1" 401 53 "http://cpcontacts.mujeraf.com/" "Mozilla/5.0 (iPhone; CPU iPhone OS 17_5 like Mac OS X) AppleWebKit/605.1.15 (KHTML, like Gecko) Version/17.5 Mobile/15E148 Safari/604.1"
64.89.160.157 - - [24/Sep/2026:11:40:29 -0400] "GET / HTTP/1.1" 500 93 "http://mujeraf.com/" "Mozilla/5.0 (iPhone; CPU iPhone OS 17_5 like Mac OS X) AppleWebKit/605.1.15 (KHTML, like Gecko) Version/17.5 Mobile/15E148 Safari/604.1"
23.100.92.252 - - [24/Sep/2026:11:40:32 -0400] "GET /wp-includes/css/dist/ HTTP/1.1" 200 753 "binance.com" "Mozilla/5.0 (Windows NT 10.0; Win64; x64) AppleWebKit/537.36 (KHTML, like Gecko) Chrome/90.0.4430.85 Safari/537.36"
5.102.173.71 - - [24/Sep/2026:11:40:45 -0400] "GET /robots.txt HTTP/1.1" 404 - "-" "Mozilla/5.0 (compatible; MojeekBot/0.11; +https://www.mojeek.com/bot.html)"
23.100.92.252 - - [24/Sep/2026:11:40:46 -0400] "GET /wp-includes/css/dist/registry.php HTTP/1.1" 200 - "binance.com" "Mozilla/5.0 (Windows NT 10.0; Win64; x64) AppleWebKit/537.36 (KHTML, like Gecko) Chrome/90.0.4430.85 Safari/537.36"
5.102.173.71 - - [24/Sep/2026:11:40:48 -0400] "GET /tag/walter-riso/ HTTP/1.1" 404 - "-" "Mozilla/5.0 (compatible; MojeekBot/0.11; +https://www.mojeek.com/bot.html)"
16.216.88.126 - - [24/Sep/2026:11:40:50 -0400] "GET /wp-content/uploads/2015/01/directora.jpg HTTP/1.1" 200 149573 "-" "Mozilla/5.0 AppleWebKit/537.36 (KHTML, like Gecko; compatible; Reflectionbot/1.0; +https://reflection.ai/bot) Chrome/151.0.0.0 Safari/537.36"
52.167.144.25 - - [24/Sep/2026:11:40:57 -0400] "GET /wp-content/uploads/2014/02/piel_avena.jpg HTTP/1.1" 200 577787 "-" "Mozilla/5.0 AppleWebKit/537.36 (KHTML, like Gecko; compatible; bingbot/2.0; +http://www.bing.com/bingbot.htm) Chrome/116.0.1938.76 Safari/537.36"
23.100.92.252 - - [24/Sep/2026:11:41:03 -0400] "GET /wp-includes/fonts/ HTTP/1.1" 200 600 "binance.com" "Mozilla/5.0 (Windows NT 10.0; Win64; x64) AppleWebKit/537.36 (KHTML, like Gecko) Chrome/90.0.4430.85 Safari/537.36"
23.100.92.252 - - [24/Sep/2026:11:41:21 -0400] "GET /wp-includes/fonts/ HTTP/1.1" 200 600 "binance.com" "Mozilla/5.0 (Windows NT 10.0; Win64; x64) AppleWebKit/537.36 (KHTML, like Gecko) Chrome/90.0.4430.85 Safari/537.36"
23.100.92.252 - - [24/Sep/2026:11:41:38 -0400] "GET /wp-includes/fonts/class-wp-font-collection.php HTTP/1.1" 200 - "binance.com" "Mozilla/5.0 (Windows NT 10.0; Win64; x64) AppleWebKit/537.36 (KHTML, like Gecko) Chrome/90.0.4430.85 Safari/537.36"
23.100.92.252 - - [24/Sep/2026:11:41:53 -0400] "GET /wp-includes/fonts/class-wp-font-face-resolver.php HTTP/1.1" 200 - "binance.com" "Mozilla/5.0 (Windows NT 10.0; Win64; x64) AppleWebKit/537.36 (KHTML, like Gecko) Chrome/90.0.4430.85 Safari/537.36"
23.100.92.252 - - [24/Sep/2026:11:42:22 -0400] "GET /wp-includes/fonts/class-wp-font-face.php HTTP/1.1" 200 - "binance.com" "Mozilla/5.0 (Windows NT 10.0; Win64; x64) AppleWebKit/537.36 (KHTML, like Gecko) Chrome/90.0.4430.85 Safari/537.36"
23.100.92.252 - - [24/Sep/2026:11:42:38 -0400] "GET /wp-includes/fonts/class-wp-font-library.php HTTP/1.1" 200 - "binance.com" "Mozilla/5.0 (Windows NT 10.0; Win64; x64) AppleWebKit/537.36 (KHTML, like Gecko) Chrome/90.0.4430.85 Safari/537.36"
23.100.92.252 - - [24/Sep/2026:11:42:52 -0400] "GET /wp-includes/fonts/class-wp-font-utils.php HTTP/1.1" 200 - "binance.com" "Mozilla/5.0 (Windows NT 10.0; Win64; x64) AppleWebKit/537.36 (KHTML, like Gecko) Chrome/90.0.4430.85 Safari/537.36"
216.73.216.101 - - [24/Sep/2026:11:43:06 -0400] "GET /sitemap.xml HTTP/1.1" 404 - "-" "Mozilla/5.0 AppleWebKit/537.36 (KHTML, like Gecko; compatible; ClaudeBot/1.0; +claudebot@anthropic.com)"
23.100.92.252 - - [24/Sep/2026:11:43:08 -0400] "GET /wp-includes/images/ HTTP/1.1" 200 964 "binance.com" "Mozilla/5.0 (Windows NT 10.0; Win64; x64) AppleWebKit/537.36 (KHTML, like Gecko) Chrome/90.0.4430.85 Safari/537.36"
23.100.92.252 - - [24/Sep/2026:11:43:31 -0400] "GET /wp-includes/images/ HTTP/1.1" 200 964 "binance.com" "Mozilla/5.0 (Windows NT 10.0; Win64; x64) AppleWebKit/537.36 (KHTML, like Gecko) Chrome/90.0.4430.85 Safari/537.36"
23.100.92.252 - - [24/Sep/2026:11:43:44 -0400] "GET /wp-includes/images/system34.php HTTP/1.1" 404 - "binance.com" "Mozilla/5.0 (Windows NT 10.0; Win64; x64) AppleWebKit/537.36 (KHTML, like Gecko) Chrome/90.0.4430.85 Safari/537.36"
23.100.92.252 - - [24/Sep/2026:11:43:56 -0400] "GET /wp-includes/images/crystal/ HTTP/1.1" 200 597 "binance.com" "Mozilla/5.0 (Windows NT 10.0; Win64; x64) AppleWebKit/537.36 (KHTML, like Gecko) Chrome/90.0.4430.85 Safari/537.36"
171.252.154.211 - - [24/Sep/2026:11:44:02 -0400] "GET /wp-json/td-cloud-library HTTP/1.1" 404 - "-" "Mozilla/5.0 (iPhone; CPU iPhone OS 17_0_2 like Mac OS X) AppleWebKit/605.1.15 (KHTML, like Gecko) FxiOS/153.0 Mobile/15E148 Safari/604.1"
23.100.92.252 - - [24/Sep/2026:11:44:07 -0400] "GET /wp-includes/images/crystal/ HTTP/1.1" 200 597 "binance.com" "Mozilla/5.0 (Windows NT 10.0; Win64; x64) AppleWebKit/537.36 (KHTML, like Gecko) Chrome/90.0.4430.85 Safari/537.36"
37.59.204.134 - - [24/Sep/2026:11:44:18 -0400] "GET /2016/08/cancelan-prohibicion-los-burkinis-cannes/ HTTP/1.1" 404 - "-" "Mozilla/5.0 (compatible; AhrefsBot/7.0; +http://ahrefs.com/robot/)"
23.100.92.252 - - [24/Sep/2026:11:44:22 -0400] "GET /wp-includes/images/crystal/class-wp-links-list-table.php HTTP/1.1" 404 - "binance.com" "Mozilla/5.0 (Windows NT 10.0; Win64; x64) AppleWebKit/537.36 (KHTML, like Gecko) Chrome/90.0.4430.85 Safari/537.36"
23.100.92.252 - - [24/Sep/2026:11:44:38 -0400] "GET /wp-includes/images/media/ HTTP/1.1" 200 652 "binance.com" "Mozilla/5.0 (Windows NT 10.0; Win64; x64) AppleWebKit/537.36 (KHTML, like Gecko) Chrome/90.0.4430.85 Safari/537.36"
114.119.134.224 - - [24/Sep/2026:11:44:46 -0400] "GET /tag/garbbez/ HTTP/1.1" 404 - "https://www.mujeraf.com/2013/12/pon-tu-toque-de-estilo-en-el-collar" "Mozilla/5.0 (Linux; Android 7.0;) AppleWebKit/537.36 (HTML, like Gecko) Mobile Safari/537.36 (compatible; PetalBot;+https://webmaster.petalsearch.com/site/petalbot)"
23.100.92.252 - - [24/Sep/2026:11:44:52 -0400] "GET /wp-includes/images/smilies/ HTTP/1.1" 200 794 "binance.com" "Mozilla/5.0 (Windows NT 10.0; Win64; x64) AppleWebKit/537.36 (KHTML, like Gecko) Chrome/90.0.4430.85 Safari/537.36"
23.100.92.252 - - [24/Sep/2026:11:45:09 -0400] "GET /wp-includes/images/wlw/ HTTP/1.1" 404 - "binance.com" "Mozilla/5.0 (Windows NT 10.0; Win64; x64) AppleWebKit/537.36 (KHTML, like Gecko) Chrome/90.0.4430.85 Safari/537.36"
23.100.92.252 - - [24/Sep/2026:11:45:25 -0400] "GET /wp-includes/js/%20 HTTP/1.1" 404 - "binance.com" "Mozilla/5.0 (Windows NT 10.0; Win64; x64) AppleWebKit/537.36 (KHTML, like Gecko) Chrome/90.0.4430.85 Safari/537.36"
23.100.92.252 - - [24/Sep/2026:11:45:48 -0400] "GET /wp-includes/js/codemirror/ HTTP/1.1" 200 523 "binance.com" "Mozilla/5.0 (Windows NT 10.0; Win64; x64) AppleWebKit/537.36 (KHTML, like Gecko) Chrome/90.0.4430.85 Safari/537.36"
23.100.92.252 - - [24/Sep/2026:11:46:05 -0400] "GET /wp-includes/js/plupload/ HTTP/1.1" 200 560 "binance.com" "Mozilla/5.0 (Windows NT 10.0; Win64; x64) AppleWebKit/537.36 (KHTML, like Gecko) Chrome/90.0.4430.85 Safari/537.36"
114.119.156.30 - - [24/Sep/2026:11:46:08 -0400] "GET /tag/columnas/ HTTP/1.1" 404 - "https://www.mujeraf.com/2014/03/deja-de-ser-amable-y-se-autentica" "Mozilla/5.0 (Linux; Android 7.0;) AppleWebKit/537.36 (HTML, like Gecko) Mobile Safari/537.36 (compatible; PetalBot;+https://webmaster.petalsearch.com/site/petalbot)"
86.38.128.198 - - [24/Sep/2026:11:46:10 -0400] "GET /2026/02/ias-para-mujeres-herramientas-practicas-que-facilitan-la-vida-diaria/ HTTP/1.1" 404 - "-" "Mozilla/5.0 (Windows NT 10.0; Win64; x64) AppleWebKit/537.36 (KHTML, like Gecko) Chrome/107.0.0.0 Safari/537.36"
213.204.9.61 - - [24/Sep/2026:11:46:12 -0400] "GET /2026/02/ias-para-mujeres-herramientas-practicas-que-facilitan-la-vida-diaria/ HTTP/1.1" 404 - "-" "Mozilla/5.0 (Windows NT 10.0; Win64; x64) AppleWebKit/537.36 (KHTML, like Gecko) Chrome/107.0.0.0 Safari/537.36"
23.100.92.252 - - [24/Sep/2026:11:46:29 -0400] "GET /.well-known/ HTTP/1.1" 200 408 "binance.com" "Mozilla/5.0 (Windows NT 10.0; Win64; x64) AppleWebKit/537.36 (KHTML, like Gecko) Chrome/90.0.4430.85 Safari/537.36"
93.152.221.59 - - [24/Sep/2026:11:46:49 -0400] "GET / HTTP/1.1" 500 93 "-" "Mozilla/5.0 (Windows NT 10.0; Win64; x64) AppleWebKit/537.36 (KHTML, like Gecko) Chrome/120.0.0.0 Safari/537.36"
93.152.221.59 - - [24/Sep/2026:11:46:50 -0400] "GET / HTTP/1.1" 500 93 "-" "Mozilla/5.0 (Macintosh; Intel Mac OS X 10_15_7) AppleWebKit/605.1.15 (KHTML, like Gecko) Version/17.2 Safari/605.1.15"
93.152.221.59 - - [24/Sep/2026:11:46:51 -0400] "GET /feed/ HTTP/1.1" 404 - "-" "Mozilla/5.0 (X11; Linux x86_64) AppleWebKit/537.36 (KHTML, like Gecko) Chrome/120.0.0.0 Safari/537.36"
93.152.221.59 - - [24/Sep/2026:11:46:51 -0400] "GET /readme.html HTTP/1.1" 200 3018 "-" "Mozilla/5.0 (Windows NT 10.0; Win64; x64) AppleWebKit/537.36 (KHTML, like Gecko) Chrome/120.0.0.0 Safari/537.36"
93.152.221.59 - - [24/Sep/2026:11:46:51 -0400] "GET /wp-json/ HTTP/1.1" 404 - "-" "Mozilla/5.0 (X11; Linux x86_64) AppleWebKit/537.36 (KHTML, like Gecko) Chrome/120.0.0.0 Safari/537.36"
3.94.156.104 - - [24/Sep/2026:11:47:09 -0400] "GET /2014/11/por-que-es-importante-asear-el-ombligo/ HTTP/1.1" 404 - "-" "Mozilla/5.0 AppleWebKit/537.36 (KHTML, like Gecko; compatible; Amazonbot/0.1; +https://developer.amazon.com/support/amazonbot) Chrome/119.0.6045.214 Safari/537.36"
114.119.136.139 - - [24/Sep/2026:11:47:30 -0400] "GET /category/sabermas/page/10/?filter_by=popular HTTP/1.1" 404 - "https://www.mujeraf.com/category/sabermas/page/10?filter_by=popular" "Mozilla/5.0 (Linux; Android 7.0;) AppleWebKit/537.36 (HTML, like Gecko) Mobile Safari/537.36 (compatible; PetalBot;+https://webmaster.petalsearch.com/site/petalbot)"
114.119.156.59 - - [24/Sep/2026:11:48:54 -0400] "GET /2018/12/puedo-tomar-alcohol-si-estoy-amamantando-sigue-estos-consejos/ HTTP/1.1" 404 - "https://www.mujeraf.com/category/mujer/page/6/?filter_by=popular" "Mozilla/5.0 (Linux; Android 7.0;) AppleWebKit/537.36 (HTML, like Gecko) Mobile Safari/537.36 (compatible; PetalBot;+https://webmaster.petalsearch.com/site/petalbot)"
54.37.118.68 - - [24/Sep/2026:11:49:19 -0400] "GET /2013/11/como-eran-los-salones-de-belleza-en-los-anos-30-y-40/ HTTP/1.1" 404 - "-" "Mozilla/5.0 (compatible; AhrefsBot/7.0; +http://ahrefs.com/robot/)"
114.119.136.139 - - [24/Sep/2026:11:50:17 -0400] "GET /2018/08/las-4-etapas-que-marcan-el-final-de-una-pareja HTTP/1.1" 404 - "https://www.mujeraf.com/2018/08/las-4-etapas-que-marcan-el-final-de-una-pareja" "Mozilla/5.0 (Linux; Android 7.0;) AppleWebKit/537.36 (HTML, like Gecko) Mobile Safari/537.36 (compatible; PetalBot;+https://webmaster.petalsearch.com/site/petalbot)"
154.29.232.127 - - [24/Sep/2026:11:50:44 -0400] "GET / HTTP/1.1" 500 93 "-" "Mozilla/5.0 (Macintosh; iPad; CPU OS 14_6 like Mac OS X) AppleWebKit/605.1.15 (KHTML, like Gecko) Version/17.0.2 Safari/605.1.15"
154.29.232.127 - - [24/Sep/2026:11:50:47 -0400] "GET / HTTP/1.1" 500 93 "-" "Mozilla/5.0 (iPhone; CPU iPhone OS 14_6 like Mac OS X; rv:107.0) Gecko/20100101 Firefox/107.0"
152.228.213.32 - - [24/Sep/2026:11:52:59 -0400] "GET /wp-login.php HTTP/1.1" 500 93 "-" "Mozilla/5.0 (Windows NT 10.0; Win64; x64) AppleWebKit/537.36 (KHTML, like Gecko) Chrome/151.0.0.0 Safari/537.36"
152.228.213.32 - - [24/Sep/2026:11:53:06 -0400] "GET /wp-login.php HTTP/1.1" 500 93 "-" "Mozilla/5.0 (Windows NT 10.0; Win64; x64) AppleWebKit/537.36 (KHTML, like Gecko) Chrome/151.0.0.0 Safari/537.36"
152.228.213.32 - - [24/Sep/2026:11:53:10 -0400] "GET /wp-login.php HTTP/1.1" 500 93 "-" "Mozilla/5.0 (Windows NT 10.0; Win64; x64) AppleWebKit/537.36 (KHTML, like Gecko) Chrome/151.0.0.0 Safari/537.36"
152.228.213.32 - - [24/Sep/2026:11:53:13 -0400] "GET /wp-admin/ HTTP/1.1" 500 93 "-" "Mozilla/5.0 (Windows NT 10.0; Win64; x64) AppleWebKit/537.36 (KHTML, like Gecko) Chrome/151.0.0.0 Safari/537.36"
152.228.213.32 - - [24/Sep/2026:11:53:16 -0400] "GET /wp-admin/ HTTP/1.1" 500 93 "-" "Mozilla/5.0 (Windows NT 10.0; Win64; x64) AppleWebKit/537.36 (KHTML, like Gecko) Chrome/151.0.0.0 Safari/537.36"
152.228.213.32 - - [24/Sep/2026:11:53:18 -0400] "GET /wp-admin/ HTTP/1.1" 500 93 "-" "Mozilla/5.0 (Windows NT 10.0; Win64; x64) AppleWebKit/537.36 (KHTML, like Gecko) Chrome/151.0.0.0 Safari/537.36"
152.228.213.32 - - [24/Sep/2026:11:53:19 -0400] "GET /wp-admin/profile.php HTTP/1.1" 500 93 "-" "Mozilla/5.0 (Windows NT 10.0; Win64; x64) AppleWebKit/537.36 (KHTML, like Gecko) Chrome/151.0.0.0 Safari/537.36"
152.228.213.32 - - [24/Sep/2026:11:53:26 -0400] "GET /wp-admin/profile.php HTTP/1.1" 500 93 "-" "Mozilla/5.0 (Windows NT 10.0; Win64; x64) AppleWebKit/537.36 (KHTML, like Gecko) Chrome/151.0.0.0 Safari/537.36"
152.228.213.32 - - [24/Sep/2026:11:53:30 -0400] "GET /wp-admin/profile.php HTTP/1.1" 500 93 "-" "Mozilla/5.0 (Windows NT 10.0; Win64; x64) AppleWebKit/537.36 (KHTML, like Gecko) Chrome/151.0.0.0 Safari/537.36"
152.228.213.32 - - [24/Sep/2026:11:53:31 -0400] "GET /wp-json/wp/v2/users/me HTTP/1.1" 404 - "-" "Mozilla/5.0 (Windows NT 10.0; Win64; x64) AppleWebKit/537.36 (KHTML, like Gecko) Chrome/151.0.0.0 Safari/537.36"
176.31.139.5 - - [24/Sep/2026:11:54:18 -0400] "GET /2018/11/mas-de-100-mujeres-se-inscriben-para-participar-de-la-w-series/ HTTP/1.1" 404 - "-" "Mozilla/5.0 (compatible; AhrefsBot/7.0; +http://ahrefs.com/robot/)"
40.77.167.26 - - [24/Sep/2026:11:55:41 -0400] "GET /wp-content/uploads/2017/03/img_sarbat_20170222-125556_imagenes_lv_otras_fuentes_balenciaga-k9zC-U422207737959qD-992x558@LaVanguardia-Web.jpg HTTP/1.1" 200 57678 "-" "Mozilla/5.0 AppleWebKit/537.36 (KHTML, like Gecko; compatible; bingbot/2.0; +http://www.bing.com/bingbot.htm) Chrome/116.0.1938.76 Safari/537.36"
38.25.80.128 - - [24/Sep/2026:11:56:42 -0400] "GET /wp-json/td-cloud-library/td_cloud_proxy_work_cloud HTTP/1.1" 404 - "-" "Mozilla/5.0 (iPhone; CPU iPhone OS 17_0_2 like Mac OS X) AppleWebKit/605.1.15 (KHTML, like Gecko) FxiOS/153.0 Mobile/15E148 Safari/604.1"
216.244.66.243 - - [24/Sep/2026:11:58:35 -0400] "GET /wp-content/uploads/2014/01/libros_persona.jpg HTTP/1.1" 200 474260 "-" "Mozilla/5.0 (compatible; DotBot/1.2; +https://opensiteexplorer.org/dotbot; help@moz.com)"
216.244.66.243 - - [24/Sep/2026:11:58:40 -0400] "GET /wp-content/uploads/2014/03/mujeraf.jpg HTTP/1.1" 200 106611 "-" "Mozilla/5.0 (compatible; DotBot/1.2; +https://opensiteexplorer.org/dotbot; help@moz.com)"
216.244.66.243 - - [24/Sep/2026:11:58:45 -0400] "GET /wp-content/uploads/2014/04/mujer_bella.jpg HTTP/1.1" 200 222965 "-" "Mozilla/5.0 (compatible; DotBot/1.2; +https://opensiteexplorer.org/dotbot; help@moz.com)"
47.79.200.196 - - [24/Sep/2026:12:00:10 -0400] "GET /?p=1065 HTTP/1.1" 500 93 "https://www.google.com/" "Mozilla/5.0 (Windows NT 10.0; Win64; x64) AppleWebKit/537.36 (KHTML, like Gecko) Chrome/132.0.0.0 Safari/537.36"
47.79.218.108 - - [24/Sep/2026:12:00:18 -0400] "GET /tag/ejercicio/ HTTP/1.1" 404 - "https://www.google.com/" "Mozilla/5.0 (Linux; Android 10; K) AppleWebKit/537.36 (KHTML, like Gecko) Chrome/132.0.0.0 Mobile Safari/537.36"
47.79.201.166 - - [24/Sep/2026:12:00:34 -0400] "GET /tag/negocios/feed/ HTTP/1.1" 404 - "https://www.google.com/" "Mozilla/5.0 (Windows NT 10.0; Win64; x64) AppleWebKit/537.36 (KHTML, like Gecko) Chrome/133.0.0.0 Safari/537.36"
40.77.167.116 - - [24/Sep/2026:12:00:58 -0400] "GET /category/colaboradores/page/2/ HTTP/1.1" 404 - "-" "Mozilla/5.0 AppleWebKit/537.36 (KHTML, like Gecko; compatible; bingbot/2.0; +http://www.bing.com/bingbot.htm) Chrome/116.0.1938.76 Safari/537.36"
176.31.139.29 - - [24/Sep/2026:12:01:54 -0400] "GET /2015/04/roles-de-canela-receta/ HTTP/1.1" 404 - "-" "Mozilla/5.0 (compatible; AhrefsBot/7.0; +http://ahrefs.com/robot/)"
47.79.200.229 - - [24/Sep/2026:12:03:11 -0400] "GET /category/colaboradores/luis_villa/ HTTP/1.1" 404 - "https://www.google.com/" "Mozilla/5.0 (Windows NT 10.0; Win64; x64) AppleWebKit/537.36 (KHTML, like Gecko) Chrome/132.0.0.0 Safari/537.36"
16.216.88.190 - - [24/Sep/2026:12:03:31 -0400] "GET /2013/11/tacticas-para-vencer-a-la-bascula/ HTTP/1.1" 404 - "-" "Mozilla/5.0 AppleWebKit/537.36 (KHTML, like Gecko; compatible; Reflectionbot/1.0; +https://reflection.ai/bot) Chrome/151.0.0.0 Safari/537.36"
16.216.88.163 - - [24/Sep/2026:12:04:11 -0400] "GET /2013/12/el-signo-del-zodiaco-da-indicios-del-clima-ideal-para-enamorarte/ HTTP/1.1" 404 - "-" "Mozilla/5.0 AppleWebKit/537.36 (KHTML, like Gecko; compatible; Reflectionbot/1.0; +https://reflection.ai/bot) Chrome/151.0.0.0 Safari/537.36"
47.79.207.200 - - [24/Sep/2026:12:04:16 -0400] "GET /?p=1032 HTTP/1.1" 500 93 "https://www.google.com/" "Mozilla/5.0 (Linux; Android 10; K) AppleWebKit/537.36 (KHTML, like Gecko) Chrome/133.0.0.0 Mobile Safari/537.36"
195.178.110.72 - - [24/Sep/2026:12:05:51 -0400] "POST /?rest_route=/batch/v1 HTTP/1.1" 500 93 "-" "Mozilla/5.0 (Windows NT 10.0; Win64; x64) AppleWebKit/537.36 (KHTML, like Gecko) Chrome/120.0.0.0 Safari/537.36"
195.178.110.72 - - [24/Sep/2026:12:05:53 -0400] "POST /index.php?rest_route=/batch/v1 HTTP/1.1" 500 93 "-" "Mozilla/5.0 (Windows NT 10.0; Win64; x64) AppleWebKit/537.36 (KHTML, like Gecko) Chrome/120.0.0.0 Safari/537.36"
195.178.110.72 - - [24/Sep/2026:12:05:53 -0400] "POST /index.php?rest_route=%2Fbatch%2Fv1 HTTP/1.1" 500 93 "-" "Mozilla/5.0 (Windows NT 10.0; Win64; x64) AppleWebKit/537.36 (KHTML, like Gecko) Chrome/120.0.0.0 Safari/537.36"
195.178.110.72 - - [24/Sep/2026:12:05:54 -0400] "POST /?rest_route=%2Fbatch%2Fv1 HTTP/1.1" 500 93 "-" "Mozilla/5.0 (Windows NT 10.0; Win64; x64) AppleWebKit/537.36 (KHTML, like Gecko) Chrome/120.0.0.0 Safari/537.36"
195.178.110.72 - - [24/Sep/2026:12:05:54 -0400] "POST /?rest_route=/batch%2Fv1 HTTP/1.1" 500 93 "-" "Mozilla/5.0 (Windows NT 10.0; Win64; x64) AppleWebKit/537.36 (KHTML, like Gecko) Chrome/120.0.0.0 Safari/537.36"
114.119.157.241 - - [24/Sep/2026:12:05:55 -0400] "GET /tag/cardiaco HTTP/1.1" 404 - "https://www.mujeraf.com/2016/07/ejercicio-reduce-riesgo-cardiaco-aun-las-mas-jovenes-estudio" "Mozilla/5.0 (Linux; Android 7.0;) AppleWebKit/537.36 (HTML, like Gecko) Mobile Safari/537.36 (compatible; PetalBot;+https://webmaster.petalsearch.com/site/petalbot)"
47.79.207.91 - - [24/Sep/2026:12:05:55 -0400] "GET /2014/02/adelgazar-con-pnl-tienes-un-objetivo-atrayente-y-claro/ HTTP/1.1" 404 - "https://www.google.com/" "Mozilla/5.0 (Windows NT 10.0; Win64; x64) AppleWebKit/537.36 (KHTML, like Gecko) Chrome/132.0.0.0 Safari/537.36"
195.178.110.72 - - [24/Sep/2026:12:05:55 -0400] "POST /?rest_route=/batch/v1 HTTP/1.1" 500 93 "-" "Mozilla/5.0 (Windows NT 10.0; Win64; x64) AppleWebKit/537.36 (KHTML, like Gecko) Chrome/120.0.0.0 Safari/537.36"
195.178.110.72 - - [24/Sep/2026:12:05:56 -0400] "POST /wp-json/batch/v1 HTTP/1.1" 404 - "-" "Mozilla/5.0 (Windows NT 10.0; Win64; x64) AppleWebKit/537.36 (KHTML, like Gecko) Chrome/120.0.0.0 Safari/537.36"
195.178.110.72 - - [24/Sep/2026:12:05:56 -0400] "POST /wp-json/Batch/v1 HTTP/1.1" 404 - "-" "Mozilla/5.0 (Windows NT 10.0; Win64; x64) AppleWebKit/537.36 (KHTML, like Gecko) Chrome/120.0.0.0 Safari/537.36"
195.178.110.72 - - [24/Sep/2026:12:05:56 -0400] "POST //wp-json/batch/v1 HTTP/1.1" 404 - "-" "Mozilla/5.0 (Windows NT 10.0; Win64; x64) AppleWebKit/537.36 (KHTML, like Gecko) Chrome/120.0.0.0 Safari/537.36"
195.178.110.72 - - [24/Sep/2026:12:05:57 -0400] "POST /wp-json/batch/v1/ HTTP/1.1" 404 - "-" "Mozilla/5.0 (Windows NT 10.0; Win64; x64) AppleWebKit/537.36 (KHTML, like Gecko) Chrome/120.0.0.0 Safari/537.36"
195.178.110.72 - - [24/Sep/2026:12:05:57 -0400] "POST /blog/wp-json/batch/v1 HTTP/1.1" 404 - "-" "Mozilla/5.0 (Windows NT 10.0; Win64; x64) AppleWebKit/537.36 (KHTML, like Gecko) Chrome/120.0.0.0 Safari/537.36"
195.178.110.72 - - [24/Sep/2026:12:05:57 -0400] "POST /wordpress/wp-json/batch/v1 HTTP/1.1" 404 - "-" "Mozilla/5.0 (Windows NT 10.0; Win64; x64) AppleWebKit/537.36 (KHTML, like Gecko) Chrome/120.0.0.0 Safari/537.36"
195.178.110.72 - - [24/Sep/2026:12:05:58 -0400] "POST /index.php?rest_route=/batch/v1 HTTP/1.1" 500 93 "https://www.mujeraf.com/wp-admin/" "Mozilla/5.0 (Windows NT 10.0; Win64; x64) AppleWebKit/537.36 (KHTML, like Gecko) Chrome/120.0.0.0 Safari/537.36"
195.178.110.72 - - [24/Sep/2026:12:05:58 -0400] "POST /index.php?rest_route=%2Fbatch%2Fv1 HTTP/1.1" 500 93 "https://www.mujeraf.com/wp-admin/" "Mozilla/5.0 (Windows NT 10.0; Win64; x64) AppleWebKit/537.36 (KHTML, like Gecko) Chrome/120.0.0.0 Safari/537.36"
195.178.110.72 - - [24/Sep/2026:12:05:59 -0400] "POST /?rest_route=%2Fbatch%2Fv1 HTTP/1.1" 500 93 "https://www.mujeraf.com/wp-admin/" "Mozilla/5.0 (Windows NT 10.0; Win64; x64) AppleWebKit/537.36 (KHTML, like Gecko) Chrome/120.0.0.0 Safari/537.36"
195.178.110.72 - - [24/Sep/2026:12:05:59 -0400] "POST /?rest_route=/batch%2Fv1 HTTP/1.1" 500 93 "https://www.mujeraf.com/wp-admin/" "Mozilla/5.0 (Windows NT 10.0; Win64; x64) AppleWebKit/537.36 (KHTML, like Gecko) Chrome/120.0.0.0 Safari/537.36"
195.178.110.72 - - [24/Sep/2026:12:05:59 -0400] "POST /?rest_route=/batch/v1 HTTP/1.1" 500 93 "https://www.mujeraf.com/wp-admin/" "Mozilla/5.0 (Windows NT 10.0; Win64; x64) AppleWebKit/537.36 (KHTML, like Gecko) Chrome/120.0.0.0 Safari/537.36"
195.178.110.72 - - [24/Sep/2026:12:06:00 -0400] "POST /wp-json/batch/v1 HTTP/1.1" 404 - "https://www.mujeraf.com/wp-admin/" "Mozilla/5.0 (Windows NT 10.0; Win64; x64) AppleWebKit/537.36 (KHTML, like Gecko) Chrome/120.0.0.0 Safari/537.36"
195.178.110.72 - - [24/Sep/2026:12:06:00 -0400] "POST /wp-json/Batch/v1 HTTP/1.1" 404 - "https://www.mujeraf.com/wp-admin/" "Mozilla/5.0 (Windows NT 10.0; Win64; x64) AppleWebKit/537.36 (KHTML, like Gecko) Chrome/120.0.0.0 Safari/537.36"
195.178.110.72 - - [24/Sep/2026:12:06:00 -0400] "POST //wp-json/batch/v1 HTTP/1.1" 404 - "https://www.mujeraf.com/wp-admin/" "Mozilla/5.0 (Windows NT 10.0; Win64; x64) AppleWebKit/537.36 (KHTML, like Gecko) Chrome/120.0.0.0 Safari/537.36"
195.178.110.72 - - [24/Sep/2026:12:06:00 -0400] "POST /wp-json/batch/v1/ HTTP/1.1" 404 - "https://www.mujeraf.com/wp-admin/" "Mozilla/5.0 (Windows NT 10.0; Win64; x64) AppleWebKit/537.36 (KHTML, like Gecko) Chrome/120.0.0.0 Safari/537.36"
195.178.110.72 - - [24/Sep/2026:12:06:01 -0400] "POST /blog/wp-json/batch/v1 HTTP/1.1" 404 - "https://www.mujeraf.com/wp-admin/" "Mozilla/5.0 (Windows NT 10.0; Win64; x64) AppleWebKit/537.36 (KHTML, like Gecko) Chrome/120.0.0.0 Safari/537.36"
195.178.110.72 - - [24/Sep/2026:12:06:01 -0400] "POST /wordpress/wp-json/batch/v1 HTTP/1.1" 404 - "https://www.mujeraf.com/wp-admin/" "Mozilla/5.0 (Windows NT 10.0; Win64; x64) AppleWebKit/537.36 (KHTML, like Gecko) Chrome/120.0.0.0 Safari/537.36"
195.178.110.72 - - [24/Sep/2026:12:06:01 -0400] "POST /index.php?rest_route=/batch/v1 HTTP/1.1" 500 93 "https://www.mujeraf.com/wp-admin/" "Mozilla/5.0 (Windows NT 10.0; Win64; x64) AppleWebKit/537.36 (KHTML, like Gecko) Chrome/120.0.0.0 Safari/537.36"
195.178.110.72 - - [24/Sep/2026:12:06:02 -0400] "POST /index.php?rest_route=%2Fbatch%2Fv1 HTTP/1.1" 500 93 "https://www.mujeraf.com/wp-admin/" "Mozilla/5.0 (Windows NT 10.0; Win64; x64) AppleWebKit/537.36 (KHTML, like Gecko) Chrome/120.0.0.0 Safari/537.36"
195.178.110.72 - - [24/Sep/2026:12:06:02 -0400] "POST /?rest_route=%2Fbatch%2Fv1 HTTP/1.1" 500 93 "https://www.mujeraf.com/wp-admin/" "Mozilla/5.0 (Windows NT 10.0; Win64; x64) AppleWebKit/537.36 (KHTML, like Gecko) Chrome/120.0.0.0 Safari/537.36"
195.178.110.72 - - [24/Sep/2026:12:06:03 -0400] "POST /?rest_route=/batch%2Fv1 HTTP/1.1" 500 93 "https://www.mujeraf.com/wp-admin/" "Mozilla/5.0 (Windows NT 10.0; Win64; x64) AppleWebKit/537.36 (KHTML, like Gecko) Chrome/120.0.0.0 Safari/537.36"
195.178.110.72 - - [24/Sep/2026:12:06:03 -0400] "POST /?rest_route=/batch/v1 HTTP/1.1" 500 93 "https://www.mujeraf.com/wp-admin/" "Mozilla/5.0 (Windows NT 10.0; Win64; x64) AppleWebKit/537.36 (KHTML, like Gecko) Chrome/120.0.0.0 Safari/537.36"
195.178.110.72 - - [24/Sep/2026:12:06:04 -0400] "POST /wp-json/batch/v1 HTTP/1.1" 404 - "https://www.mujeraf.com/wp-admin/" "Mozilla/5.0 (Windows NT 10.0; Win64; x64) AppleWebKit/537.36 (KHTML, like Gecko) Chrome/120.0.0.0 Safari/537.36"
195.178.110.72 - - [24/Sep/2026:12:06:04 -0400] "POST /wp-json/Batch/v1 HTTP/1.1" 404 - "https://www.mujeraf.com/wp-admin/" "Mozilla/5.0 (Windows NT 10.0; Win64; x64) AppleWebKit/537.36 (KHTML, like Gecko) Chrome/120.0.0.0 Safari/537.36"
195.178.110.72 - - [24/Sep/2026:12:06:04 -0400] "POST //wp-json/batch/v1 HTTP/1.1" 404 - "https://www.mujeraf.com/wp-admin/" "Mozilla/5.0 (Windows NT 10.0; Win64; x64) AppleWebKit/537.36 (KHTML, like Gecko) Chrome/120.0.0.0 Safari/537.36"
195.178.110.72 - - [24/Sep/2026:12:06:04 -0400] "POST /wp-json/batch/v1/ HTTP/1.1" 404 - "https://www.mujeraf.com/wp-admin/" "Mozilla/5.0 (Windows NT 10.0; Win64; x64) AppleWebKit/537.36 (KHTML, like Gecko) Chrome/120.0.0.0 Safari/537.36"
195.178.110.72 - - [24/Sep/2026:12:06:04 -0400] "POST /blog/wp-json/batch/v1 HTTP/1.1" 404 - "https://www.mujeraf.com/wp-admin/" "Mozilla/5.0 (Windows NT 10.0; Win64; x64) AppleWebKit/537.36 (KHTML, like Gecko) Chrome/120.0.0.0 Safari/537.36"
195.178.110.72 - - [24/Sep/2026:12:06:05 -0400] "POST /wordpress/wp-json/batch/v1 HTTP/1.1" 404 - "https://www.mujeraf.com/wp-admin/" "Mozilla/5.0 (Windows NT 10.0; Win64; x64) AppleWebKit/537.36 (KHTML, like Gecko) Chrome/120.0.0.0 Safari/537.36"
195.178.110.72 - - [24/Sep/2026:12:06:06 -0400] "POST /index.php?rest_route=/batch/v1 HTTP/1.1" 500 93 "https://www.mujeraf.com/wp-admin/" "Mozilla/5.0 (Windows NT 10.0; Win64; x64) AppleWebKit/537.36 (KHTML, like Gecko) Chrome/120.0.0.0 Safari/537.36"
195.178.110.72 - - [24/Sep/2026:12:06:06 -0400] "POST /index.php?rest_route=%2Fbatch%2Fv1 HTTP/1.1" 500 93 "https://www.mujeraf.com/wp-admin/" "Mozilla/5.0 (Windows NT 10.0; Win64; x64) AppleWebKit/537.36 (KHTML, like Gecko) Chrome/120.0.0.0 Safari/537.36"
195.178.110.72 - - [24/Sep/2026:12:06:08 -0400] "POST /?rest_route=%2Fbatch%2Fv1 HTTP/1.1" 500 93 "https://www.mujeraf.com/wp-admin/" "Mozilla/5.0 (Windows NT 10.0; Win64; x64) AppleWebKit/537.36 (KHTML, like Gecko) Chrome/120.0.0.0 Safari/537.36"
195.178.110.72 - - [24/Sep/2026:12:06:09 -0400] "POST /?rest_route=/batch%2Fv1 HTTP/1.1" 500 93 "https://www.mujeraf.com/wp-admin/" "Mozilla/5.0 (Windows NT 10.0; Win64; x64) AppleWebKit/537.36 (KHTML, like Gecko) Chrome/120.0.0.0 Safari/537.36"
195.178.110.72 - - [24/Sep/2026:12:06:13 -0400] "POST /?rest_route=/batch/v1 HTTP/1.1" 500 93 "https://www.mujeraf.com/wp-admin/" "Mozilla/5.0 (Windows NT 10.0; Win64; x64) AppleWebKit/537.36 (KHTML, like Gecko) Chrome/120.0.0.0 Safari/537.36"
195.178.110.72 - - [24/Sep/2026:12:06:13 -0400] "POST /wp-json/batch/v1 HTTP/1.1" 404 - "https://www.mujeraf.com/wp-admin/" "Mozilla/5.0 (Windows NT 10.0; Win64; x64) AppleWebKit/537.36 (KHTML, like Gecko) Chrome/120.0.0.0 Safari/537.36"
195.178.110.72 - - [24/Sep/2026:12:06:13 -0400] "POST /wp-json/Batch/v1 HTTP/1.1" 404 - "https://www.mujeraf.com/wp-admin/" "Mozilla/5.0 (Windows NT 10.0; Win64; x64) AppleWebKit/537.36 (KHTML, like Gecko) Chrome/120.0.0.0 Safari/537.36"
195.178.110.72 - - [24/Sep/2026:12:06:13 -0400] "POST //wp-json/batch/v1 HTTP/1.1" 404 - "https://www.mujeraf.com/wp-admin/" "Mozilla/5.0 (Windows NT 10.0; Win64; x64) AppleWebKit/537.36 (KHTML, like Gecko) Chrome/120.0.0.0 Safari/537.36"
195.178.110.72 - - [24/Sep/2026:12:06:14 -0400] "POST /wp-json/batch/v1/ HTTP/1.1" 404 - "https://www.mujeraf.com/wp-admin/" "Mozilla/5.0 (Windows NT 10.0; Win64; x64) AppleWebKit/537.36 (KHTML, like Gecko) Chrome/120.0.0.0 Safari/537.36"
195.178.110.72 - - [24/Sep/2026:12:06:14 -0400] "POST /blog/wp-json/batch/v1 HTTP/1.1" 404 - "https://www.mujeraf.com/wp-admin/" "Mozilla/5.0 (Windows NT 10.0; Win64; x64) AppleWebKit/537.36 (KHTML, like Gecko) Chrome/120.0.0.0 Safari/537.36"
195.178.110.72 - - [24/Sep/2026:12:06:14 -0400] "POST /wordpress/wp-json/batch/v1 HTTP/1.1" 404 - "https://www.mujeraf.com/wp-admin/" "Mozilla/5.0 (Windows NT 10.0; Win64; x64) AppleWebKit/537.36 (KHTML, like Gecko) Chrome/120.0.0.0 Safari/537.36"
195.178.110.72 - - [24/Sep/2026:12:06:14 -0400] "POST /index.php?rest_route=/batch/v1 HTTP/1.1" 500 93 "https://www.mujeraf.com/wp-admin/" "WordPress/6.4.3"
195.178.110.72 - - [24/Sep/2026:12:06:15 -0400] "POST /index.php?rest_route=%2Fbatch%2Fv1 HTTP/1.1" 500 93 "https://www.mujeraf.com/wp-admin/" "WordPress/6.4.3"
195.178.110.72 - - [24/Sep/2026:12:06:16 -0400] "POST /?rest_route=%2Fbatch%2Fv1 HTTP/1.1" 500 93 "https://www.mujeraf.com/wp-admin/" "WordPress/6.4.3"
195.178.110.72 - - [24/Sep/2026:12:06:16 -0400] "POST /?rest_route=/batch%2Fv1 HTTP/1.1" 500 93 "https://www.mujeraf.com/wp-admin/" "WordPress/6.4.3"
195.178.110.72 - - [24/Sep/2026:12:06:17 -0400] "POST /?rest_route=/batch/v1 HTTP/1.1" 500 93 "https://www.mujeraf.com/wp-admin/" "WordPress/6.4.3"
195.178.110.72 - - [24/Sep/2026:12:06:17 -0400] "POST /wp-json/batch/v1 HTTP/1.1" 404 - "https://www.mujeraf.com/wp-admin/" "WordPress/6.4.3"
195.178.110.72 - - [24/Sep/2026:12:06:18 -0400] "POST /wp-json/Batch/v1 HTTP/1.1" 404 - "https://www.mujeraf.com/wp-admin/" "WordPress/6.4.3"
195.178.110.72 - - [24/Sep/2026:12:06:18 -0400] "POST //wp-json/batch/v1 HTTP/1.1" 404 - "https://www.mujeraf.com/wp-admin/" "WordPress/6.4.3"
195.178.110.72 - - [24/Sep/2026:12:06:18 -0400] "POST /wp-json/batch/v1/ HTTP/1.1" 404 - "https://www.mujeraf.com/wp-admin/" "WordPress/6.4.3"
195.178.110.72 - - [24/Sep/2026:12:06:18 -0400] "POST /blog/wp-json/batch/v1 HTTP/1.1" 404 - "https://www.mujeraf.com/wp-admin/" "WordPress/6.4.3"
195.178.110.72 - - [24/Sep/2026:12:06:18 -0400] "POST /wordpress/wp-json/batch/v1 HTTP/1.1" 404 - "https://www.mujeraf.com/wp-admin/" "WordPress/6.4.3"
195.178.110.72 - - [24/Sep/2026:12:06:19 -0400] "GET /wp/v2/posts/999999 HTTP/1.1" 404 - "-" "Mozilla/5.0 (Windows NT 10.0; Win64; x64) AppleWebKit/537.36 (KHTML, like Gecko) Chrome/120.0.0.0 Safari/537.36"
195.178.110.72 - - [24/Sep/2026:12:06:19 -0400] "GET /?rest_route=/wp/v2/posts/999999 HTTP/1.1" 500 93 "-" "Mozilla/5.0 (Windows NT 10.0; Win64; x64) AppleWebKit/537.36 (KHTML, like Gecko) Chrome/120.0.0.0 Safari/537.36"
195.178.110.72 - - [24/Sep/2026:12:06:19 -0400] "GET /wp/v2/pages HTTP/1.1" 404 - "-" "Mozilla/5.0 (Windows NT 10.0; Win64; x64) AppleWebKit/537.36 (KHTML, like Gecko) Chrome/120.0.0.0 Safari/537.36"
195.178.110.72 - - [24/Sep/2026:12:06:19 -0400] "GET /?rest_route=/wp/v2/pages HTTP/1.1" 500 93 "-" "Mozilla/5.0 (Windows NT 10.0; Win64; x64) AppleWebKit/537.36 (KHTML, like Gecko) Chrome/120.0.0.0 Safari/537.36"
195.178.110.72 - - [24/Sep/2026:12:06:20 -0400] "GET /wp/v2/media HTTP/1.1" 404 - "-" "Mozilla/5.0 (Windows NT 10.0; Win64; x64) AppleWebKit/537.36 (KHTML, like Gecko) Chrome/120.0.0.0 Safari/537.36"
195.178.110.72 - - [24/Sep/2026:12:06:21 -0400] "GET /?rest_route=/wp/v2/media HTTP/1.1" 500 93 "-" "Mozilla/5.0 (Windows NT 10.0; Win64; x64) AppleWebKit/537.36 (KHTML, like Gecko) Chrome/120.0.0.0 Safari/537.36"
195.178.110.72 - - [24/Sep/2026:12:06:21 -0400] "GET /wp/v2/categories HTTP/1.1" 404 - "-" "Mozilla/5.0 (Windows NT 10.0; Win64; x64) AppleWebKit/537.36 (KHTML, like Gecko) Chrome/120.0.0.0 Safari/537.36"
195.178.110.72 - - [24/Sep/2026:12:06:21 -0400] "GET /?rest_route=/wp/v2/categories HTTP/1.1" 500 93 "-" "Mozilla/5.0 (Windows NT 10.0; Win64; x64) AppleWebKit/537.36 (KHTML, like Gecko) Chrome/120.0.0.0 Safari/537.36"
195.178.110.72 - - [24/Sep/2026:12:06:22 -0400] "GET /wp/v2/tags HTTP/1.1" 404 - "-" "Mozilla/5.0 (Windows NT 10.0; Win64; x64) AppleWebKit/537.36 (KHTML, like Gecko) Chrome/120.0.0.0 Safari/537.36"
195.178.110.72 - - [24/Sep/2026:12:06:23 -0400] "GET /?rest_route=/wp/v2/tags HTTP/1.1" 500 93 "-" "Mozilla/5.0 (Windows NT 10.0; Win64; x64) AppleWebKit/537.36 (KHTML, like Gecko) Chrome/120.0.0.0 Safari/537.36"
195.178.110.72 - - [24/Sep/2026:12:06:24 -0400] "GET /wp/v2/posts/999998 HTTP/1.1" 404 - "-" "Mozilla/5.0 (Windows NT 10.0; Win64; x64) AppleWebKit/537.36 (KHTML, like Gecko) Chrome/120.0.0.0 Safari/537.36"
195.178.110.72 - - [24/Sep/2026:12:06:24 -0400] "GET /?rest_route=/wp/v2/posts/999998 HTTP/1.1" 500 93 "-" "Mozilla/5.0 (Windows NT 10.0; Win64; x64) AppleWebKit/537.36 (KHTML, like Gecko) Chrome/120.0.0.0 Safari/537.36"
195.178.110.72 - - [24/Sep/2026:12:06:26 -0400] "GET /wp/v2/posts/99999 HTTP/1.1" 404 - "-" "Mozilla/5.0 (Windows NT 10.0; Win64; x64) AppleWebKit/537.36 (KHTML, like Gecko) Chrome/120.0.0.0 Safari/537.36"
195.178.110.72 - - [24/Sep/2026:12:06:26 -0400] "GET /?rest_route=/wp/v2/posts/99999 HTTP/1.1" 500 93 "-" "Mozilla/5.0 (Windows NT 10.0; Win64; x64) AppleWebKit/537.36 (KHTML, like Gecko) Chrome/120.0.0.0 Safari/537.36"
20.205.127.10 - - [24/Sep/2026:12:06:27 -0400] "GET /baxa1.php HTTP/1.1" 404 - "-" "Mozilla/5.0 (Windows NT 10.0; Win64; x64) AppleWebKit/537.36 (KHTML, like Gecko) Chrome/131.0.0.0 Safari/537.36"
20.205.127.10 - - [24/Sep/2026:12:06:28 -0400] "GET /aa.php HTTP/1.1" 404 - "-" "Mozilla/5.0 (Windows NT 10.0; Win64; x64) AppleWebKit/537.36 (KHTML, like Gecko) Chrome/131.0.0.0 Safari/537.36"
195.178.110.72 - - [24/Sep/2026:12:06:28 -0400] "GET /wp/v2/posts/9999999 HTTP/1.1" 404 - "-" "Mozilla/5.0 (Windows NT 10.0; Win64; x64) AppleWebKit/537.36 (KHTML, like Gecko) Chrome/120.0.0.0 Safari/537.36"
20.205.127.10 - - [24/Sep/2026:12:06:28 -0400] "GET /wikindex.php HTTP/1.1" 404 - "-" "Mozilla/5.0 (Windows NT 10.0; Win64; x64) AppleWebKit/537.36 (KHTML, like Gecko) Chrome/131.0.0.0 Safari/537.36"
195.178.110.72 - - [24/Sep/2026:12:06:28 -0400] "GET /?rest_route=/wp/v2/posts/9999999 HTTP/1.1" 500 93 "-" "Mozilla/5.0 (Windows NT 10.0; Win64; x64) AppleWebKit/537.36 (KHTML, like Gecko) Chrome/120.0.0.0 Safari/537.36"
20.205.127.10 - - [24/Sep/2026:12:06:28 -0400] "GET /wp-2019.php HTTP/1.1" 404 - "-" "Mozilla/5.0 (Windows NT 10.0; Win64; x64) AppleWebKit/537.36 (KHTML, like Gecko) Chrome/131.0.0.0 Safari/537.36"
20.205.127.10 - - [24/Sep/2026:12:06:28 -0400] "GET /doc.php HTTP/1.1" 404 - "-" "Mozilla/5.0 (Windows NT 10.0; Win64; x64) AppleWebKit/537.36 (KHTML, like Gecko) Chrome/131.0.0.0 Safari/537.36"
20.205.127.10 - - [24/Sep/2026:12:06:29 -0400] "GET /wp-commentin.php HTTP/1.1" 404 - "-" "Mozilla/5.0 (Windows NT 10.0; Win64; x64) AppleWebKit/537.36 (KHTML, like Gecko) Chrome/131.0.0.0 Safari/537.36"
20.205.127.10 - - [24/Sep/2026:12:06:29 -0400] "GET /ioxi-o.php HTTP/1.1" 404 - "-" "Mozilla/5.0 (Windows NT 10.0; Win64; x64) AppleWebKit/537.36 (KHTML, like Gecko) Chrome/131.0.0.0 Safari/537.36"
195.178.110.72 - - [24/Sep/2026:12:06:29 -0400] "GET /wp/v2/users HTTP/1.1" 404 - "-" "Mozilla/5.0 (Windows NT 10.0; Win64; x64) AppleWebKit/537.36 (KHTML, like Gecko) Chrome/120.0.0.0 Safari/537.36"
20.205.127.10 - - [24/Sep/2026:12:06:29 -0400] "GET /xleetshell.php HTTP/1.1" 404 - "-" "Mozilla/5.0 (Windows NT 10.0; Win64; x64) AppleWebKit/537.36 (KHTML, like Gecko) Chrome/131.0.0.0 Safari/537.36"
20.205.127.10 - - [24/Sep/2026:12:06:29 -0400] "GET /options.php HTTP/1.1" 404 - "-" "Mozilla/5.0 (Windows NT 10.0; Win64; x64) AppleWebKit/537.36 (KHTML, like Gecko) Chrome/131.0.0.0 Safari/537.36"
195.178.110.72 - - [24/Sep/2026:12:06:30 -0400] "GET /?rest_route=/wp/v2/users HTTP/1.1" 500 93 "-" "Mozilla/5.0 (Windows NT 10.0; Win64; x64) AppleWebKit/537.36 (KHTML, like Gecko) Chrome/120.0.0.0 Safari/537.36"
20.205.127.10 - - [24/Sep/2026:12:06:30 -0400] "GET /xl.php HTTP/1.1" 404 - "-" "Mozilla/5.0 (Windows NT 10.0; Win64; x64) AppleWebKit/537.36 (KHTML, like Gecko) Chrome/131.0.0.0 Safari/537.36"
20.205.127.10 - - [24/Sep/2026:12:06:30 -0400] "GET /makeasmtp.php HTTP/1.1" 404 - "-" "Mozilla/5.0 (Windows NT 10.0; Win64; x64) AppleWebKit/537.36 (KHTML, like Gecko) Chrome/131.0.0.0 Safari/537.36"
20.205.127.10 - - [24/Sep/2026:12:06:30 -0400] "GET /chosen HTTP/1.1" 404 - "-" "Mozilla/5.0 (Windows NT 10.0; Win64; x64) AppleWebKit/537.36 (KHTML, like Gecko) Chrome/131.0.0.0 Safari/537.36"
195.178.110.72 - - [24/Sep/2026:12:06:30 -0400] "GET /rest/settings HTTP/1.1" 404 - "-" "Mozilla/5.0"
195.178.110.72 - - [24/Sep/2026:12:06:30 -0400] "GET /@vite/client HTTP/1.1" 404 - "-" "Mozilla/5.0 (Windows NT 10.0; Win64; x64) AppleWebKit/537.36"
20.205.127.10 - - [24/Sep/2026:12:06:30 -0400] "GET /ge.php HTTP/1.1" 404 - "-" "Mozilla/5.0 (Windows NT 10.0; Win64; x64) AppleWebKit/537.36 (KHTML, like Gecko) Chrome/131.0.0.0 Safari/537.36"
20.205.127.10 - - [24/Sep/2026:12:06:31 -0400] "GET /xx.php HTTP/1.1" 404 - "-" "Mozilla/5.0 (Windows NT 10.0; Win64; x64) AppleWebKit/537.36 (KHTML, like Gecko) Chrome/131.0.0.0 Safari/537.36"
195.178.110.72 - - [24/Sep/2026:12:06:31 -0400] "GET / HTTP/1.1" 500 93 "-" "Mozilla/5.0 (Windows NT 10.0; Win64; x64) AppleWebKit/537.36"
195.178.110.72 - - [24/Sep/2026:12:06:31 -0400] "GET / HTTP/1.1" 500 93 "-" "Mozilla/5.0"
195.178.110.72 - - [24/Sep/2026:12:06:31 -0400] "GET / HTTP/1.1" 500 93 "-" "Mozilla/5.0 (Windows NT 10.0; Win64; x64) AppleWebKit/537.36 (KHTML, like Gecko) Chrome/120.0.0.0 Safari/537.36"
20.205.127.10 - - [24/Sep/2026:12:06:31 -0400] "GET /worksec.php HTTP/1.1" 404 - "-" "Mozilla/5.0 (Windows NT 10.0; Win64; x64) AppleWebKit/537.36 (KHTML, like Gecko) Chrome/131.0.0.0 Safari/537.36"
195.178.110.72 - - [24/Sep/2026:12:06:31 -0400] "GET / HTTP/1.1" 500 93 "-" "Mozilla/5.0 (Windows NT 10.0; Win64; x64) AppleWebKit/537.36 (KHTML, like Gecko) Chrome/131.0.0.0 Safari/537.36"
20.205.127.10 - - [24/Sep/2026:12:06:31 -0400] "GET /wp-trackback.php HTTP/1.1" 500 93 "-" "Mozilla/5.0 (Windows NT 10.0; Win64; x64) AppleWebKit/537.36 (KHTML, like Gecko) Chrome/131.0.0.0 Safari/537.36"
20.205.127.10 - - [24/Sep/2026:12:06:32 -0400] "GET /defaults.php HTTP/1.1" 404 - "-" "Mozilla/5.0 (Windows NT 10.0; Win64; x64) AppleWebKit/537.36 (KHTML, like Gecko) Chrome/131.0.0.0 Safari/537.36"
20.205.127.10 - - [24/Sep/2026:12:06:32 -0400] "GET /log.php HTTP/1.1" 404 - "-" "Mozilla/5.0 (Windows NT 10.0; Win64; x64) AppleWebKit/537.36 (KHTML, like Gecko) Chrome/131.0.0.0 Safari/537.36"
20.205.127.10 - - [24/Sep/2026:12:06:32 -0400] "GET /wp-cron.php HTTP/1.1" 500 93 "-" "Mozilla/5.0 (Windows NT 10.0; Win64; x64) AppleWebKit/537.36 (KHTML, like Gecko) Chrome/131.0.0.0 Safari/537.36"
195.178.110.72 - - [24/Sep/2026:12:06:33 -0400] "GET /magento_version HTTP/1.1" 404 - "-" "Mozilla/5.0 (Windows NT 10.0; Win64; x64) AppleWebKit/537.36 (KHTML, like Gecko) Chrome/120.0.0.0 Safari/537.36"
20.205.127.10 - - [24/Sep/2026:12:06:33 -0400] "GET /comfunctions.php HTTP/1.1" 404 - "-" "Mozilla/5.0 (Windows NT 10.0; Win64; x64) AppleWebKit/537.36 (KHTML, like Gecko) Chrome/131.0.0.0 Safari/537.36"
20.205.127.10 - - [24/Sep/2026:12:06:33 -0400] "GET /ini.php HTTP/1.1" 404 - "-" "Mozilla/5.0 (Windows NT 10.0; Win64; x64) AppleWebKit/537.36 (KHTML, like Gecko) Chrome/131.0.0.0 Safari/537.36"
20.205.127.10 - - [24/Sep/2026:12:06:34 -0400] "GET /custom-plugin.php HTTP/1.1" 404 - "-" "Mozilla/5.0 (Windows NT 10.0; Win64; x64) AppleWebKit/537.36 (KHTML, like Gecko) Chrome/131.0.0.0 Safari/537.36"
20.205.127.10 - - [24/Sep/2026:12:06:34 -0400] "GET /moderation.php HTTP/1.1" 404 - "-" "Mozilla/5.0 (Windows NT 10.0; Win64; x64) AppleWebKit/537.36 (KHTML, like Gecko) Chrome/131.0.0.0 Safari/537.36"
20.205.127.10 - - [24/Sep/2026:12:06:34 -0400] "GET /mar.php HTTP/1.1" 404 - "-" "Mozilla/5.0 (Windows NT 10.0; Win64; x64) AppleWebKit/537.36 (KHTML, like Gecko) Chrome/131.0.0.0 Safari/537.36"
195.178.110.72 - - [24/Sep/2026:12:06:34 -0400] "GET /wp-json/gravitysmtp/v1/tests/mock-data?page=gravitysmtp-settings HTTP/1.1" 404 - "-" "Mozilla/5.0 (Windows NT 10.0; Win64; x64) AppleWebKit/537.36 (KHTML, like Gecko) Chrome/120.0.0.0 Safari/537.36"
20.205.127.10 - - [24/Sep/2026:12:06:35 -0400] "GET /about.php HTTP/1.1" 404 - "-" "Mozilla/5.0 (Windows NT 10.0; Win64; x64) AppleWebKit/537.36 (KHTML, like Gecko) Chrome/131.0.0.0 Safari/537.36"
195.178.110.72 - - [24/Sep/2026:12:06:35 -0400] "GET /?rest_route=/gravitysmtp/v1/tests/mock-data&page=gravitysmtp-settings HTTP/1.1" 500 93 "-" "Mozilla/5.0 (Macintosh; Intel Mac OS X 10_15_7) AppleWebKit/605.1.15 (KHTML, like Gecko) Version/17.0 Safari/605.1.15"
195.178.110.72 - - [24/Sep/2026:12:06:35 -0400] "GET /livewire/update HTTP/1.1" 404 - "-" "Mozilla/5.0"
20.205.127.10 - - [24/Sep/2026:12:06:35 -0400] "GET /login.php HTTP/1.1" 404 - "-" "Mozilla/5.0 (Windows NT 10.0; Win64; x64) AppleWebKit/537.36 (KHTML, like Gecko) Chrome/131.0.0.0 Safari/537.36"
20.205.127.10 - - [24/Sep/2026:12:06:35 -0400] "GET /default.php HTTP/1.1" 404 - "-" "Mozilla/5.0 (Windows NT 10.0; Win64; x64) AppleWebKit/537.36 (KHTML, like Gecko) Chrome/131.0.0.0 Safari/537.36"
195.178.110.72 - - [24/Sep/2026:12:06:35 -0400] "GET /wp-json/gravitysmtp/v1/tests/mock-data?page=gravitysmtp-connections HTTP/1.1" 404 - "-" "Mozilla/5.0 (X11; Linux x86_64; rv:121.0) Gecko/20100101 Firefox/121.0"
195.178.110.72 - - [24/Sep/2026:12:06:35 -0400] "GET /?rest_route=/gravitysmtp/v1/tests/mock-data&page=gravitysmtp-connections HTTP/1.1" 500 93 "-" "Mozilla/5.0 (Windows NT 10.0; Win64; x64; rv:121.0) Gecko/20100101 Firefox/121.0"
20.205.127.10 - - [24/Sep/2026:12:06:35 -0400] "GET /mini.php HTTP/1.1" 404 - "-" "Mozilla/5.0 (Windows NT 10.0; Win64; x64) AppleWebKit/537.36 (KHTML, like Gecko) Chrome/131.0.0.0 Safari/537.36"
20.205.127.10 - - [24/Sep/2026:12:06:36 -0400] "GET /1.php HTTP/1.1" 404 - "-" "Mozilla/5.0 (Windows NT 10.0; Win64; x64) AppleWebKit/537.36 (KHTML, like Gecko) Chrome/131.0.0.0 Safari/537.36"
195.178.110.72 - - [24/Sep/2026:12:06:36 -0400] "GET /index.php?rest_route=/gravitysmtp/v1/tests/mock-data&page=gravitysmtp-settings HTTP/1.1" 500 93 "-" "Mozilla/5.0 (iPhone; CPU iPhone OS 17_0 like Mac OS X) AppleWebKit/605.1.15 (KHTML, like Gecko) Version/17.0 Mobile/15E148 Safari/604.1"
20.205.127.10 - - [24/Sep/2026:12:06:36 -0400] "GET /click.php HTTP/1.1" 404 - "-" "Mozilla/5.0 (Windows NT 10.0; Win64; x64) AppleWebKit/537.36 (KHTML, like Gecko) Chrome/131.0.0.0 Safari/537.36"
20.205.127.10 - - [24/Sep/2026:12:06:36 -0400] "GET /wp-admin.php HTTP/1.1" 404 - "-" "Mozilla/5.0 (Windows NT 10.0; Win64; x64) AppleWebKit/537.36 (KHTML, like Gecko) Chrome/131.0.0.0 Safari/537.36"
20.205.127.10 - - [24/Sep/2026:12:06:36 -0400] "GET /epinyins.php HTTP/1.1" 404 - "-" "Mozilla/5.0 (Windows NT 10.0; Win64; x64) AppleWebKit/537.36 (KHTML, like Gecko) Chrome/131.0.0.0 Safari/537.36"
20.205.127.10 - - [24/Sep/2026:12:06:37 -0400] "GET /wso.php HTTP/1.1" 404 - "-" "Mozilla/5.0 (Windows NT 10.0; Win64; x64) AppleWebKit/537.36 (KHTML, like Gecko) Chrome/131.0.0.0 Safari/537.36"
195.178.110.72 - - [24/Sep/2026:12:06:37 -0400] "GET /wp-json/gravitysmtp/v1/tests/mock-data HTTP/1.1" 404 - "-" "Mozilla/5.0 (Linux; Android 13; SM-S918B) AppleWebKit/537.36 (KHTML, like Gecko) Chrome/120.0.0.0 Mobile Safari/537.36"
20.205.127.10 - - [24/Sep/2026:12:06:37 -0400] "GET /item.php HTTP/1.1" 404 - "-" "Mozilla/5.0 (Windows NT 10.0; Win64; x64) AppleWebKit/537.36 (KHTML, like Gecko) Chrome/131.0.0.0 Safari/537.36"
20.205.127.10 - - [24/Sep/2026:12:06:37 -0400] "GET /bb.php HTTP/1.1" 404 - "-" "Mozilla/5.0 (Windows NT 10.0; Win64; x64) AppleWebKit/537.36 (KHTML, like Gecko) Chrome/131.0.0.0 Safari/537.36"
20.205.127.10 - - [24/Sep/2026:12:06:37 -0400] "GET /as.php HTTP/1.1" 404 - "-" "Mozilla/5.0 (Windows NT 10.0; Win64; x64) AppleWebKit/537.36 (KHTML, like Gecko) Chrome/131.0.0.0 Safari/537.36"
20.205.127.10 - - [24/Sep/2026:12:06:38 -0400] "GET /404.php HTTP/1.1" 404 - "-" "Mozilla/5.0 (Windows NT 10.0; Win64; x64) AppleWebKit/537.36 (KHTML, like Gecko) Chrome/131.0.0.0 Safari/537.36"
20.205.127.10 - - [24/Sep/2026:12:06:38 -0400] "GET /edit.php HTTP/1.1" 404 - "-" "Mozilla/5.0 (Windows NT 10.0; Win64; x64) AppleWebKit/537.36 (KHTML, like Gecko) Chrome/131.0.0.0 Safari/537.36"
20.205.127.10 - - [24/Sep/2026:12:06:38 -0400] "GET /ws.php HTTP/1.1" 404 - "-" "Mozilla/5.0 (Windows NT 10.0; Win64; x64) AppleWebKit/537.36 (KHTML, like Gecko) Chrome/131.0.0.0 Safari/537.36"
20.205.127.10 - - [24/Sep/2026:12:06:38 -0400] "GET /wso112233.php HTTP/1.1" 404 - "-" "Mozilla/5.0 (Windows NT 10.0; Win64; x64) AppleWebKit/537.36 (KHTML, like Gecko) Chrome/131.0.0.0 Safari/537.36"
20.205.127.10 - - [24/Sep/2026:12:06:39 -0400] "GET /wp-config-sample.php HTTP/1.1" 500 93 "-" "Mozilla/5.0 (Windows NT 10.0; Win64; x64) AppleWebKit/537.36 (KHTML, like Gecko) Chrome/131.0.0.0 Safari/537.36"
20.205.127.10 - - [24/Sep/2026:12:06:39 -0400] "GET /moon.php HTTP/1.1" 404 - "-" "Mozilla/5.0 (Windows NT 10.0; Win64; x64) AppleWebKit/537.36 (KHTML, like Gecko) Chrome/131.0.0.0 Safari/537.36"
20.205.127.10 - - [24/Sep/2026:12:06:40 -0400] "GET /db.php HTTP/1.1" 404 - "-" "Mozilla/5.0 (Windows NT 10.0; Win64; x64) AppleWebKit/537.36 (KHTML, like Gecko) Chrome/131.0.0.0 Safari/537.36"
20.205.127.10 - - [24/Sep/2026:12:06:40 -0400] "GET /classwithtostring.php HTTP/1.1" 404 - "-" "Mozilla/5.0 (Windows NT 10.0; Win64; x64) AppleWebKit/537.36 (KHTML, like Gecko) Chrome/131.0.0.0 Safari/537.36"
20.205.127.10 - - [24/Sep/2026:12:06:40 -0400] "GET /wp-login.php HTTP/1.1" 500 93 "-" "Mozilla/5.0 (Windows NT 10.0; Win64; x64) AppleWebKit/537.36 (KHTML, like Gecko) Chrome/131.0.0.0 Safari/537.36"
20.205.127.10 - - [24/Sep/2026:12:06:41 -0400] "GET /ok.php HTTP/1.1" 404 - "-" "Mozilla/5.0 (Windows NT 10.0; Win64; x64) AppleWebKit/537.36 (KHTML, like Gecko) Chrome/131.0.0.0 Safari/537.36"
20.205.127.10 - - [24/Sep/2026:12:06:41 -0400] "GET /randkeyword.PhP7 HTTP/1.1" 404 - "-" "Mozilla/5.0 (Windows NT 10.0; Win64; x64) AppleWebKit/537.36 (KHTML, like Gecko) Chrome/131.0.0.0 Safari/537.36"
20.205.127.10 - - [24/Sep/2026:12:06:41 -0400] "GET /lv.php HTTP/1.1" 404 - "-" "Mozilla/5.0 (Windows NT 10.0; Win64; x64) AppleWebKit/537.36 (KHTML, like Gecko) Chrome/131.0.0.0 Safari/537.36"
20.205.127.10 - - [24/Sep/2026:12:06:42 -0400] "GET /test.php HTTP/1.1" 404 - "-" "Mozilla/5.0 (Windows NT 10.0; Win64; x64) AppleWebKit/537.36 (KHTML, like Gecko) Chrome/131.0.0.0 Safari/537.36"
20.205.127.10 - - [24/Sep/2026:12:06:42 -0400] "GET /admin.php HTTP/1.1" 404 - "-" "Mozilla/5.0 (Windows NT 10.0; Win64; x64) AppleWebKit/537.36 (KHTML, like Gecko) Chrome/131.0.0.0 Safari/537.36"
20.205.127.10 - - [24/Sep/2026:12:06:42 -0400] "GET /ova-tools.php HTTP/1.1" 404 - "-" "Mozilla/5.0 (Windows NT 10.0; Win64; x64) AppleWebKit/537.36 (KHTML, like Gecko) Chrome/131.0.0.0 Safari/537.36"
20.205.127.10 - - [24/Sep/2026:12:06:42 -0400] "GET /wp-configs.php HTTP/1.1" 404 - "-" "Mozilla/5.0 (Windows NT 10.0; Win64; x64) AppleWebKit/537.36 (KHTML, like Gecko) Chrome/131.0.0.0 Safari/537.36"
20.205.127.10 - - [24/Sep/2026:12:06:43 -0400] "GET /themes.php HTTP/1.1" 404 - "-" "Mozilla/5.0 (Windows NT 10.0; Win64; x64) AppleWebKit/537.36 (KHTML, like Gecko) Chrome/131.0.0.0 Safari/537.36"
20.205.127.10 - - [24/Sep/2026:12:06:43 -0400] "GET /user.php HTTP/1.1" 404 - "-" "Mozilla/5.0 (Windows NT 10.0; Win64; x64) AppleWebKit/537.36 (KHTML, like Gecko) Chrome/131.0.0.0 Safari/537.36"
20.205.127.10 - - [24/Sep/2026:12:06:43 -0400] "GET /index.php HTTP/1.1" 500 93 "-" "Mozilla/5.0 (Windows NT 10.0; Win64; x64) AppleWebKit/537.36 (KHTML, like Gecko) Chrome/131.0.0.0 Safari/537.36"
20.205.127.10 - - [24/Sep/2026:12:06:44 -0400] "GET /bak.php HTTP/1.1" 404 - "-" "Mozilla/5.0 (Windows NT 10.0; Win64; x64) AppleWebKit/537.36 (KHTML, like Gecko) Chrome/131.0.0.0 Safari/537.36"
20.205.127.10 - - [24/Sep/2026:12:06:44 -0400] "GET /system_log.php HTTP/1.1" 404 - "-" "Mozilla/5.0 (Windows NT 10.0; Win64; x64) AppleWebKit/537.36 (KHTML, like Gecko) Chrome/131.0.0.0 Safari/537.36"
20.205.127.10 - - [24/Sep/2026:12:06:45 -0400] "GET /wp-mail.php HTTP/1.1" 500 93 "-" "Mozilla/5.0 (Windows NT 10.0; Win64; x64) AppleWebKit/537.36 (KHTML, like Gecko) Chrome/131.0.0.0 Safari/537.36"
20.205.127.10 - - [24/Sep/2026:12:06:45 -0400] "GET /files.php HTTP/1.1" 404 - "-" "Mozilla/5.0 (Windows NT 10.0; Win64; x64) AppleWebKit/537.36 (KHTML, like Gecko) Chrome/131.0.0.0 Safari/537.36"
20.205.127.10 - - [24/Sep/2026:12:06:46 -0400] "GET /k.php HTTP/1.1" 404 - "-" "Mozilla/5.0 (Windows NT 10.0; Win64; x64) AppleWebKit/537.36 (KHTML, like Gecko) Chrome/131.0.0.0 Safari/537.36"
20.205.127.10 - - [24/Sep/2026:12:06:46 -0400] "GET /filemanager.php HTTP/1.1" 404 - "-" "Mozilla/5.0 (Windows NT 10.0; Win64; x64) AppleWebKit/537.36 (KHTML, like Gecko) Chrome/131.0.0.0 Safari/537.36"
20.205.127.10 - - [24/Sep/2026:12:06:46 -0400] "GET /xmlrpc.php HTTP/1.1" 500 93 "-" "Mozilla/5.0 (Windows NT 10.0; Win64; x64) AppleWebKit/537.36 (KHTML, like Gecko) Chrome/131.0.0.0 Safari/537.36"
20.205.127.10 - - [24/Sep/2026:12:06:47 -0400] "GET /wp-back.php HTTP/1.1" 404 - "-" "Mozilla/5.0 (Windows NT 10.0; Win64; x64) AppleWebKit/537.36 (KHTML, like Gecko) Chrome/131.0.0.0 Safari/537.36"
20.205.127.10 - - [24/Sep/2026:12:06:47 -0400] "GET /new.php HTTP/1.1" 404 - "-" "Mozilla/5.0 (Windows NT 10.0; Win64; x64) AppleWebKit/537.36 (KHTML, like Gecko) Chrome/131.0.0.0 Safari/537.36"
