129.146.116.242 - - [24/Sep/2026:10:08:38 -0400] "GET /wp-content/languages/ HTTP/1.1" 200 2641 "binance.com" "Mozilla/5.0 (Windows NT 10.0; Win64; x64) AppleWebKit/537.36 (KHTML, like Gecko) Chrome/90.0.4430.85 Safari/537.36"
20.204.165.135 - - [24/Sep/2026:10:08:42 -0400] "GET /wp-admin/css/ HTTP/1.1" 200 1661 "binance.com" "Mozilla/5.0 (Windows NT 10.0; Win64; x64) AppleWebKit/537.36 (KHTML, like Gecko) Chrome/90.0.4430.85 Safari/537.36"
129.146.116.242 - - [24/Sep/2026:10:08:43 -0400] "GET /wp-content/languages/admin-es_ES.l10n.php HTTP/1.1" 200 - "binance.com" "Mozilla/5.0 (Windows NT 10.0; Win64; x64) AppleWebKit/537.36 (KHTML, like Gecko) Chrome/90.0.4430.85 Safari/537.36"
129.146.116.242 - - [24/Sep/2026:10:08:47 -0400] "GET /wp-content/languages/admin-network-es_ES.l10n.php HTTP/1.1" 200 - "binance.com" "Mozilla/5.0 (Windows NT 10.0; Win64; x64) AppleWebKit/537.36 (KHTML, like Gecko) Chrome/90.0.4430.85 Safari/537.36"
129.146.116.242 - - [24/Sep/2026:10:08:52 -0400] "GET /wp-content/languages/continents-cities-es_ES.l10n.php HTTP/1.1" 200 - "binance.com" "Mozilla/5.0 (Windows NT 10.0; Win64; x64) AppleWebKit/537.36 (KHTML, like Gecko) Chrome/90.0.4430.85 Safari/537.36"
129.146.116.242 - - [24/Sep/2026:10:08:56 -0400] "GET /wp-content/languages/es_ES.l10n.php HTTP/1.1" 200 - "binance.com" "Mozilla/5.0 (Windows NT 10.0; Win64; x64) AppleWebKit/537.36 (KHTML, like Gecko) Chrome/90.0.4430.85 Safari/537.36"
129.146.116.242 - - [24/Sep/2026:10:09:00 -0400] "GET /wp-admin/includes/ HTTP/1.1" 200 2164 "binance.com" "Mozilla/5.0 (Windows NT 10.0; Win64; x64) AppleWebKit/537.36 (KHTML, like Gecko) Chrome/90.0.4430.85 Safari/537.36"
20.204.165.135 - - [24/Sep/2026:10:09:04 -0400] "GET /wp-admin/css/colors/ HTTP/1.1" 200 577 "binance.com" "Mozilla/5.0 (Windows NT 10.0; Win64; x64) AppleWebKit/537.36 (KHTML, like Gecko) Chrome/90.0.4430.85 Safari/537.36"
129.146.116.242 - - [24/Sep/2026:10:09:05 -0400] "GET /wp-admin/includes/ HTTP/1.1" 200 2164 "binance.com" "Mozilla/5.0 (Windows NT 10.0; Win64; x64) AppleWebKit/537.36 (KHTML, like Gecko) Chrome/90.0.4430.85 Safari/537.36"
129.146.116.242 - - [24/Sep/2026:10:09:11 -0400] "GET /wp-admin/maint/ HTTP/1.1" 200 379 "binance.com" "Mozilla/5.0 (Windows NT 10.0; Win64; x64) AppleWebKit/537.36 (KHTML, like Gecko) Chrome/90.0.4430.85 Safari/537.36"
129.146.116.242 - - [24/Sep/2026:10:09:15 -0400] "GET /wp-admin/maint/ HTTP/1.1" 200 379 "binance.com" "Mozilla/5.0 (Windows NT 10.0; Win64; x64) AppleWebKit/537.36 (KHTML, like Gecko) Chrome/90.0.4430.85 Safari/537.36"
20.204.165.135 - - [24/Sep/2026:10:09:19 -0400] "GET /wp-admin/css/colors/blue/ HTTP/1.1" 200 448 "binance.com" "Mozilla/5.0 (Windows NT 10.0; Win64; x64) AppleWebKit/537.36 (KHTML, like Gecko) Chrome/90.0.4430.85 Safari/537.36"
129.146.116.242 - - [24/Sep/2026:10:09:20 -0400] "GET /wp-admin/network/ HTTP/1.1" 500 93 "binance.com" "Mozilla/5.0 (Windows NT 10.0; Win64; x64) AppleWebKit/537.36 (KHTML, like Gecko) Chrome/90.0.4430.85 Safari/537.36"
129.146.116.242 - - [24/Sep/2026:10:09:24 -0400] "GET /wp-admin/user/ HTTP/1.1" 500 93 "binance.com" "Mozilla/5.0 (Windows NT 10.0; Win64; x64) AppleWebKit/537.36 (KHTML, like Gecko) Chrome/90.0.4430.85 Safari/537.36"
129.146.116.242 - - [24/Sep/2026:10:09:29 -0400] "GET /wp-admin/css/ HTTP/1.1" 200 1661 "binance.com" "Mozilla/5.0 (Windows NT 10.0; Win64; x64) AppleWebKit/537.36 (KHTML, like Gecko) Chrome/90.0.4430.85 Safari/537.36"
20.204.165.135 - - [24/Sep/2026:10:09:33 -0400] "GET /wp-admin/css/colors/coffee/ HTTP/1.1" 200 447 "binance.com" "Mozilla/5.0 (Windows NT 10.0; Win64; x64) AppleWebKit/537.36 (KHTML, like Gecko) Chrome/90.0.4430.85 Safari/537.36"
129.146.116.242 - - [24/Sep/2026:10:09:34 -0400] "GET /wp-admin/css/colors/ HTTP/1.1" 200 577 "binance.com" "Mozilla/5.0 (Windows NT 10.0; Win64; x64) AppleWebKit/537.36 (KHTML, like Gecko) Chrome/90.0.4430.85 Safari/537.36"
129.146.116.242 - - [24/Sep/2026:10:09:39 -0400] "GET /wp-admin/css/colors/blue/ HTTP/1.1" 200 448 "binance.com" "Mozilla/5.0 (Windows NT 10.0; Win64; x64) AppleWebKit/537.36 (KHTML, like Gecko) Chrome/90.0.4430.85 Safari/537.36"
205.188.102.65 - - [24/Sep/2026:10:09:42 -0400] "GET /2025/03/8m-despues-de-las-marchas-que-sigue/ HTTP/1.1" 404 - "-" "Mozilla/5.0 (compatible; ExaSearchBot/1.0; +https://crawler.exa.ai/)"
129.146.116.242 - - [24/Sep/2026:10:09:43 -0400] "GET /wp-admin/css/colors/coffee/ HTTP/1.1" 200 447 "binance.com" "Mozilla/5.0 (Windows NT 10.0; Win64; x64) AppleWebKit/537.36 (KHTML, like Gecko) Chrome/90.0.4430.85 Safari/537.36"
129.146.116.242 - - [24/Sep/2026:10:09:48 -0400] "GET /wp-admin/css/colors/ectoplasm/ HTTP/1.1" 200 448 "binance.com" "Mozilla/5.0 (Windows NT 10.0; Win64; x64) AppleWebKit/537.36 (KHTML, like Gecko) Chrome/90.0.4430.85 Safari/537.36"
114.119.140.217 - - [24/Sep/2026:10:09:49 -0400] "GET /2013/12/reflejo-de-mujer-con-pilar-serrano-invitada-especial-lucy-puga HTTP/1.1" 404 - "https://www.mujeraf.com/2013/12/peinados-para-las-fiestas-decembrinas" "Mozilla/5.0 (Linux; Android 7.0;) AppleWebKit/537.36 (HTML, like Gecko) Mobile Safari/537.36 (compatible; PetalBot;+https://webmaster.petalsearch.com/site/petalbot)"
20.204.165.135 - - [24/Sep/2026:10:09:50 -0400] "GET /wp-admin/css/colors/ectoplasm/ HTTP/1.1" 200 448 "binance.com" "Mozilla/5.0 (Windows NT 10.0; Win64; x64) AppleWebKit/537.36 (KHTML, like Gecko) Chrome/90.0.4430.85 Safari/537.36"
129.146.116.242 - - [24/Sep/2026:10:09:56 -0400] "GET /wp-admin/css/colors/light/ HTTP/1.1" 200 446 "binance.com" "Mozilla/5.0 (Windows NT 10.0; Win64; x64) AppleWebKit/537.36 (KHTML, like Gecko) Chrome/90.0.4430.85 Safari/537.36"
129.146.116.242 - - [24/Sep/2026:10:10:01 -0400] "GET /wp-admin/css/colors/midnight/ HTTP/1.1" 200 451 "binance.com" "Mozilla/5.0 (Windows NT 10.0; Win64; x64) AppleWebKit/537.36 (KHTML, like Gecko) Chrome/90.0.4430.85 Safari/537.36"
129.146.116.242 - - [24/Sep/2026:10:10:05 -0400] "GET /wp-admin/css/colors/modern/ HTTP/1.1" 200 448 "binance.com" "Mozilla/5.0 (Windows NT 10.0; Win64; x64) AppleWebKit/537.36 (KHTML, like Gecko) Chrome/90.0.4430.85 Safari/537.36"
129.146.116.242 - - [24/Sep/2026:10:10:10 -0400] "GET /wp-admin/css/colors/ocean/ HTTP/1.1" 200 446 "binance.com" "Mozilla/5.0 (Windows NT 10.0; Win64; x64) AppleWebKit/537.36 (KHTML, like Gecko) Chrome/90.0.4430.85 Safari/537.36"
20.204.165.135 - - [24/Sep/2026:10:10:10 -0400] "GET /wp-admin/css/colors/light/ HTTP/1.1" 200 446 "binance.com" "Mozilla/5.0 (Windows NT 10.0; Win64; x64) AppleWebKit/537.36 (KHTML, like Gecko) Chrome/90.0.4430.85 Safari/537.36"
129.146.116.242 - - [24/Sep/2026:10:10:14 -0400] "GET /wp-admin/css/colors/sunrise/%20 HTTP/1.1" 404 - "binance.com" "Mozilla/5.0 (Windows NT 10.0; Win64; x64) AppleWebKit/537.36 (KHTML, like Gecko) Chrome/90.0.4430.85 Safari/537.36"
129.146.116.242 - - [24/Sep/2026:10:10:17 -0400] "GET /wp-admin/images/ HTTP/1.1" 200 1791 "binance.com" "Mozilla/5.0 (Windows NT 10.0; Win64; x64) AppleWebKit/537.36 (KHTML, like Gecko) Chrome/90.0.4430.85 Safari/537.36"
129.146.116.242 - - [24/Sep/2026:10:10:22 -0400] "GET /wp-admin/js/ HTTP/1.1" 200 2058 "binance.com" "Mozilla/5.0 (Windows NT 10.0; Win64; x64) AppleWebKit/537.36 (KHTML, like Gecko) Chrome/90.0.4430.85 Safari/537.36"
129.146.116.242 - - [24/Sep/2026:10:10:25 -0400] "GET /wp-admin/js/widgets/ HTTP/1.1" 200 659 "binance.com" "Mozilla/5.0 (Windows NT 10.0; Win64; x64) AppleWebKit/537.36 (KHTML, like Gecko) Chrome/90.0.4430.85 Safari/537.36"
129.146.116.242 - - [24/Sep/2026:10:10:29 -0400] "GET /wp-includes/ HTTP/1.1" 200 4996 "binance.com" "Mozilla/5.0 (Windows NT 10.0; Win64; x64) AppleWebKit/537.36 (KHTML, like Gecko) Chrome/90.0.4430.85 Safari/537.36"
20.204.165.135 - - [24/Sep/2026:10:10:30 -0400] "GET /wp-admin/css/colors/midnight/ HTTP/1.1" 200 451 "binance.com" "Mozilla/5.0 (Windows NT 10.0; Win64; x64) AppleWebKit/537.36 (KHTML, like Gecko) Chrome/90.0.4430.85 Safari/537.36"
129.146.116.242 - - [24/Sep/2026:10:10:34 -0400] "GET /wp-includes/ HTTP/1.1" 200 4996 "binance.com" "Mozilla/5.0 (Windows NT 10.0; Win64; x64) AppleWebKit/537.36 (KHTML, like Gecko) Chrome/90.0.4430.85 Safari/537.36"
129.146.116.242 - - [24/Sep/2026:10:10:39 -0400] "GET /wp-includes/abilities-api.php HTTP/1.1" 200 - "binance.com" "Mozilla/5.0 (Windows NT 10.0; Win64; x64) AppleWebKit/537.36 (KHTML, like Gecko) Chrome/90.0.4430.85 Safari/537.36"
129.146.116.242 - - [24/Sep/2026:10:10:45 -0400] "GET /wp-includes/abilities.php HTTP/1.1" 200 - "binance.com" "Mozilla/5.0 (Windows NT 10.0; Win64; x64) AppleWebKit/537.36 (KHTML, like Gecko) Chrome/90.0.4430.85 Safari/537.36"
129.146.116.242 - - [24/Sep/2026:10:10:49 -0400] "GET /wp-includes/ai-client.php HTTP/1.1" 200 - "binance.com" "Mozilla/5.0 (Windows NT 10.0; Win64; x64) AppleWebKit/537.36 (KHTML, like Gecko) Chrome/90.0.4430.85 Safari/537.36"
20.204.165.135 - - [24/Sep/2026:10:10:50 -0400] "GET /wp-admin/css/colors/modern/ HTTP/1.1" 200 448 "binance.com" "Mozilla/5.0 (Windows NT 10.0; Win64; x64) AppleWebKit/537.36 (KHTML, like Gecko) Chrome/90.0.4430.85 Safari/537.36"
129.146.116.242 - - [24/Sep/2026:10:10:55 -0400] "GET /wp-includes/block-bindings.php HTTP/1.1" 200 - "binance.com" "Mozilla/5.0 (Windows NT 10.0; Win64; x64) AppleWebKit/537.36 (KHTML, like Gecko) Chrome/90.0.4430.85 Safari/537.36"
129.146.116.242 - - [24/Sep/2026:10:10:59 -0400] "GET /wp-includes/block-editor.php HTTP/1.1" 200 - "binance.com" "Mozilla/5.0 (Windows NT 10.0; Win64; x64) AppleWebKit/537.36 (KHTML, like Gecko) Chrome/90.0.4430.85 Safari/537.36"
129.146.116.242 - - [24/Sep/2026:10:11:05 -0400] "GET /wp-includes/block-template-utils.php HTTP/1.1" 200 - "binance.com" "Mozilla/5.0 (Windows NT 10.0; Win64; x64) AppleWebKit/537.36 (KHTML, like Gecko) Chrome/90.0.4430.85 Safari/537.36"
20.204.165.135 - - [24/Sep/2026:10:11:09 -0400] "GET /wp-admin/css/colors/ocean/ HTTP/1.1" 200 446 "binance.com" "Mozilla/5.0 (Windows NT 10.0; Win64; x64) AppleWebKit/537.36 (KHTML, like Gecko) Chrome/90.0.4430.85 Safari/537.36"
129.146.116.242 - - [24/Sep/2026:10:11:10 -0400] "GET /wp-includes/block-template.php HTTP/1.1" 200 - "binance.com" "Mozilla/5.0 (Windows NT 10.0; Win64; x64) AppleWebKit/537.36 (KHTML, like Gecko) Chrome/90.0.4430.85 Safari/537.36"
114.119.151.72 - - [24/Sep/2026:10:11:12 -0400] "GET /category/publireportajeaf/?filter_by=random_posts HTTP/1.1" 404 - "https://www.mujeraf.com/category/publireportajeaf?filter_by=popular7" "Mozilla/5.0 (Linux; Android 7.0;) AppleWebKit/537.36 (HTML, like Gecko) Mobile Safari/537.36 (compatible; PetalBot;+https://webmaster.petalsearch.com/site/petalbot)"
129.146.116.242 - - [24/Sep/2026:10:11:13 -0400] "GET /wp-includes/class-avif-info.php HTTP/1.1" 200 - "binance.com" "Mozilla/5.0 (Windows NT 10.0; Win64; x64) AppleWebKit/537.36 (KHTML, like Gecko) Chrome/90.0.4430.85 Safari/537.36"
129.146.116.242 - - [24/Sep/2026:10:11:18 -0400] "GET /wp-includes/class-wp-block-bindings-registry.php HTTP/1.1" 200 - "binance.com" "Mozilla/5.0 (Windows NT 10.0; Win64; x64) AppleWebKit/537.36 (KHTML, like Gecko) Chrome/90.0.4430.85 Safari/537.36"
52.167.144.213 - - [24/Sep/2026:10:11:19 -0400] "GET /wp-content/uploads/2014/10/paellavegana-700x468.jpg HTTP/1.1" 200 89257 "-" "Mozilla/5.0 AppleWebKit/537.36 (KHTML, like Gecko; compatible; bingbot/2.0; +http://www.bing.com/bingbot.htm) Chrome/116.0.1938.76 Safari/537.36"
129.146.116.242 - - [24/Sep/2026:10:11:21 -0400] "GET /wp-includes/class-wp-block-bindings-source.php HTTP/1.1" 200 - "binance.com" "Mozilla/5.0 (Windows NT 10.0; Win64; x64) AppleWebKit/537.36 (KHTML, like Gecko) Chrome/90.0.4430.85 Safari/537.36"
20.204.165.135 - - [24/Sep/2026:10:11:22 -0400] "GET /wp-admin/css/colors/sunrise/%20 HTTP/1.1" 404 - "binance.com" "Mozilla/5.0 (Windows NT 10.0; Win64; x64) AppleWebKit/537.36 (KHTML, like Gecko) Chrome/90.0.4430.85 Safari/537.36"
129.146.116.242 - - [24/Sep/2026:10:11:26 -0400] "GET /wp-includes/class-wp-block-editor-context.php HTTP/1.1" 200 - "binance.com" "Mozilla/5.0 (Windows NT 10.0; Win64; x64) AppleWebKit/537.36 (KHTML, like Gecko) Chrome/90.0.4430.85 Safari/537.36"
129.146.116.242 - - [24/Sep/2026:10:11:30 -0400] "GET /wp-includes/class-wp-block-metadata-registry.php HTTP/1.1" 200 - "binance.com" "Mozilla/5.0 (Windows NT 10.0; Win64; x64) AppleWebKit/537.36 (KHTML, like Gecko) Chrome/90.0.4430.85 Safari/537.36"
129.146.116.242 - - [24/Sep/2026:10:11:34 -0400] "GET /wp-includes/class-wp-block-parser-block.php HTTP/1.1" 200 - "binance.com" "Mozilla/5.0 (Windows NT 10.0; Win64; x64) AppleWebKit/537.36 (KHTML, like Gecko) Chrome/90.0.4430.85 Safari/537.36"
129.146.116.242 - - [24/Sep/2026:10:11:37 -0400] "GET /wp-includes/class-wp-block-parser-frame.php HTTP/1.1" 200 - "binance.com" "Mozilla/5.0 (Windows NT 10.0; Win64; x64) AppleWebKit/537.36 (KHTML, like Gecko) Chrome/90.0.4430.85 Safari/537.36"
20.204.165.135 - - [24/Sep/2026:10:11:40 -0400] "GET /wp-admin/images/ HTTP/1.1" 200 1791 "binance.com" "Mozilla/5.0 (Windows NT 10.0; Win64; x64) AppleWebKit/537.36 (KHTML, like Gecko) Chrome/90.0.4430.85 Safari/537.36"
129.146.116.242 - - [24/Sep/2026:10:11:41 -0400] "GET /wp-includes/class-wp-block-processor.php HTTP/1.1" 200 - "binance.com" "Mozilla/5.0 (Windows NT 10.0; Win64; x64) AppleWebKit/537.36 (KHTML, like Gecko) Chrome/90.0.4430.85 Safari/537.36"
129.146.116.242 - - [24/Sep/2026:10:11:45 -0400] "GET /wp-includes/class-wp-block-template.php HTTP/1.1" 200 - "binance.com" "Mozilla/5.0 (Windows NT 10.0; Win64; x64) AppleWebKit/537.36 (KHTML, like Gecko) Chrome/90.0.4430.85 Safari/537.36"
129.146.116.242 - - [24/Sep/2026:10:11:49 -0400] "GET /wp-includes/class-wp-block-templates-registry.php HTTP/1.1" 200 - "binance.com" "Mozilla/5.0 (Windows NT 10.0; Win64; x64) AppleWebKit/537.36 (KHTML, like Gecko) Chrome/90.0.4430.85 Safari/537.36"
46.105.40.140 - - [24/Sep/2026:10:11:51 -0400] "GET /robots.txt HTTP/1.1" 404 - "-" "Mozilla/5.0 (compatible; MJ12bot/v2.0.7; http://mj12bot.com/)"
129.146.116.242 - - [24/Sep/2026:10:11:52 -0400] "GET /wp-includes/class-wp-classic-to-block-menu-converter.php HTTP/1.1" 200 - "binance.com" "Mozilla/5.0 (Windows NT 10.0; Win64; x64) AppleWebKit/537.36 (KHTML, like Gecko) Chrome/90.0.4430.85 Safari/537.36"
129.146.116.242 - - [24/Sep/2026:10:11:57 -0400] "GET /wp-includes/class-wp-connector-registry.php HTTP/1.1" 500 - "binance.com" "Mozilla/5.0 (Windows NT 10.0; Win64; x64) AppleWebKit/537.36 (KHTML, like Gecko) Chrome/90.0.4430.85 Safari/537.36"
20.204.165.135 - - [24/Sep/2026:10:12:00 -0400] "GET /wp-admin/js/ HTTP/1.1" 200 2058 "binance.com" "Mozilla/5.0 (Windows NT 10.0; Win64; x64) AppleWebKit/537.36 (KHTML, like Gecko) Chrome/90.0.4430.85 Safari/537.36"
129.146.116.242 - - [24/Sep/2026:10:12:01 -0400] "GET /wp-includes/class-wp-dependencies.php HTTP/1.1" 200 - "binance.com" "Mozilla/5.0 (Windows NT 10.0; Win64; x64) AppleWebKit/537.36 (KHTML, like Gecko) Chrome/90.0.4430.85 Safari/537.36"
129.146.116.242 - - [24/Sep/2026:10:12:05 -0400] "GET /wp-includes/class-wp-duotone.php HTTP/1.1" 200 - "binance.com" "Mozilla/5.0 (Windows NT 10.0; Win64; x64) AppleWebKit/537.36 (KHTML, like Gecko) Chrome/90.0.4430.85 Safari/537.36"
129.146.116.242 - - [24/Sep/2026:10:12:09 -0400] "GET /wp-includes/class-wp-exception.php HTTP/1.1" 200 - "binance.com" "Mozilla/5.0 (Windows NT 10.0; Win64; x64) AppleWebKit/537.36 (KHTML, like Gecko) Chrome/90.0.4430.85 Safari/537.36"
129.146.116.242 - - [24/Sep/2026:10:12:14 -0400] "GET /wp-includes/class-wp-http.php HTTP/1.1" 200 2 "binance.com" "Mozilla/5.0 (Windows NT 10.0; Win64; x64) AppleWebKit/537.36 (KHTML, like Gecko) Chrome/90.0.4430.85 Safari/537.36"
129.146.116.242 - - [24/Sep/2026:10:12:16 -0400] "GET /wp-includes/class-wp-icons-registry.php HTTP/1.1" 200 - "binance.com" "Mozilla/5.0 (Windows NT 10.0; Win64; x64) AppleWebKit/537.36 (KHTML, like Gecko) Chrome/90.0.4430.85 Safari/537.36"
20.204.165.135 - - [24/Sep/2026:10:12:20 -0400] "GET /wp-admin/js/widgets/ HTTP/1.1" 200 659 "binance.com" "Mozilla/5.0 (Windows NT 10.0; Win64; x64) AppleWebKit/537.36 (KHTML, like Gecko) Chrome/90.0.4430.85 Safari/537.36"
129.146.116.242 - - [24/Sep/2026:10:12:21 -0400] "GET /wp-includes/class-wp-navigation-fallback.php HTTP/1.1" 200 - "binance.com" "Mozilla/5.0 (Windows NT 10.0; Win64; x64) AppleWebKit/537.36 (KHTML, like Gecko) Chrome/90.0.4430.85 Safari/537.36"
129.146.116.242 - - [24/Sep/2026:10:12:28 -0400] "GET /wp-includes/class-wp-phpmailer.php HTTP/1.1" 500 - "binance.com" "Mozilla/5.0 (Windows NT 10.0; Win64; x64) AppleWebKit/537.36 (KHTML, like Gecko) Chrome/90.0.4430.85 Safari/537.36"
129.146.116.242 - - [24/Sep/2026:10:12:32 -0400] "GET /wp-includes/class-wp-plugin-dependencies.php HTTP/1.1" 200 - "binance.com" "Mozilla/5.0 (Windows NT 10.0; Win64; x64) AppleWebKit/537.36 (KHTML, like Gecko) Chrome/90.0.4430.85 Safari/537.36"
20.204.165.135 - - [24/Sep/2026:10:12:34 -0400] "GET /wp-includes/ HTTP/1.1" 200 4996 "binance.com" "Mozilla/5.0 (Windows NT 10.0; Win64; x64) AppleWebKit/537.36 (KHTML, like Gecko) Chrome/90.0.4430.85 Safari/537.36"
129.146.116.242 - - [24/Sep/2026:10:12:37 -0400] "GET /wp-includes/class-wp-script-modules.php HTTP/1.1" 200 - "binance.com" "Mozilla/5.0 (Windows NT 10.0; Win64; x64) AppleWebKit/537.36 (KHTML, like Gecko) Chrome/90.0.4430.85 Safari/537.36"
129.146.116.242 - - [24/Sep/2026:10:12:42 -0400] "GET /wp-includes/class-wp-scripts.php HTTP/1.1" 500 - "binance.com" "Mozilla/5.0 (Windows NT 10.0; Win64; x64) AppleWebKit/537.36 (KHTML, like Gecko) Chrome/90.0.4430.85 Safari/537.36"
129.146.116.242 - - [24/Sep/2026:10:12:46 -0400] "GET /wp-includes/class-wp-speculation-rules.php HTTP/1.1" 200 - "binance.com" "Mozilla/5.0 (Windows NT 10.0; Win64; x64) AppleWebKit/537.36 (KHTML, like Gecko) Chrome/90.0.4430.85 Safari/537.36"
129.146.116.242 - - [24/Sep/2026:10:12:49 -0400] "GET /wp-includes/class-wp-styles.php HTTP/1.1" 500 - "binance.com" "Mozilla/5.0 (Windows NT 10.0; Win64; x64) AppleWebKit/537.36 (KHTML, like Gecko) Chrome/90.0.4430.85 Safari/537.36"
20.204.165.135 - - [24/Sep/2026:10:12:52 -0400] "GET /wp-includes/ HTTP/1.1" 200 4996 "binance.com" "Mozilla/5.0 (Windows NT 10.0; Win64; x64) AppleWebKit/537.36 (KHTML, like Gecko) Chrome/90.0.4430.85 Safari/537.36"
129.146.116.242 - - [24/Sep/2026:10:12:53 -0400] "GET /wp-includes/class-wp-textdomain-registry.php HTTP/1.1" 200 - "binance.com" "Mozilla/5.0 (Windows NT 10.0; Win64; x64) AppleWebKit/537.36 (KHTML, like Gecko) Chrome/90.0.4430.85 Safari/537.36"
129.146.116.242 - - [24/Sep/2026:10:12:57 -0400] "GET /wp-includes/class-wp-theme-json-data.php HTTP/1.1" 200 - "binance.com" "Mozilla/5.0 (Windows NT 10.0; Win64; x64) AppleWebKit/537.36 (KHTML, like Gecko) Chrome/90.0.4430.85 Safari/537.36"
129.146.116.242 - - [24/Sep/2026:10:13:01 -0400] "GET /wp-includes/class-wp-theme-json-resolver.php HTTP/1.1" 200 - "binance.com" "Mozilla/5.0 (Windows NT 10.0; Win64; x64) AppleWebKit/537.36 (KHTML, like Gecko) Chrome/90.0.4430.85 Safari/537.36"
129.146.116.242 - - [24/Sep/2026:10:13:03 -0400] "GET /wp-includes/class-wp-theme-json-schema.php HTTP/1.1" 200 - "binance.com" "Mozilla/5.0 (Windows NT 10.0; Win64; x64) AppleWebKit/537.36 (KHTML, like Gecko) Chrome/90.0.4430.85 Safari/537.36"
129.146.116.242 - - [24/Sep/2026:10:13:06 -0400] "GET /wp-includes/class-wp-theme-json.php HTTP/1.1" 200 - "binance.com" "Mozilla/5.0 (Windows NT 10.0; Win64; x64) AppleWebKit/537.36 (KHTML, like Gecko) Chrome/90.0.4430.85 Safari/537.36"
129.146.116.242 - - [24/Sep/2026:10:13:10 -0400] "GET /wp-includes/class-wp-token-map.php HTTP/1.1" 200 - "binance.com" "Mozilla/5.0 (Windows NT 10.0; Win64; x64) AppleWebKit/537.36 (KHTML, like Gecko) Chrome/90.0.4430.85 Safari/537.36"
20.204.165.135 - - [24/Sep/2026:10:13:11 -0400] "GET /wp-includes/abilities-api.php HTTP/1.1" 200 - "binance.com" "Mozilla/5.0 (Windows NT 10.0; Win64; x64) AppleWebKit/537.36 (KHTML, like Gecko) Chrome/90.0.4430.85 Safari/537.36"
129.146.116.242 - - [24/Sep/2026:10:13:14 -0400] "GET /wp-includes/class-wp-url-pattern-prefixer.php HTTP/1.1" 200 - "binance.com" "Mozilla/5.0 (Windows NT 10.0; Win64; x64) AppleWebKit/537.36 (KHTML, like Gecko) Chrome/90.0.4430.85 Safari/537.36"
129.146.116.242 - - [24/Sep/2026:10:13:18 -0400] "GET /wp-includes/class-wpdb.php HTTP/1.1" 200 - "binance.com" "Mozilla/5.0 (Windows NT 10.0; Win64; x64) AppleWebKit/537.36 (KHTML, like Gecko) Chrome/90.0.4430.85 Safari/537.36"
129.146.116.242 - - [24/Sep/2026:10:13:21 -0400] "GET /wp-includes/compat-utf8.php HTTP/1.1" 200 - "binance.com" "Mozilla/5.0 (Windows NT 10.0; Win64; x64) AppleWebKit/537.36 (KHTML, like Gecko) Chrome/90.0.4430.85 Safari/537.36"
129.146.116.242 - - [24/Sep/2026:10:13:24 -0400] "GET /wp-includes/connectors.php HTTP/1.1" 500 - "binance.com" "Mozilla/5.0 (Windows NT 10.0; Win64; x64) AppleWebKit/537.36 (KHTML, like Gecko) Chrome/90.0.4430.85 Safari/537.36"
129.146.116.242 - - [24/Sep/2026:10:13:28 -0400] "GET /wp-includes/fonts.php HTTP/1.1" 200 - "binance.com" "Mozilla/5.0 (Windows NT 10.0; Win64; x64) AppleWebKit/537.36 (KHTML, like Gecko) Chrome/90.0.4430.85 Safari/537.36"
129.146.116.242 - - [24/Sep/2026:10:13:32 -0400] "GET /wp-includes/global-styles-and-settings.php HTTP/1.1" 200 - "binance.com" "Mozilla/5.0 (Windows NT 10.0; Win64; x64) AppleWebKit/537.36 (KHTML, like Gecko) Chrome/90.0.4430.85 Safari/537.36"
20.204.165.135 - - [24/Sep/2026:10:13:33 -0400] "GET /wp-includes/abilities.php HTTP/1.1" 200 - "binance.com" "Mozilla/5.0 (Windows NT 10.0; Win64; x64) AppleWebKit/537.36 (KHTML, like Gecko) Chrome/90.0.4430.85 Safari/537.36"
129.146.116.242 - - [24/Sep/2026:10:13:36 -0400] "GET /wp-includes/https-detection.php HTTP/1.1" 200 - "binance.com" "Mozilla/5.0 (Windows NT 10.0; Win64; x64) AppleWebKit/537.36 (KHTML, like Gecko) Chrome/90.0.4430.85 Safari/537.36"
129.146.116.242 - - [24/Sep/2026:10:13:43 -0400] "GET /wp-includes/https-migration.php HTTP/1.1" 200 - "binance.com" "Mozilla/5.0 (Windows NT 10.0; Win64; x64) AppleWebKit/537.36 (KHTML, like Gecko) Chrome/90.0.4430.85 Safari/537.36"
129.146.116.242 - - [24/Sep/2026:10:13:47 -0400] "GET /wp-includes/robots-template.php HTTP/1.1" 200 - "binance.com" "Mozilla/5.0 (Windows NT 10.0; Win64; x64) AppleWebKit/537.36 (KHTML, like Gecko) Chrome/90.0.4430.85 Safari/537.36"
129.146.116.242 - - [24/Sep/2026:10:13:50 -0400] "GET /wp-includes/script-modules.php HTTP/1.1" 200 - "binance.com" "Mozilla/5.0 (Windows NT 10.0; Win64; x64) AppleWebKit/537.36 (KHTML, like Gecko) Chrome/90.0.4430.85 Safari/537.36"
20.204.165.135 - - [24/Sep/2026:10:13:50 -0400] "GET /wp-includes/ai-client.php HTTP/1.1" 200 - "binance.com" "Mozilla/5.0 (Windows NT 10.0; Win64; x64) AppleWebKit/537.36 (KHTML, like Gecko) Chrome/90.0.4430.85 Safari/537.36"
129.146.116.242 - - [24/Sep/2026:10:13:53 -0400] "GET /wp-includes/speculative-loading.php HTTP/1.1" 200 - "binance.com" "Mozilla/5.0 (Windows NT 10.0; Win64; x64) AppleWebKit/537.36 (KHTML, like Gecko) Chrome/90.0.4430.85 Safari/537.36"
129.146.116.242 - - [24/Sep/2026:10:13:57 -0400] "GET /wp-includes/style-engine.php HTTP/1.1" 200 - "binance.com" "Mozilla/5.0 (Windows NT 10.0; Win64; x64) AppleWebKit/537.36 (KHTML, like Gecko) Chrome/90.0.4430.85 Safari/537.36"
129.146.116.242 - - [24/Sep/2026:10:14:00 -0400] "GET /wp-includes/template-canvas.php HTTP/1.1" 500 - "binance.com" "Mozilla/5.0 (Windows NT 10.0; Win64; x64) AppleWebKit/537.36 (KHTML, like Gecko) Chrome/90.0.4430.85 Safari/537.36"
129.146.116.242 - - [24/Sep/2026:10:14:04 -0400] "GET /wp-includes/textarea.php HTTP/1.1" 200 - "binance.com" "Mozilla/5.0 (Windows NT 10.0; Win64; x64) AppleWebKit/537.36 (KHTML, like Gecko) Chrome/90.0.4430.85 Safari/537.36"
129.146.116.242 - - [24/Sep/2026:10:14:07 -0400] "GET /wp-includes/theme-previews.php HTTP/1.1" 200 - "binance.com" "Mozilla/5.0 (Windows NT 10.0; Win64; x64) AppleWebKit/537.36 (KHTML, like Gecko) Chrome/90.0.4430.85 Safari/537.36"
129.146.116.242 - - [24/Sep/2026:10:14:10 -0400] "GET /wp-includes/theme-templates.php HTTP/1.1" 200 - "binance.com" "Mozilla/5.0 (Windows NT 10.0; Win64; x64) AppleWebKit/537.36 (KHTML, like Gecko) Chrome/90.0.4430.85 Safari/537.36"
20.204.165.135 - - [24/Sep/2026:10:14:11 -0400] "GET /wp-includes/block-bindings.php HTTP/1.1" 200 - "binance.com" "Mozilla/5.0 (Windows NT 10.0; Win64; x64) AppleWebKit/537.36 (KHTML, like Gecko) Chrome/90.0.4430.85 Safari/537.36"
129.146.116.242 - - [24/Sep/2026:10:14:14 -0400] "GET /wp-includes/utf8.php HTTP/1.1" 500 - "binance.com" "Mozilla/5.0 (Windows NT 10.0; Win64; x64) AppleWebKit/537.36 (KHTML, like Gecko) Chrome/90.0.4430.85 Safari/537.36"
92.222.108.125 - - [24/Sep/2026:10:14:15 -0400] "GET /category/sabermas/feed/ HTTP/1.1" 404 - "-" "Mozilla/5.0 (compatible; AhrefsBot/7.0; +http://ahrefs.com/robot/)"
129.146.116.242 - - [24/Sep/2026:10:14:17 -0400] "GET /wp-includes/view-transitions.php HTTP/1.1" 200 - "binance.com" "Mozilla/5.0 (Windows NT 10.0; Win64; x64) AppleWebKit/537.36 (KHTML, like Gecko) Chrome/90.0.4430.85 Safari/537.36"
129.146.116.242 - - [24/Sep/2026:10:14:20 -0400] "GET /wp-includes/ID3/ HTTP/1.1" 200 721 "binance.com" "Mozilla/5.0 (Windows NT 10.0; Win64; x64) AppleWebKit/537.36 (KHTML, like Gecko) Chrome/90.0.4430.85 Safari/537.36"
46.105.40.140 - - [24/Sep/2026:10:14:21 -0400] "GET /category/belleza/ HTTP/1.1" 404 - "-" "Mozilla/5.0 (compatible; MJ12bot/v2.0.7; http://mj12bot.com/)"
129.146.116.242 - - [24/Sep/2026:10:14:24 -0400] "GET /wp-includes/ID3/ HTTP/1.1" 200 721 "binance.com" "Mozilla/5.0 (Windows NT 10.0; Win64; x64) AppleWebKit/537.36 (KHTML, like Gecko) Chrome/90.0.4430.85 Safari/537.36"
129.146.116.242 - - [24/Sep/2026:10:14:27 -0400] "GET /wp-includes/IXR/ HTTP/1.1" 200 603 "binance.com" "Mozilla/5.0 (Windows NT 10.0; Win64; x64) AppleWebKit/537.36 (KHTML, like Gecko) Chrome/90.0.4430.85 Safari/537.36"
20.204.165.135 - - [24/Sep/2026:10:14:28 -0400] "GET /wp-includes/block-editor.php HTTP/1.1" 200 - "binance.com" "Mozilla/5.0 (Windows NT 10.0; Win64; x64) AppleWebKit/537.36 (KHTML, like Gecko) Chrome/90.0.4430.85 Safari/537.36"
129.146.116.242 - - [24/Sep/2026:10:14:30 -0400] "GET /wp-includes/IXR/ HTTP/1.1" 200 603 "binance.com" "Mozilla/5.0 (Windows NT 10.0; Win64; x64) AppleWebKit/537.36 (KHTML, like Gecko) Chrome/90.0.4430.85 Safari/537.36"
129.146.116.242 - - [24/Sep/2026:10:14:34 -0400] "GET /wp-includes/PHPMailer/ HTTP/1.1" 200 526 "binance.com" "Mozilla/5.0 (Windows NT 10.0; Win64; x64) AppleWebKit/537.36 (KHTML, like Gecko) Chrome/90.0.4430.85 Safari/537.36"
129.146.116.242 - - [24/Sep/2026:10:14:38 -0400] "GET /wp-includes/PHPMailer/ HTTP/1.1" 200 526 "binance.com" "Mozilla/5.0 (Windows NT 10.0; Win64; x64) AppleWebKit/537.36 (KHTML, like Gecko) Chrome/90.0.4430.85 Safari/537.36"
129.146.116.242 - - [24/Sep/2026:10:14:43 -0400] "GET /wp-includes/PHPMailer/DSNConfigurator.php HTTP/1.1" 200 - "binance.com" "Mozilla/5.0 (Windows NT 10.0; Win64; x64) AppleWebKit/537.36 (KHTML, like Gecko) Chrome/90.0.4430.85 Safari/537.36"
20.204.165.135 - - [24/Sep/2026:10:14:45 -0400] "GET /wp-includes/block-template-utils.php HTTP/1.1" 200 - "binance.com" "Mozilla/5.0 (Windows NT 10.0; Win64; x64) AppleWebKit/537.36 (KHTML, like Gecko) Chrome/90.0.4430.85 Safari/537.36"
129.146.116.242 - - [24/Sep/2026:10:14:47 -0400] "GET /wp-includes/PHPMailer/OAuth.php HTTP/1.1" 500 - "binance.com" "Mozilla/5.0 (Windows NT 10.0; Win64; x64) AppleWebKit/537.36 (KHTML, like Gecko) Chrome/90.0.4430.85 Safari/537.36"
129.146.116.242 - - [24/Sep/2026:10:14:51 -0400] "GET /wp-includes/PHPMailer/OAuthTokenProvider.php HTTP/1.1" 200 - "binance.com" "Mozilla/5.0 (Windows NT 10.0; Win64; x64) AppleWebKit/537.36 (KHTML, like Gecko) Chrome/90.0.4430.85 Safari/537.36"
129.146.116.242 - - [24/Sep/2026:10:14:55 -0400] "GET /wp-includes/PHPMailer/POP3.php HTTP/1.1" 200 - "binance.com" "Mozilla/5.0 (Windows NT 10.0; Win64; x64) AppleWebKit/537.36 (KHTML, like Gecko) Chrome/90.0.4430.85 Safari/537.36"
129.146.116.242 - - [24/Sep/2026:10:14:58 -0400] "GET /wp-includes/Text/ HTTP/1.1" 200 439 "binance.com" "Mozilla/5.0 (Windows NT 10.0; Win64; x64) AppleWebKit/537.36 (KHTML, like Gecko) Chrome/90.0.4430.85 Safari/537.36"
20.204.165.135 - - [24/Sep/2026:10:15:01 -0400] "GET /wp-includes/block-template.php HTTP/1.1" 200 - "binance.com" "Mozilla/5.0 (Windows NT 10.0; Win64; x64) AppleWebKit/537.36 (KHTML, like Gecko) Chrome/90.0.4430.85 Safari/537.36"
129.146.116.242 - - [24/Sep/2026:10:15:01 -0400] "GET /wp-includes/Text/ HTTP/1.1" 200 439 "binance.com" "Mozilla/5.0 (Windows NT 10.0; Win64; x64) AppleWebKit/537.36 (KHTML, like Gecko) Chrome/90.0.4430.85 Safari/537.36"
45.149.206.90 - - [24/Sep/2026:10:15:04 -0400] "GET /file/2019/08/lactancia_imss_bebe_02-324x160.jpg HTTP/1.1" 404 - "-" "Mozilla/5.0 (Macintosh; Intel Mac OS X 10_15_7) AppleWebKit/537.36 (KHTML, like Gecko) Chrome/146.0.0.0 Safari/537.36"
129.146.116.242 - - [24/Sep/2026:10:15:04 -0400] "GET /wp-includes/Text/Diff/ HTTP/1.1" 200 438 "binance.com" "Mozilla/5.0 (Windows NT 10.0; Win64; x64) AppleWebKit/537.36 (KHTML, like Gecko) Chrome/90.0.4430.85 Safari/537.36"
129.146.116.242 - - [24/Sep/2026:10:15:07 -0400] "GET /wp-includes/Text/Diff/ HTTP/1.1" 200 438 "binance.com" "Mozilla/5.0 (Windows NT 10.0; Win64; x64) AppleWebKit/537.36 (KHTML, like Gecko) Chrome/90.0.4430.85 Safari/537.36"
129.146.116.242 - - [24/Sep/2026:10:15:11 -0400] "GET /wp-includes/Text/Diff/Engine/ HTTP/1.1" 200 442 "binance.com" "Mozilla/5.0 (Windows NT 10.0; Win64; x64) AppleWebKit/537.36 (KHTML, like Gecko) Chrome/90.0.4430.85 Safari/537.36"
129.146.116.242 - - [24/Sep/2026:10:15:13 -0400] "GET /wp-includes/Text/Diff/Engine/ HTTP/1.1" 200 442 "binance.com" "Mozilla/5.0 (Windows NT 10.0; Win64; x64) AppleWebKit/537.36 (KHTML, like Gecko) Chrome/90.0.4430.85 Safari/537.36"
20.204.165.135 - - [24/Sep/2026:10:15:14 -0400] "GET /wp-includes/class-avif-info.php HTTP/1.1" 200 - "binance.com" "Mozilla/5.0 (Windows NT 10.0; Win64; x64) AppleWebKit/537.36 (KHTML, like Gecko) Chrome/90.0.4430.85 Safari/537.36"
129.146.116.242 - - [24/Sep/2026:10:15:16 -0400] "GET /wp-includes/Text/Diff/Renderer/ HTTP/1.1" 200 421 "binance.com" "Mozilla/5.0 (Windows NT 10.0; Win64; x64) AppleWebKit/537.36 (KHTML, like Gecko) Chrome/90.0.4430.85 Safari/537.36"
129.146.116.242 - - [24/Sep/2026:10:15:20 -0400] "GET /wp-includes/Text/Diff/Renderer/ HTTP/1.1" 200 421 "binance.com" "Mozilla/5.0 (Windows NT 10.0; Win64; x64) AppleWebKit/537.36 (KHTML, like Gecko) Chrome/90.0.4430.85 Safari/537.36"
129.146.116.242 - - [24/Sep/2026:10:15:23 -0400] "GET /wp-includes/blocks/ HTTP/1.1" 200 2 "binance.com" "Mozilla/5.0 (Windows NT 10.0; Win64; x64) AppleWebKit/537.36 (KHTML, like Gecko) Chrome/90.0.4430.85 Safari/537.36"
129.146.116.242 - - [24/Sep/2026:10:15:26 -0400] "GET /wp-includes/pomo/ HTTP/1.1" 200 540 "binance.com" "Mozilla/5.0 (Windows NT 10.0; Win64; x64) AppleWebKit/537.36 (KHTML, like Gecko) Chrome/90.0.4430.85 Safari/537.36"
129.146.116.242 - - [24/Sep/2026:10:15:29 -0400] "GET /wp-includes/pomo/ HTTP/1.1" 200 540 "binance.com" "Mozilla/5.0 (Windows NT 10.0; Win64; x64) AppleWebKit/537.36 (KHTML, like Gecko) Chrome/90.0.4430.85 Safari/537.36"
20.204.165.135 - - [24/Sep/2026:10:15:31 -0400] "GET /wp-includes/class-wp-block-bindings-registry.php HTTP/1.1" 200 - "binance.com" "Mozilla/5.0 (Windows NT 10.0; Win64; x64) AppleWebKit/537.36 (KHTML, like Gecko) Chrome/90.0.4430.85 Safari/537.36"
129.146.116.242 - - [24/Sep/2026:10:15:32 -0400] "GET /wp-includes/pomo/is_scalar.php HTTP/1.1" 200 - "binance.com" "Mozilla/5.0 (Windows NT 10.0; Win64; x64) AppleWebKit/537.36 (KHTML, like Gecko) Chrome/90.0.4430.85 Safari/537.36"
129.146.116.242 - - [24/Sep/2026:10:15:34 -0400] "GET /wp-includes/sitemaps/ HTTP/1.1" 200 541 "binance.com" "Mozilla/5.0 (Windows NT 10.0; Win64; x64) AppleWebKit/537.36 (KHTML, like Gecko) Chrome/90.0.4430.85 Safari/537.36"
129.146.116.242 - - [24/Sep/2026:10:15:40 -0400] "GET /wp-includes/sitemaps/ HTTP/1.1" 200 541 "binance.com" "Mozilla/5.0 (Windows NT 10.0; Win64; x64) AppleWebKit/537.36 (KHTML, like Gecko) Chrome/90.0.4430.85 Safari/537.36"
129.146.116.242 - - [24/Sep/2026:10:15:43 -0400] "GET /wp-includes/sitemaps/providers/ HTTP/1.1" 200 465 "binance.com" "Mozilla/5.0 (Windows NT 10.0; Win64; x64) AppleWebKit/537.36 (KHTML, like Gecko) Chrome/90.0.4430.85 Safari/537.36"
129.146.116.242 - - [24/Sep/2026:10:15:48 -0400] "GET /wp-includes/sitemaps/providers/ HTTP/1.1" 200 465 "binance.com" "Mozilla/5.0 (Windows NT 10.0; Win64; x64) AppleWebKit/537.36 (KHTML, like Gecko) Chrome/90.0.4430.85 Safari/537.36"
20.204.165.135 - - [24/Sep/2026:10:15:50 -0400] "GET /wp-includes/class-wp-block-bindings-source.php HTTP/1.1" 200 - "binance.com" "Mozilla/5.0 (Windows NT 10.0; Win64; x64) AppleWebKit/537.36 (KHTML, like Gecko) Chrome/90.0.4430.85 Safari/537.36"
129.146.116.242 - - [24/Sep/2026:10:15:54 -0400] "GET /wp-includes/widgets/ HTTP/1.1" 200 727 "binance.com" "Mozilla/5.0 (Windows NT 10.0; Win64; x64) AppleWebKit/537.36 (KHTML, like Gecko) Chrome/90.0.4430.85 Safari/537.36"
129.146.116.242 - - [24/Sep/2026:10:15:56 -0400] "GET /wp-includes/widgets/ HTTP/1.1" 200 727 "binance.com" "Mozilla/5.0 (Windows NT 10.0; Win64; x64) AppleWebKit/537.36 (KHTML, like Gecko) Chrome/90.0.4430.85 Safari/537.36"
129.146.116.242 - - [24/Sep/2026:10:16:00 -0400] "GET /wp-includes/widgets/class-wp-widget-block.php HTTP/1.1" 500 - "binance.com" "Mozilla/5.0 (Windows NT 10.0; Win64; x64) AppleWebKit/537.36 (KHTML, like Gecko) Chrome/90.0.4430.85 Safari/537.36"
129.146.116.242 - - [24/Sep/2026:10:16:03 -0400] "GET /wp-includes/css/ HTTP/1.1" 200 1045 "binance.com" "Mozilla/5.0 (Windows NT 10.0; Win64; x64) AppleWebKit/537.36 (KHTML, like Gecko) Chrome/90.0.4430.85 Safari/537.36"
91.224.92.193 - - [24/Sep/2026:10:16:06 -0400] "GET /wp-admin/css/ HTTP/1.1" 200 1661 "binance.com" "Mozilla/5.0 (Windows NT 10.0; Win64; x64) AppleWebKit/537.36 (KHTML, like Gecko) Chrome/90.0.4430.85 Safari/537.36"
129.146.116.242 - - [24/Sep/2026:10:16:06 -0400] "GET /wp-includes/css/dist/ HTTP/1.1" 200 753 "binance.com" "Mozilla/5.0 (Windows NT 10.0; Win64; x64) AppleWebKit/537.36 (KHTML, like Gecko) Chrome/90.0.4430.85 Safari/537.36"
129.146.116.242 - - [24/Sep/2026:10:16:09 -0400] "GET /wp-includes/css/dist/ HTTP/1.1" 200 753 "binance.com" "Mozilla/5.0 (Windows NT 10.0; Win64; x64) AppleWebKit/537.36 (KHTML, like Gecko) Chrome/90.0.4430.85 Safari/537.36"
220.181.108.84 - - [24/Sep/2026:10:16:10 -0400] "GET /category/salud/page/24/?filter_by=random_posts HTTP/1.1" 404 - "-" "Mozilla/5.0 (compatible; Baiduspider/2.0; +http://www.baidu.com/search/spider.html)"
116.179.32.130 - - [24/Sep/2026:10:16:11 -0400] "GET /?p=1642 HTTP/1.1" 500 93 "-" "Mozilla/5.0 (compatible; Baiduspider/2.0; +http://www.baidu.com/search/spider.html)"
20.204.165.135 - - [24/Sep/2026:10:16:13 -0400] "GET /wp-includes/class-wp-block-editor-context.php HTTP/1.1" 200 - "binance.com" "Mozilla/5.0 (Windows NT 10.0; Win64; x64) AppleWebKit/537.36 (KHTML, like Gecko) Chrome/90.0.4430.85 Safari/537.36"
91.224.92.193 - - [24/Sep/2026:10:16:15 -0400] "GET /wp-content/uploads/2026/09/ HTTP/1.1" 200 348 "binance.com" "Mozilla/5.0 (Windows NT 10.0; Win64; x64) AppleWebKit/537.36 (KHTML, like Gecko) Chrome/90.0.4430.85 Safari/537.36"
129.146.116.242 - - [24/Sep/2026:10:16:17 -0400] "GET /wp-includes/css/dist/registry.php HTTP/1.1" 200 - "binance.com" "Mozilla/5.0 (Windows NT 10.0; Win64; x64) AppleWebKit/537.36 (KHTML, like Gecko) Chrome/90.0.4430.85 Safari/537.36"
129.146.116.242 - - [24/Sep/2026:10:16:19 -0400] "GET /wp-includes/fonts/ HTTP/1.1" 200 600 "binance.com" "Mozilla/5.0 (Windows NT 10.0; Win64; x64) AppleWebKit/537.36 (KHTML, like Gecko) Chrome/90.0.4430.85 Safari/537.36"
129.146.116.242 - - [24/Sep/2026:10:16:23 -0400] "GET /wp-includes/fonts/ HTTP/1.1" 200 600 "binance.com" "Mozilla/5.0 (Windows NT 10.0; Win64; x64) AppleWebKit/537.36 (KHTML, like Gecko) Chrome/90.0.4430.85 Safari/537.36"
91.224.92.193 - - [24/Sep/2026:10:16:24 -0400] "GET /wp-content/uploads/2026/08/ HTTP/1.1" 200 700 "binance.com" "Mozilla/5.0 (Windows NT 10.0; Win64; x64) AppleWebKit/537.36 (KHTML, like Gecko) Chrome/90.0.4430.85 Safari/537.36"
129.146.116.242 - - [24/Sep/2026:10:16:24 -0400] "GET /wp-includes/fonts/class-wp-font-collection.php HTTP/1.1" 200 - "binance.com" "Mozilla/5.0 (Windows NT 10.0; Win64; x64) AppleWebKit/537.36 (KHTML, like Gecko) Chrome/90.0.4430.85 Safari/537.36"
129.146.116.242 - - [24/Sep/2026:10:16:28 -0400] "GET /wp-includes/fonts/class-wp-font-face-resolver.php HTTP/1.1" 200 - "binance.com" "Mozilla/5.0 (Windows NT 10.0; Win64; x64) AppleWebKit/537.36 (KHTML, like Gecko) Chrome/90.0.4430.85 Safari/537.36"
129.146.116.242 - - [24/Sep/2026:10:16:31 -0400] "GET /wp-includes/fonts/class-wp-font-face.php HTTP/1.1" 200 - "binance.com" "Mozilla/5.0 (Windows NT 10.0; Win64; x64) AppleWebKit/537.36 (KHTML, like Gecko) Chrome/90.0.4430.85 Safari/537.36"
91.224.92.193 - - [24/Sep/2026:10:16:33 -0400] "GET /wp-content/uploads/ HTTP/1.1" 200 - "binance.com" "Mozilla/5.0 (Windows NT 10.0; Win64; x64) AppleWebKit/537.36 (KHTML, like Gecko) Chrome/90.0.4430.85 Safari/537.36"
129.146.116.242 - - [24/Sep/2026:10:16:34 -0400] "GET /wp-includes/fonts/class-wp-font-library.php HTTP/1.1" 200 - "binance.com" "Mozilla/5.0 (Windows NT 10.0; Win64; x64) AppleWebKit/537.36 (KHTML, like Gecko) Chrome/90.0.4430.85 Safari/537.36"
129.146.116.242 - - [24/Sep/2026:10:16:37 -0400] "GET /wp-includes/fonts/class-wp-font-utils.php HTTP/1.1" 200 - "binance.com" "Mozilla/5.0 (Windows NT 10.0; Win64; x64) AppleWebKit/537.36 (KHTML, like Gecko) Chrome/90.0.4430.85 Safari/537.36"
20.204.165.135 - - [24/Sep/2026:10:16:37 -0400] "GET /wp-includes/class-wp-block-metadata-registry.php HTTP/1.1" 200 - "binance.com" "Mozilla/5.0 (Windows NT 10.0; Win64; x64) AppleWebKit/537.36 (KHTML, like Gecko) Chrome/90.0.4430.85 Safari/537.36"
129.146.116.242 - - [24/Sep/2026:10:16:40 -0400] "GET /wp-includes/images/ HTTP/1.1" 200 964 "binance.com" "Mozilla/5.0 (Windows NT 10.0; Win64; x64) AppleWebKit/537.36 (KHTML, like Gecko) Chrome/90.0.4430.85 Safari/537.36"
91.224.92.193 - - [24/Sep/2026:10:16:43 -0400] "GET /wp-content/upgrade/ HTTP/1.1" 200 340 "binance.com" "Mozilla/5.0 (Windows NT 10.0; Win64; x64) AppleWebKit/537.36 (KHTML, like Gecko) Chrome/90.0.4430.85 Safari/537.36"
91.224.92.193 - - [24/Sep/2026:10:16:54 -0400] "GET /wp-content/languages/ HTTP/1.1" 200 2641 "binance.com" "Mozilla/5.0 (Windows NT 10.0; Win64; x64) AppleWebKit/537.36 (KHTML, like Gecko) Chrome/90.0.4430.85 Safari/537.36"
129.146.116.242 - - [24/Sep/2026:10:16:55 -0400] "GET /wp-includes/images/ HTTP/1.1" 200 964 "binance.com" "Mozilla/5.0 (Windows NT 10.0; Win64; x64) AppleWebKit/537.36 (KHTML, like Gecko) Chrome/90.0.4430.85 Safari/537.36"
129.146.116.242 - - [24/Sep/2026:10:16:59 -0400] "GET /wp-includes/images/system34.php HTTP/1.1" 404 - "binance.com" "Mozilla/5.0 (Windows NT 10.0; Win64; x64) AppleWebKit/537.36 (KHTML, like Gecko) Chrome/90.0.4430.85 Safari/537.36"
20.204.165.135 - - [24/Sep/2026:10:16:59 -0400] "GET /wp-includes/class-wp-block-parser-block.php HTTP/1.1" 200 - "binance.com" "Mozilla/5.0 (Windows NT 10.0; Win64; x64) AppleWebKit/537.36 (KHTML, like Gecko) Chrome/90.0.4430.85 Safari/537.36"
129.146.116.242 - - [24/Sep/2026:10:17:02 -0400] "GET /wp-includes/images/crystal/ HTTP/1.1" 200 597 "binance.com" "Mozilla/5.0 (Windows NT 10.0; Win64; x64) AppleWebKit/537.36 (KHTML, like Gecko) Chrome/90.0.4430.85 Safari/537.36"
129.146.116.242 - - [24/Sep/2026:10:17:06 -0400] "GET /wp-includes/images/crystal/ HTTP/1.1" 200 597 "binance.com" "Mozilla/5.0 (Windows NT 10.0; Win64; x64) AppleWebKit/537.36 (KHTML, like Gecko) Chrome/90.0.4430.85 Safari/537.36"
91.224.92.193 - - [24/Sep/2026:10:17:06 -0400] "GET /wp-content/languages/ HTTP/1.1" 200 2641 "binance.com" "Mozilla/5.0 (Windows NT 10.0; Win64; x64) AppleWebKit/537.36 (KHTML, like Gecko) Chrome/90.0.4430.85 Safari/537.36"
129.146.116.242 - - [24/Sep/2026:10:17:11 -0400] "GET /wp-includes/images/crystal/class-wp-links-list-table.php HTTP/1.1" 404 - "binance.com" "Mozilla/5.0 (Windows NT 10.0; Win64; x64) AppleWebKit/537.36 (KHTML, like Gecko) Chrome/90.0.4430.85 Safari/537.36"
119.249.100.179 - - [24/Sep/2026:10:17:12 -0400] "GET /?p=1642 HTTP/1.1" 500 93 "-" "Mozilla/5.0 (Windows NT 10.0; WOW64) AppleWebKit/537.36 (KHTML, like Gecko) Chrome/48.0.2564.116 Safari/537.36"
129.146.116.242 - - [24/Sep/2026:10:17:13 -0400] "GET /wp-includes/images/media/ HTTP/1.1" 200 652 "binance.com" "Mozilla/5.0 (Windows NT 10.0; Win64; x64) AppleWebKit/537.36 (KHTML, like Gecko) Chrome/90.0.4430.85 Safari/537.36"
20.204.165.135 - - [24/Sep/2026:10:17:15 -0400] "GET /wp-includes/class-wp-block-parser-frame.php HTTP/1.1" 200 - "binance.com" "Mozilla/5.0 (Windows NT 10.0; Win64; x64) AppleWebKit/537.36 (KHTML, like Gecko) Chrome/90.0.4430.85 Safari/537.36"
91.224.92.193 - - [24/Sep/2026:10:17:16 -0400] "GET /wp-content/languages/admin-es_ES.l10n.php HTTP/1.1" 200 - "binance.com" "Mozilla/5.0 (Windows NT 10.0; Win64; x64) AppleWebKit/537.36 (KHTML, like Gecko) Chrome/90.0.4430.85 Safari/537.36"
129.146.116.242 - - [24/Sep/2026:10:17:16 -0400] "GET /wp-includes/images/smilies/ HTTP/1.1" 200 794 "binance.com" "Mozilla/5.0 (Windows NT 10.0; Win64; x64) AppleWebKit/537.36 (KHTML, like Gecko) Chrome/90.0.4430.85 Safari/537.36"
129.146.116.242 - - [24/Sep/2026:10:17:20 -0400] "GET /wp-includes/images/wlw/ HTTP/1.1" 404 - "binance.com" "Mozilla/5.0 (Windows NT 10.0; Win64; x64) AppleWebKit/537.36 (KHTML, like Gecko) Chrome/90.0.4430.85 Safari/537.36"
129.146.116.242 - - [24/Sep/2026:10:17:24 -0400] "GET /wp-includes/js/%20 HTTP/1.1" 404 - "binance.com" "Mozilla/5.0 (Windows NT 10.0; Win64; x64) AppleWebKit/537.36 (KHTML, like Gecko) Chrome/90.0.4430.85 Safari/537.36"
79.177.145.61 - - [24/Sep/2026:10:17:25 -0400] "GET /wp-json/wp/v2/themes HTTP/1.1" 404 - "-" "Mozilla/5.0 (iPhone; CPU iPhone OS 17_2 like Mac OS X) AppleWebKit/605.1.15 (KHTML, like Gecko) FxiOS/152.0 Mobile/15E148 Safari/604.1"
129.146.116.242 - - [24/Sep/2026:10:17:26 -0400] "GET /wp-includes/js/codemirror/ HTTP/1.1" 200 523 "binance.com" "Mozilla/5.0 (Windows NT 10.0; Win64; x64) AppleWebKit/537.36 (KHTML, like Gecko) Chrome/90.0.4430.85 Safari/537.36"
20.204.165.135 - - [24/Sep/2026:10:17:27 -0400] "GET /wp-includes/class-wp-block-processor.php HTTP/1.1" 200 - "binance.com" "Mozilla/5.0 (Windows NT 10.0; Win64; x64) AppleWebKit/537.36 (KHTML, like Gecko) Chrome/90.0.4430.85 Safari/537.36"
91.224.92.193 - - [24/Sep/2026:10:17:27 -0400] "GET /wp-content/languages/admin-network-es_ES.l10n.php HTTP/1.1" 200 - "binance.com" "Mozilla/5.0 (Windows NT 10.0; Win64; x64) AppleWebKit/537.36 (KHTML, like Gecko) Chrome/90.0.4430.85 Safari/537.36"
129.146.116.242 - - [24/Sep/2026:10:17:29 -0400] "GET /wp-includes/js/plupload/ HTTP/1.1" 200 560 "binance.com" "Mozilla/5.0 (Windows NT 10.0; Win64; x64) AppleWebKit/537.36 (KHTML, like Gecko) Chrome/90.0.4430.85 Safari/537.36"
129.146.116.242 - - [24/Sep/2026:10:17:33 -0400] "GET /.well-known/ HTTP/1.1" 200 408 "binance.com" "Mozilla/5.0 (Windows NT 10.0; Win64; x64) AppleWebKit/537.36 (KHTML, like Gecko) Chrome/90.0.4430.85 Safari/537.36"
91.224.92.193 - - [24/Sep/2026:10:17:37 -0400] "GET /wp-content/languages/continents-cities-es_ES.l10n.php HTTP/1.1" 200 - "binance.com" "Mozilla/5.0 (Windows NT 10.0; Win64; x64) AppleWebKit/537.36 (KHTML, like Gecko) Chrome/90.0.4430.85 Safari/537.36"
20.204.165.135 - - [24/Sep/2026:10:17:44 -0400] "GET /wp-includes/class-wp-block-template.php HTTP/1.1" 200 - "binance.com" "Mozilla/5.0 (Windows NT 10.0; Win64; x64) AppleWebKit/537.36 (KHTML, like Gecko) Chrome/90.0.4430.85 Safari/537.36"
91.224.92.193 - - [24/Sep/2026:10:17:49 -0400] "GET /wp-content/languages/es_ES.l10n.php HTTP/1.1" 200 - "binance.com" "Mozilla/5.0 (Windows NT 10.0; Win64; x64) AppleWebKit/537.36 (KHTML, like Gecko) Chrome/90.0.4430.85 Safari/537.36"
91.224.92.193 - - [24/Sep/2026:10:17:59 -0400] "GET /wp-admin/includes/ HTTP/1.1" 200 2164 "binance.com" "Mozilla/5.0 (Windows NT 10.0; Win64; x64) AppleWebKit/537.36 (KHTML, like Gecko) Chrome/90.0.4430.85 Safari/537.36"
20.204.165.135 - - [24/Sep/2026:10:18:02 -0400] "GET /wp-includes/class-wp-block-templates-registry.php HTTP/1.1" 200 - "binance.com" "Mozilla/5.0 (Windows NT 10.0; Win64; x64) AppleWebKit/537.36 (KHTML, like Gecko) Chrome/90.0.4430.85 Safari/537.36"
91.224.92.193 - - [24/Sep/2026:10:18:09 -0400] "GET /wp-admin/includes/ HTTP/1.1" 200 2164 "binance.com" "Mozilla/5.0 (Windows NT 10.0; Win64; x64) AppleWebKit/537.36 (KHTML, like Gecko) Chrome/90.0.4430.85 Safari/537.36"
20.204.165.135 - - [24/Sep/2026:10:18:19 -0400] "GET /wp-includes/class-wp-classic-to-block-menu-converter.php HTTP/1.1" 200 - "binance.com" "Mozilla/5.0 (Windows NT 10.0; Win64; x64) AppleWebKit/537.36 (KHTML, like Gecko) Chrome/90.0.4430.85 Safari/537.36"
105.117.25.143 - - [24/Sep/2026:10:18:23 -0400] "GET / HTTP/1.1" 500 93 "https://digitizeseo.com/dir/quality-backlink-services-141766" "Mozilla/5.0 (Windows NT 10.0; Win64; x64) AppleWebKit/537.36 (KHTML, like Gecko) Chrome/120.0.0.0 Safari/537.36 Edg/120.0.0.0"
91.224.92.193 - - [24/Sep/2026:10:18:27 -0400] "GET /wp-admin/maint/ HTTP/1.1" 200 379 "binance.com" "Mozilla/5.0 (Windows NT 10.0; Win64; x64) AppleWebKit/537.36 (KHTML, like Gecko) Chrome/90.0.4430.85 Safari/537.36"
91.224.92.193 - - [24/Sep/2026:10:18:41 -0400] "GET /wp-admin/maint/ HTTP/1.1" 200 379 "binance.com" "Mozilla/5.0 (Windows NT 10.0; Win64; x64) AppleWebKit/537.36 (KHTML, like Gecko) Chrome/90.0.4430.85 Safari/537.36"
20.204.165.135 - - [24/Sep/2026:10:18:43 -0400] "GET /wp-includes/class-wp-connector-registry.php HTTP/1.1" 500 - "binance.com" "Mozilla/5.0 (Windows NT 10.0; Win64; x64) AppleWebKit/537.36 (KHTML, like Gecko) Chrome/90.0.4430.85 Safari/537.36"
91.224.92.193 - - [24/Sep/2026:10:18:52 -0400] "GET /wp-admin/network/ HTTP/1.1" 500 93 "binance.com" "Mozilla/5.0 (Windows NT 10.0; Win64; x64) AppleWebKit/537.36 (KHTML, like Gecko) Chrome/90.0.4430.85 Safari/537.36"
20.204.165.135 - - [24/Sep/2026:10:19:02 -0400] "GET /wp-includes/class-wp-dependencies.php HTTP/1.1" 200 - "binance.com" "Mozilla/5.0 (Windows NT 10.0; Win64; x64) AppleWebKit/537.36 (KHTML, like Gecko) Chrome/90.0.4430.85 Safari/537.36"
91.224.92.193 - - [24/Sep/2026:10:19:04 -0400] "GET /wp-admin/user/ HTTP/1.1" 500 93 "binance.com" "Mozilla/5.0 (Windows NT 10.0; Win64; x64) AppleWebKit/537.36 (KHTML, like Gecko) Chrome/90.0.4430.85 Safari/537.36"
91.224.92.193 - - [24/Sep/2026:10:19:12 -0400] "GET /wp-admin/css/ HTTP/1.1" 200 1661 "binance.com" "Mozilla/5.0 (Windows NT 10.0; Win64; x64) AppleWebKit/537.36 (KHTML, like Gecko) Chrome/90.0.4430.85 Safari/537.36"
20.204.165.135 - - [24/Sep/2026:10:19:17 -0400] "GET /wp-includes/class-wp-duotone.php HTTP/1.1" 200 - "binance.com" "Mozilla/5.0 (Windows NT 10.0; Win64; x64) AppleWebKit/537.36 (KHTML, like Gecko) Chrome/90.0.4430.85 Safari/537.36"
91.224.92.193 - - [24/Sep/2026:10:19:21 -0400] "GET /wp-admin/css/colors/ HTTP/1.1" 200 577 "binance.com" "Mozilla/5.0 (Windows NT 10.0; Win64; x64) AppleWebKit/537.36 (KHTML, like Gecko) Chrome/90.0.4430.85 Safari/537.36"
37.60.225.219 - - [24/Sep/2026:10:19:28 -0400] "GET /wp-login.php HTTP/1.1" 500 93 "-" "Mozilla/5.0 (Windows NT 10.0; Win64; x64) AppleWebKit/537.36 (KHTML, like Gecko) Chrome/150.0.0.0 Safari/537.36"
91.224.92.193 - - [24/Sep/2026:10:19:30 -0400] "GET /wp-admin/css/colors/blue/ HTTP/1.1" 200 448 "binance.com" "Mozilla/5.0 (Windows NT 10.0; Win64; x64) AppleWebKit/537.36 (KHTML, like Gecko) Chrome/90.0.4430.85 Safari/537.36"
37.60.225.219 - - [24/Sep/2026:10:19:29 -0400] "GET /wp-login.php HTTP/1.1" 500 93 "-" "Mozilla/5.0 (Windows NT 10.0; Win64; x64) AppleWebKit/537.36 (KHTML, like Gecko) Chrome/150.0.0.0 Safari/537.36"
37.60.225.219 - - [24/Sep/2026:10:19:31 -0400] "GET /wp-login.php HTTP/1.1" 500 93 "-" "Mozilla/5.0 (Windows NT 10.0; Win64; x64) AppleWebKit/537.36 (KHTML, like Gecko) Chrome/150.0.0.0 Safari/537.36"
37.60.225.219 - - [24/Sep/2026:10:19:32 -0400] "GET /wp-admin/ HTTP/1.1" 500 93 "-" "Mozilla/5.0 (Windows NT 10.0; Win64; x64) AppleWebKit/537.36 (KHTML, like Gecko) Chrome/150.0.0.0 Safari/537.36"
37.60.225.219 - - [24/Sep/2026:10:19:34 -0400] "GET /wp-admin/ HTTP/1.1" 500 93 "-" "Mozilla/5.0 (Windows NT 10.0; Win64; x64) AppleWebKit/537.36 (KHTML, like Gecko) Chrome/150.0.0.0 Safari/537.36"
37.60.225.219 - - [24/Sep/2026:10:19:35 -0400] "GET /wp-admin/ HTTP/1.1" 500 93 "-" "Mozilla/5.0 (Windows NT 10.0; Win64; x64) AppleWebKit/537.36 (KHTML, like Gecko) Chrome/150.0.0.0 Safari/537.36"
37.60.225.219 - - [24/Sep/2026:10:19:37 -0400] "GET /wp-admin/profile.php HTTP/1.1" 500 93 "-" "Mozilla/5.0 (Windows NT 10.0; Win64; x64) AppleWebKit/537.36 (KHTML, like Gecko) Chrome/150.0.0.0 Safari/537.36"
37.60.225.219 - - [24/Sep/2026:10:19:39 -0400] "GET /wp-admin/profile.php HTTP/1.1" 500 93 "-" "Mozilla/5.0 (Windows NT 10.0; Win64; x64) AppleWebKit/537.36 (KHTML, like Gecko) Chrome/150.0.0.0 Safari/537.36"
91.224.92.193 - - [24/Sep/2026:10:19:40 -0400] "GET /wp-admin/css/colors/coffee/ HTTP/1.1" 200 447 "binance.com" "Mozilla/5.0 (Windows NT 10.0; Win64; x64) AppleWebKit/537.36 (KHTML, like Gecko) Chrome/90.0.4430.85 Safari/537.36"
37.60.225.219 - - [24/Sep/2026:10:19:41 -0400] "GET /wp-admin/profile.php HTTP/1.1" 500 93 "-" "Mozilla/5.0 (Windows NT 10.0; Win64; x64) AppleWebKit/537.36 (KHTML, like Gecko) Chrome/150.0.0.0 Safari/537.36"
37.60.225.219 - - [24/Sep/2026:10:19:42 -0400] "GET /wp-json/wp/v2/users/me HTTP/1.1" 404 - "-" "Mozilla/5.0 (Windows NT 10.0; Win64; x64) AppleWebKit/537.36 (KHTML, like Gecko) Chrome/150.0.0.0 Safari/537.36"
20.204.165.135 - - [24/Sep/2026:10:19:42 -0400] "GET /wp-includes/class-wp-exception.php HTTP/1.1" 200 - "binance.com" "Mozilla/5.0 (Windows NT 10.0; Win64; x64) AppleWebKit/537.36 (KHTML, like Gecko) Chrome/90.0.4430.85 Safari/537.36"
91.224.92.193 - - [24/Sep/2026:10:19:49 -0400] "GET /wp-admin/css/colors/ectoplasm/ HTTP/1.1" 200 448 "binance.com" "Mozilla/5.0 (Windows NT 10.0; Win64; x64) AppleWebKit/537.36 (KHTML, like Gecko) Chrome/90.0.4430.85 Safari/537.36"
