47.79.200.214 - - [24/Sep/2026:14:20:51 -0400] "GET /category/colaboradores/andres-cuevas/ HTTP/1.1" 404 - "https://www.google.com/" "Mozilla/5.0 (Linux; Android 10; K) AppleWebKit/537.36 (KHTML, like Gecko) Chrome/133.0.0.0 Safari/537.36"
185.19.40.194 - - [24/Sep/2026:14:20:53 -0400] "GET /wp-admin/css/colors/light/ HTTP/1.1" 200 446 "binance.com" "Mozilla/5.0 (Windows NT 10.0; Win64; x64) AppleWebKit/537.36 (KHTML, like Gecko) Chrome/90.0.4430.85 Safari/537.36"
185.19.40.194 - - [24/Sep/2026:14:20:58 -0400] "GET /wp-admin/css/colors/midnight/ HTTP/1.1" 200 451 "binance.com" "Mozilla/5.0 (Windows NT 10.0; Win64; x64) AppleWebKit/537.36 (KHTML, like Gecko) Chrome/90.0.4430.85 Safari/537.36"
185.19.40.194 - - [24/Sep/2026:14:21:03 -0400] "GET /wp-admin/css/colors/modern/ HTTP/1.1" 200 448 "binance.com" "Mozilla/5.0 (Windows NT 10.0; Win64; x64) AppleWebKit/537.36 (KHTML, like Gecko) Chrome/90.0.4430.85 Safari/537.36"
47.79.197.77 - - [24/Sep/2026:14:21:04 -0400] "GET /wp-content/uploads/2014/01/agua_peso.jpg HTTP/1.1" 304 - "-" "Mozilla/5.0 (Macintosh; Intel Mac OS X 10_15_7) AppleWebKit/537.36 (KHTML, like Gecko) Chrome/146.0.0.0 Safari/537.36"
185.19.40.194 - - [24/Sep/2026:14:21:07 -0400] "GET /wp-admin/css/colors/ocean/ HTTP/1.1" 200 446 "binance.com" "Mozilla/5.0 (Windows NT 10.0; Win64; x64) AppleWebKit/537.36 (KHTML, like Gecko) Chrome/90.0.4430.85 Safari/537.36"
185.19.40.194 - - [24/Sep/2026:14:21:12 -0400] "GET /wp-admin/css/colors/sunrise/%20 HTTP/1.1" 404 - "binance.com" "Mozilla/5.0 (Windows NT 10.0; Win64; x64) AppleWebKit/537.36 (KHTML, like Gecko) Chrome/90.0.4430.85 Safari/537.36"
185.19.40.194 - - [24/Sep/2026:14:21:16 -0400] "GET /wp-admin/images/ HTTP/1.1" 200 1791 "binance.com" "Mozilla/5.0 (Windows NT 10.0; Win64; x64) AppleWebKit/537.36 (KHTML, like Gecko) Chrome/90.0.4430.85 Safari/537.36"
185.19.40.194 - - [24/Sep/2026:14:21:20 -0400] "GET /wp-admin/js/ HTTP/1.1" 200 2058 "binance.com" "Mozilla/5.0 (Windows NT 10.0; Win64; x64) AppleWebKit/537.36 (KHTML, like Gecko) Chrome/90.0.4430.85 Safari/537.36"
185.19.40.194 - - [24/Sep/2026:14:21:24 -0400] "GET /wp-admin/js/widgets/ HTTP/1.1" 200 659 "binance.com" "Mozilla/5.0 (Windows NT 10.0; Win64; x64) AppleWebKit/537.36 (KHTML, like Gecko) Chrome/90.0.4430.85 Safari/537.36"
185.19.40.194 - - [24/Sep/2026:14:21:28 -0400] "GET /wp-includes/ HTTP/1.1" 200 4996 "binance.com" "Mozilla/5.0 (Windows NT 10.0; Win64; x64) AppleWebKit/537.36 (KHTML, like Gecko) Chrome/90.0.4430.85 Safari/537.36"
185.19.40.194 - - [24/Sep/2026:14:21:32 -0400] "GET /wp-includes/ HTTP/1.1" 200 4996 "binance.com" "Mozilla/5.0 (Windows NT 10.0; Win64; x64) AppleWebKit/537.36 (KHTML, like Gecko) Chrome/90.0.4430.85 Safari/537.36"
185.19.40.194 - - [24/Sep/2026:14:21:37 -0400] "GET /wp-includes/abilities-api.php HTTP/1.1" 200 - "binance.com" "Mozilla/5.0 (Windows NT 10.0; Win64; x64) AppleWebKit/537.36 (KHTML, like Gecko) Chrome/90.0.4430.85 Safari/537.36"
185.19.40.194 - - [24/Sep/2026:14:21:41 -0400] "GET /wp-includes/abilities.php HTTP/1.1" 200 - "binance.com" "Mozilla/5.0 (Windows NT 10.0; Win64; x64) AppleWebKit/537.36 (KHTML, like Gecko) Chrome/90.0.4430.85 Safari/537.36"
185.19.40.194 - - [24/Sep/2026:14:21:46 -0400] "GET /wp-includes/ai-client.php HTTP/1.1" 200 - "binance.com" "Mozilla/5.0 (Windows NT 10.0; Win64; x64) AppleWebKit/537.36 (KHTML, like Gecko) Chrome/90.0.4430.85 Safari/537.36"
185.19.40.194 - - [24/Sep/2026:14:21:50 -0400] "GET /wp-includes/block-bindings.php HTTP/1.1" 200 - "binance.com" "Mozilla/5.0 (Windows NT 10.0; Win64; x64) AppleWebKit/537.36 (KHTML, like Gecko) Chrome/90.0.4430.85 Safari/537.36"
185.19.40.194 - - [24/Sep/2026:14:21:55 -0400] "GET /wp-includes/block-editor.php HTTP/1.1" 200 - "binance.com" "Mozilla/5.0 (Windows NT 10.0; Win64; x64) AppleWebKit/537.36 (KHTML, like Gecko) Chrome/90.0.4430.85 Safari/537.36"
205.188.102.106 - - [24/Sep/2026:14:21:57 -0400] "GET /2013/10/5-ventajas-de-reir-en-el-trabajo/ HTTP/1.1" 404 - "-" "Mozilla/5.0 (compatible; ExaSearchBot/1.0; +https://crawler.exa.ai/)"
185.19.40.194 - - [24/Sep/2026:14:21:59 -0400] "GET /wp-includes/block-template-utils.php HTTP/1.1" 200 - "binance.com" "Mozilla/5.0 (Windows NT 10.0; Win64; x64) AppleWebKit/537.36 (KHTML, like Gecko) Chrome/90.0.4430.85 Safari/537.36"
185.19.40.194 - - [24/Sep/2026:14:22:03 -0400] "GET /wp-includes/block-template.php HTTP/1.1" 200 - "binance.com" "Mozilla/5.0 (Windows NT 10.0; Win64; x64) AppleWebKit/537.36 (KHTML, like Gecko) Chrome/90.0.4430.85 Safari/537.36"
114.119.148.132 - - [24/Sep/2026:14:22:10 -0400] "GET /2024/06/destinos-de-viaje-perfectos-para-una-escapada-de-chicas/ HTTP/1.1" 404 - "https://www.mujeraf.com/2024/06/destinos-de-viaje-perfectos-para-una-escapada-de-chicas/" "Mozilla/5.0 (Linux; Android 7.0;) AppleWebKit/537.36 (HTML, like Gecko) Mobile Safari/537.36 (compatible; PetalBot;+https://webmaster.petalsearch.com/site/petalbot)"
185.19.40.194 - - [24/Sep/2026:14:22:10 -0400] "GET /wp-includes/class-avif-info.php HTTP/1.1" 200 - "binance.com" "Mozilla/5.0 (Windows NT 10.0; Win64; x64) AppleWebKit/537.36 (KHTML, like Gecko) Chrome/90.0.4430.85 Safari/537.36"
185.19.40.194 - - [24/Sep/2026:14:22:14 -0400] "GET /wp-includes/class-wp-block-bindings-registry.php HTTP/1.1" 200 - "binance.com" "Mozilla/5.0 (Windows NT 10.0; Win64; x64) AppleWebKit/537.36 (KHTML, like Gecko) Chrome/90.0.4430.85 Safari/537.36"
185.19.40.194 - - [24/Sep/2026:14:22:17 -0400] "GET /wp-includes/class-wp-block-bindings-source.php HTTP/1.1" 200 - "binance.com" "Mozilla/5.0 (Windows NT 10.0; Win64; x64) AppleWebKit/537.36 (KHTML, like Gecko) Chrome/90.0.4430.85 Safari/537.36"
185.19.40.194 - - [24/Sep/2026:14:22:21 -0400] "GET /wp-includes/class-wp-block-editor-context.php HTTP/1.1" 200 - "binance.com" "Mozilla/5.0 (Windows NT 10.0; Win64; x64) AppleWebKit/537.36 (KHTML, like Gecko) Chrome/90.0.4430.85 Safari/537.36"
185.19.40.194 - - [24/Sep/2026:14:22:24 -0400] "GET /wp-includes/class-wp-block-metadata-registry.php HTTP/1.1" 200 - "binance.com" "Mozilla/5.0 (Windows NT 10.0; Win64; x64) AppleWebKit/537.36 (KHTML, like Gecko) Chrome/90.0.4430.85 Safari/537.36"
173.252.95.58 - - [24/Sep/2026:14:22:25 -0400] "GET / HTTP/1.1" 500 93 "-" "facebookexternalhit/1.1 (+http://www.facebook.com/externalhit_uatext.php)"
173.252.97.9 - - [24/Sep/2026:14:22:25 -0400] "GET / HTTP/1.1" 500 93 "-" "facebookexternalhit/1.1 (+http://www.facebook.com/externalhit_uatext.php)"
173.252.95.58 - - [24/Sep/2026:14:22:25 -0400] "GET / HTTP/1.1" 500 93 "-" "facebookexternalhit/1.1 (+http://www.facebook.com/externalhit_uatext.php)"
69.171.230.46 - - [24/Sep/2026:14:22:25 -0400] "GET / HTTP/1.1" 500 93 "-" "facebookexternalhit/1.1 (+http://www.facebook.com/externalhit_uatext.php)"
129.121.115.212 - - [24/Sep/2026:14:22:27 -0400] "GET /wp-login.php HTTP/1.1" 500 93 "-" "Mozilla/5.0 (Macintosh; Intel Mac OS X 10_15_7) AppleWebKit/537.36 (KHTML, like Gecko) Chrome/150.0.0.0 Safari/537.36"
173.252.95.7 - - [24/Sep/2026:14:22:27 -0400] "GET / HTTP/1.1" 500 93 "-" "facebookexternalhit/1.1 (+http://www.facebook.com/externalhit_uatext.php)"
173.252.95.46 - - [24/Sep/2026:14:22:27 -0400] "GET / HTTP/1.1" 500 93 "-" "facebookexternalhit/1.1 (+http://www.facebook.com/externalhit_uatext.php)"
185.19.40.194 - - [24/Sep/2026:14:22:28 -0400] "GET /wp-includes/class-wp-block-parser-block.php HTTP/1.1" 200 - "binance.com" "Mozilla/5.0 (Windows NT 10.0; Win64; x64) AppleWebKit/537.36 (KHTML, like Gecko) Chrome/90.0.4430.85 Safari/537.36"
129.121.115.212 - - [24/Sep/2026:14:22:28 -0400] "GET /wp-login.php HTTP/1.1" 500 93 "-" "Mozilla/5.0 (Macintosh; Intel Mac OS X 10_15_7) AppleWebKit/537.36 (KHTML, like Gecko) Chrome/150.0.0.0 Safari/537.36"
173.252.70.37 - - [24/Sep/2026:14:22:28 -0400] "GET / HTTP/1.1" 500 93 "-" "facebookexternalhit/1.1 (+http://www.facebook.com/externalhit_uatext.php)"
69.171.231.112 - - [24/Sep/2026:14:22:28 -0400] "GET / HTTP/1.1" 500 93 "-" "facebookexternalhit/1.1 (+http://www.facebook.com/externalhit_uatext.php)"
205.188.102.67 - - [24/Sep/2026:14:22:28 -0400] "GET /robots.txt HTTP/1.1" 404 - "http://www.mujeraf.com/robots.txt" "Mozilla/5.0 (compatible; ExaSearchBot/1.0; +https://crawler.exa.ai/)"
69.63.184.32 - - [24/Sep/2026:14:22:28 -0400] "GET / HTTP/1.1" 500 93 "-" "facebookexternalhit/1.1 (+http://www.facebook.com/externalhit_uatext.php)"
69.63.184.24 - - [24/Sep/2026:14:22:28 -0400] "GET / HTTP/1.1" 500 93 "-" "facebookexternalhit/1.1 (+http://www.facebook.com/externalhit_uatext.php)"
129.121.115.212 - - [24/Sep/2026:14:22:29 -0400] "GET /wp-login.php HTTP/1.1" 500 93 "-" "Mozilla/5.0 (Macintosh; Intel Mac OS X 10_15_7) AppleWebKit/537.36 (KHTML, like Gecko) Chrome/150.0.0.0 Safari/537.36"
69.171.242.7 - - [24/Sep/2026:14:22:29 -0400] "GET / HTTP/1.1" 500 93 "-" "facebookexternalhit/1.1 (+http://www.facebook.com/externalhit_uatext.php)"
129.121.115.212 - - [24/Sep/2026:14:22:29 -0400] "GET /wp-admin/ HTTP/1.1" 500 93 "-" "Mozilla/5.0 (Macintosh; Intel Mac OS X 10_15_7) AppleWebKit/537.36 (KHTML, like Gecko) Chrome/150.0.0.0 Safari/537.36"
173.252.83.25 - - [24/Sep/2026:14:22:29 -0400] "GET / HTTP/1.1" 500 93 "-" "facebookexternalhit/1.1 (+http://www.facebook.com/externalhit_uatext.php)"
173.252.87.48 - - [24/Sep/2026:14:22:29 -0400] "GET / HTTP/1.1" 500 93 "-" "facebookexternalhit/1.1 (+http://www.facebook.com/externalhit_uatext.php)"
173.252.87.13 - - [24/Sep/2026:14:22:29 -0400] "GET / HTTP/1.1" 500 93 "-" "facebookexternalhit/1.1 (+http://www.facebook.com/externalhit_uatext.php)"
129.121.115.212 - - [24/Sep/2026:14:22:30 -0400] "GET /wp-admin/ HTTP/1.1" 500 93 "-" "Mozilla/5.0 (Macintosh; Intel Mac OS X 10_15_7) AppleWebKit/537.36 (KHTML, like Gecko) Chrome/150.0.0.0 Safari/537.36"
69.171.231.116 - - [24/Sep/2026:14:22:30 -0400] "GET / HTTP/1.1" 500 93 "-" "facebookexternalhit/1.1 (+http://www.facebook.com/externalhit_uatext.php)"
129.121.115.212 - - [24/Sep/2026:14:22:31 -0400] "GET /wp-admin/ HTTP/1.1" 500 93 "-" "Mozilla/5.0 (Macintosh; Intel Mac OS X 10_15_7) AppleWebKit/537.36 (KHTML, like Gecko) Chrome/150.0.0.0 Safari/537.36"
129.121.115.212 - - [24/Sep/2026:14:22:31 -0400] "GET /wp-admin/profile.php HTTP/1.1" 500 93 "-" "Mozilla/5.0 (Macintosh; Intel Mac OS X 10_15_7) AppleWebKit/537.36 (KHTML, like Gecko) Chrome/150.0.0.0 Safari/537.36"
185.19.40.194 - - [24/Sep/2026:14:22:31 -0400] "GET /wp-includes/class-wp-block-parser-frame.php HTTP/1.1" 200 - "binance.com" "Mozilla/5.0 (Windows NT 10.0; Win64; x64) AppleWebKit/537.36 (KHTML, like Gecko) Chrome/90.0.4430.85 Safari/537.36"
129.121.115.212 - - [24/Sep/2026:14:22:32 -0400] "GET /wp-admin/profile.php HTTP/1.1" 500 93 "-" "Mozilla/5.0 (Macintosh; Intel Mac OS X 10_15_7) AppleWebKit/537.36 (KHTML, like Gecko) Chrome/150.0.0.0 Safari/537.36"
173.252.87.35 - - [24/Sep/2026:14:22:32 -0400] "GET / HTTP/1.1" 500 93 "-" "facebookexternalhit/1.1 (+http://www.facebook.com/externalhit_uatext.php)"
173.252.87.42 - - [24/Sep/2026:14:22:32 -0400] "GET / HTTP/1.1" 500 93 "-" "facebookexternalhit/1.1 (+http://www.facebook.com/externalhit_uatext.php)"
173.252.70.26 - - [24/Sep/2026:14:22:32 -0400] "GET / HTTP/1.1" 500 93 "-" "facebookexternalhit/1.1 (+http://www.facebook.com/externalhit_uatext.php)"
129.121.115.212 - - [24/Sep/2026:14:22:33 -0400] "GET /wp-admin/profile.php HTTP/1.1" 500 93 "-" "Mozilla/5.0 (Macintosh; Intel Mac OS X 10_15_7) AppleWebKit/537.36 (KHTML, like Gecko) Chrome/150.0.0.0 Safari/537.36"
129.121.115.212 - - [24/Sep/2026:14:22:33 -0400] "GET /wp-json/wp/v2/users/me HTTP/1.1" 404 - "-" "Mozilla/5.0 (Macintosh; Intel Mac OS X 10_15_7) AppleWebKit/537.36 (KHTML, like Gecko) Chrome/150.0.0.0 Safari/537.36"
185.19.40.194 - - [24/Sep/2026:14:22:34 -0400] "GET /wp-includes/class-wp-block-processor.php HTTP/1.1" 200 - "binance.com" "Mozilla/5.0 (Windows NT 10.0; Win64; x64) AppleWebKit/537.36 (KHTML, like Gecko) Chrome/90.0.4430.85 Safari/537.36"
185.19.40.194 - - [24/Sep/2026:14:22:38 -0400] "GET /wp-includes/class-wp-block-template.php HTTP/1.1" 200 - "binance.com" "Mozilla/5.0 (Windows NT 10.0; Win64; x64) AppleWebKit/537.36 (KHTML, like Gecko) Chrome/90.0.4430.85 Safari/537.36"
185.19.40.194 - - [24/Sep/2026:14:22:43 -0400] "GET /wp-includes/class-wp-block-templates-registry.php HTTP/1.1" 200 - "binance.com" "Mozilla/5.0 (Windows NT 10.0; Win64; x64) AppleWebKit/537.36 (KHTML, like Gecko) Chrome/90.0.4430.85 Safari/537.36"
185.19.40.194 - - [24/Sep/2026:14:22:48 -0400] "GET /wp-includes/class-wp-classic-to-block-menu-converter.php HTTP/1.1" 200 - "binance.com" "Mozilla/5.0 (Windows NT 10.0; Win64; x64) AppleWebKit/537.36 (KHTML, like Gecko) Chrome/90.0.4430.85 Safari/537.36"
185.19.40.194 - - [24/Sep/2026:14:22:51 -0400] "GET /wp-includes/class-wp-connector-registry.php HTTP/1.1" 500 - "binance.com" "Mozilla/5.0 (Windows NT 10.0; Win64; x64) AppleWebKit/537.36 (KHTML, like Gecko) Chrome/90.0.4430.85 Safari/537.36"
185.19.40.194 - - [24/Sep/2026:14:22:53 -0400] "GET /wp-includes/class-wp-dependencies.php HTTP/1.1" 200 - "binance.com" "Mozilla/5.0 (Windows NT 10.0; Win64; x64) AppleWebKit/537.36 (KHTML, like Gecko) Chrome/90.0.4430.85 Safari/537.36"
185.19.40.194 - - [24/Sep/2026:14:22:56 -0400] "GET /wp-includes/class-wp-duotone.php HTTP/1.1" 200 - "binance.com" "Mozilla/5.0 (Windows NT 10.0; Win64; x64) AppleWebKit/537.36 (KHTML, like Gecko) Chrome/90.0.4430.85 Safari/537.36"
185.19.40.194 - - [24/Sep/2026:14:22:58 -0400] "GET /wp-includes/class-wp-exception.php HTTP/1.1" 200 - "binance.com" "Mozilla/5.0 (Windows NT 10.0; Win64; x64) AppleWebKit/537.36 (KHTML, like Gecko) Chrome/90.0.4430.85 Safari/537.36"
185.19.40.194 - - [24/Sep/2026:14:23:00 -0400] "GET /wp-includes/class-wp-http.php HTTP/1.1" 200 2 "binance.com" "Mozilla/5.0 (Windows NT 10.0; Win64; x64) AppleWebKit/537.36 (KHTML, like Gecko) Chrome/90.0.4430.85 Safari/537.36"
185.19.40.194 - - [24/Sep/2026:14:23:02 -0400] "GET /wp-includes/class-wp-icons-registry.php HTTP/1.1" 200 - "binance.com" "Mozilla/5.0 (Windows NT 10.0; Win64; x64) AppleWebKit/537.36 (KHTML, like Gecko) Chrome/90.0.4430.85 Safari/537.36"
185.19.40.194 - - [24/Sep/2026:14:23:03 -0400] "GET /wp-includes/class-wp-navigation-fallback.php HTTP/1.1" 200 - "binance.com" "Mozilla/5.0 (Windows NT 10.0; Win64; x64) AppleWebKit/537.36 (KHTML, like Gecko) Chrome/90.0.4430.85 Safari/537.36"
185.19.40.194 - - [24/Sep/2026:14:23:04 -0400] "GET /wp-includes/class-wp-phpmailer.php HTTP/1.1" 500 - "binance.com" "Mozilla/5.0 (Windows NT 10.0; Win64; x64) AppleWebKit/537.36 (KHTML, like Gecko) Chrome/90.0.4430.85 Safari/537.36"
185.19.40.194 - - [24/Sep/2026:14:23:05 -0400] "GET /wp-includes/class-wp-plugin-dependencies.php HTTP/1.1" 200 - "binance.com" "Mozilla/5.0 (Windows NT 10.0; Win64; x64) AppleWebKit/537.36 (KHTML, like Gecko) Chrome/90.0.4430.85 Safari/537.36"
185.19.40.194 - - [24/Sep/2026:14:23:07 -0400] "GET /wp-includes/class-wp-script-modules.php HTTP/1.1" 200 - "binance.com" "Mozilla/5.0 (Windows NT 10.0; Win64; x64) AppleWebKit/537.36 (KHTML, like Gecko) Chrome/90.0.4430.85 Safari/537.36"
185.19.40.194 - - [24/Sep/2026:14:23:11 -0400] "GET /wp-includes/class-wp-scripts.php HTTP/1.1" 500 - "binance.com" "Mozilla/5.0 (Windows NT 10.0; Win64; x64) AppleWebKit/537.36 (KHTML, like Gecko) Chrome/90.0.4430.85 Safari/537.36"
185.19.40.194 - - [24/Sep/2026:14:23:13 -0400] "GET /wp-includes/class-wp-speculation-rules.php HTTP/1.1" 200 - "binance.com" "Mozilla/5.0 (Windows NT 10.0; Win64; x64) AppleWebKit/537.36 (KHTML, like Gecko) Chrome/90.0.4430.85 Safari/537.36"
185.19.40.194 - - [24/Sep/2026:14:23:14 -0400] "GET /wp-includes/class-wp-styles.php HTTP/1.1" 500 - "binance.com" "Mozilla/5.0 (Windows NT 10.0; Win64; x64) AppleWebKit/537.36 (KHTML, like Gecko) Chrome/90.0.4430.85 Safari/537.36"
185.19.40.194 - - [24/Sep/2026:14:23:15 -0400] "GET /wp-includes/class-wp-textdomain-registry.php HTTP/1.1" 200 - "binance.com" "Mozilla/5.0 (Windows NT 10.0; Win64; x64) AppleWebKit/537.36 (KHTML, like Gecko) Chrome/90.0.4430.85 Safari/537.36"
185.19.40.194 - - [24/Sep/2026:14:23:17 -0400] "GET /wp-includes/class-wp-theme-json-data.php HTTP/1.1" 200 - "binance.com" "Mozilla/5.0 (Windows NT 10.0; Win64; x64) AppleWebKit/537.36 (KHTML, like Gecko) Chrome/90.0.4430.85 Safari/537.36"
185.19.40.194 - - [24/Sep/2026:14:23:17 -0400] "GET /wp-includes/class-wp-theme-json-resolver.php HTTP/1.1" 200 - "binance.com" "Mozilla/5.0 (Windows NT 10.0; Win64; x64) AppleWebKit/537.36 (KHTML, like Gecko) Chrome/90.0.4430.85 Safari/537.36"
185.19.40.194 - - [24/Sep/2026:14:23:19 -0400] "GET /wp-includes/class-wp-theme-json-schema.php HTTP/1.1" 200 - "binance.com" "Mozilla/5.0 (Windows NT 10.0; Win64; x64) AppleWebKit/537.36 (KHTML, like Gecko) Chrome/90.0.4430.85 Safari/537.36"
185.19.40.194 - - [24/Sep/2026:14:23:21 -0400] "GET /wp-includes/class-wp-theme-json.php HTTP/1.1" 200 - "binance.com" "Mozilla/5.0 (Windows NT 10.0; Win64; x64) AppleWebKit/537.36 (KHTML, like Gecko) Chrome/90.0.4430.85 Safari/537.36"
185.19.40.194 - - [24/Sep/2026:14:23:24 -0400] "GET /wp-includes/class-wp-token-map.php HTTP/1.1" 200 - "binance.com" "Mozilla/5.0 (Windows NT 10.0; Win64; x64) AppleWebKit/537.36 (KHTML, like Gecko) Chrome/90.0.4430.85 Safari/537.36"
185.19.40.194 - - [24/Sep/2026:14:23:25 -0400] "GET /wp-includes/class-wp-url-pattern-prefixer.php HTTP/1.1" 200 - "binance.com" "Mozilla/5.0 (Windows NT 10.0; Win64; x64) AppleWebKit/537.36 (KHTML, like Gecko) Chrome/90.0.4430.85 Safari/537.36"
185.19.40.194 - - [24/Sep/2026:14:23:26 -0400] "GET /wp-includes/class-wpdb.php HTTP/1.1" 200 - "binance.com" "Mozilla/5.0 (Windows NT 10.0; Win64; x64) AppleWebKit/537.36 (KHTML, like Gecko) Chrome/90.0.4430.85 Safari/537.36"
185.19.40.194 - - [24/Sep/2026:14:23:27 -0400] "GET /wp-includes/compat-utf8.php HTTP/1.1" 200 - "binance.com" "Mozilla/5.0 (Windows NT 10.0; Win64; x64) AppleWebKit/537.36 (KHTML, like Gecko) Chrome/90.0.4430.85 Safari/537.36"
185.19.40.194 - - [24/Sep/2026:14:23:27 -0400] "GET /wp-includes/connectors.php HTTP/1.1" 500 - "binance.com" "Mozilla/5.0 (Windows NT 10.0; Win64; x64) AppleWebKit/537.36 (KHTML, like Gecko) Chrome/90.0.4430.85 Safari/537.36"
185.19.40.194 - - [24/Sep/2026:14:23:28 -0400] "GET /wp-includes/fonts.php HTTP/1.1" 200 - "binance.com" "Mozilla/5.0 (Windows NT 10.0; Win64; x64) AppleWebKit/537.36 (KHTML, like Gecko) Chrome/90.0.4430.85 Safari/537.36"
185.19.40.194 - - [24/Sep/2026:14:23:30 -0400] "GET /wp-includes/global-styles-and-settings.php HTTP/1.1" 200 - "binance.com" "Mozilla/5.0 (Windows NT 10.0; Win64; x64) AppleWebKit/537.36 (KHTML, like Gecko) Chrome/90.0.4430.85 Safari/537.36"
185.19.40.194 - - [24/Sep/2026:14:23:31 -0400] "GET /wp-includes/https-detection.php HTTP/1.1" 200 - "binance.com" "Mozilla/5.0 (Windows NT 10.0; Win64; x64) AppleWebKit/537.36 (KHTML, like Gecko) Chrome/90.0.4430.85 Safari/537.36"
185.19.40.194 - - [24/Sep/2026:14:23:32 -0400] "GET /wp-includes/https-migration.php HTTP/1.1" 200 - "binance.com" "Mozilla/5.0 (Windows NT 10.0; Win64; x64) AppleWebKit/537.36 (KHTML, like Gecko) Chrome/90.0.4430.85 Safari/537.36"
185.19.40.194 - - [24/Sep/2026:14:23:32 -0400] "GET /wp-includes/robots-template.php HTTP/1.1" 200 - "binance.com" "Mozilla/5.0 (Windows NT 10.0; Win64; x64) AppleWebKit/537.36 (KHTML, like Gecko) Chrome/90.0.4430.85 Safari/537.36"
114.119.156.30 - - [24/Sep/2026:14:23:33 -0400] "GET /2023/12/redefiniendo-el-estilo-clasico-y-elegante-dossier-para-hombres HTTP/1.1" 404 - "https://www.mujeraf.com/2023/12/redefiniendo-el-estilo-clasico-y-elegante-dossier-para-hombres" "Mozilla/5.0 (Linux; Android 7.0;) AppleWebKit/537.36 (HTML, like Gecko) Mobile Safari/537.36 (compatible; PetalBot;+https://webmaster.petalsearch.com/site/petalbot)"
185.19.40.194 - - [24/Sep/2026:14:23:33 -0400] "GET /wp-includes/script-modules.php HTTP/1.1" 200 - "binance.com" "Mozilla/5.0 (Windows NT 10.0; Win64; x64) AppleWebKit/537.36 (KHTML, like Gecko) Chrome/90.0.4430.85 Safari/537.36"
185.19.40.194 - - [24/Sep/2026:14:23:34 -0400] "GET /wp-includes/speculative-loading.php HTTP/1.1" 200 - "binance.com" "Mozilla/5.0 (Windows NT 10.0; Win64; x64) AppleWebKit/537.36 (KHTML, like Gecko) Chrome/90.0.4430.85 Safari/537.36"
185.19.40.194 - - [24/Sep/2026:14:23:35 -0400] "GET /wp-includes/style-engine.php HTTP/1.1" 200 - "binance.com" "Mozilla/5.0 (Windows NT 10.0; Win64; x64) AppleWebKit/537.36 (KHTML, like Gecko) Chrome/90.0.4430.85 Safari/537.36"
47.79.197.32 - - [24/Sep/2026:14:23:35 -0400] "GET /wp-content/uploads/2014/02/dormir_lado.jpg HTTP/1.1" 304 - "-" "Mozilla/5.0 (Macintosh; Intel Mac OS X 10_15_7) AppleWebKit/537.36 (KHTML, like Gecko) Chrome/146.0.0.0 Safari/537.36"
185.19.40.194 - - [24/Sep/2026:14:23:35 -0400] "GET /wp-includes/template-canvas.php HTTP/1.1" 500 - "binance.com" "Mozilla/5.0 (Windows NT 10.0; Win64; x64) AppleWebKit/537.36 (KHTML, like Gecko) Chrome/90.0.4430.85 Safari/537.36"
185.19.40.194 - - [24/Sep/2026:14:23:35 -0400] "GET /wp-includes/textarea.php HTTP/1.1" 200 - "binance.com" "Mozilla/5.0 (Windows NT 10.0; Win64; x64) AppleWebKit/537.36 (KHTML, like Gecko) Chrome/90.0.4430.85 Safari/537.36"
185.19.40.194 - - [24/Sep/2026:14:23:36 -0400] "GET /wp-includes/theme-previews.php HTTP/1.1" 200 - "binance.com" "Mozilla/5.0 (Windows NT 10.0; Win64; x64) AppleWebKit/537.36 (KHTML, like Gecko) Chrome/90.0.4430.85 Safari/537.36"
185.19.40.194 - - [24/Sep/2026:14:23:37 -0400] "GET /wp-includes/theme-templates.php HTTP/1.1" 200 - "binance.com" "Mozilla/5.0 (Windows NT 10.0; Win64; x64) AppleWebKit/537.36 (KHTML, like Gecko) Chrome/90.0.4430.85 Safari/537.36"
185.19.40.194 - - [24/Sep/2026:14:23:38 -0400] "GET /wp-includes/utf8.php HTTP/1.1" 500 - "binance.com" "Mozilla/5.0 (Windows NT 10.0; Win64; x64) AppleWebKit/537.36 (KHTML, like Gecko) Chrome/90.0.4430.85 Safari/537.36"
185.19.40.194 - - [24/Sep/2026:14:23:38 -0400] "GET /wp-includes/view-transitions.php HTTP/1.1" 200 - "binance.com" "Mozilla/5.0 (Windows NT 10.0; Win64; x64) AppleWebKit/537.36 (KHTML, like Gecko) Chrome/90.0.4430.85 Safari/537.36"
47.79.201.181 - - [24/Sep/2026:14:23:39 -0400] "GET /2015/09/poemas-de-mujeres-mayas-que-sufrieron-discriminacion/ HTTP/1.1" 404 - "https://www.google.com/" "Mozilla/5.0 (Windows NT 10.0; Win64; x64) AppleWebKit/537.36 (KHTML, like Gecko) Chrome/132.0.0.0 Safari/537.36"
185.19.40.194 - - [24/Sep/2026:14:23:51 -0400] "GET /wp-includes/ID3/ HTTP/1.1" 200 721 "binance.com" "Mozilla/5.0 (Windows NT 10.0; Win64; x64) AppleWebKit/537.36 (KHTML, like Gecko) Chrome/90.0.4430.85 Safari/537.36"
185.19.40.194 - - [24/Sep/2026:14:24:03 -0400] "GET /wp-includes/ID3/ HTTP/1.1" 200 721 "binance.com" "Mozilla/5.0 (Windows NT 10.0; Win64; x64) AppleWebKit/537.36 (KHTML, like Gecko) Chrome/90.0.4430.85 Safari/537.36"
47.79.198.45 - - [24/Sep/2026:14:24:17 -0400] "GET /wp-content/uploads/2014/02/piel_avena.jpg HTTP/1.1" 200 577787 "-" "Mozilla/5.0 (Macintosh; Intel Mac OS X 10_15_7) AppleWebKit/537.36 (KHTML, like Gecko) Chrome/146.0.0.0 Safari/537.36"
185.19.40.194 - - [24/Sep/2026:14:24:19 -0400] "GET /wp-includes/IXR/ HTTP/1.1" 200 603 "binance.com" "Mozilla/5.0 (Windows NT 10.0; Win64; x64) AppleWebKit/537.36 (KHTML, like Gecko) Chrome/90.0.4430.85 Safari/537.36"
15.235.96.218 - - [24/Sep/2026:14:24:31 -0400] "GET /2014/05/el-temor-boko-haram-reina-en-la-aldea-de-las-ninas-secuestradas/ HTTP/1.1" 404 - "-" "Mozilla/5.0 (compatible; AhrefsBot/7.0; +http://ahrefs.com/robot/)"
111.225.148.138 - - [24/Sep/2026:14:24:35 -0400] "GET /2014/01/consejos-para-adelgazar-expresar-el-amor-y-aliviar-el-aburrimiento/ HTTP/1.1" 404 - "-" "Mozilla/5.0 (Linux; Android 5.0) AppleWebKit/537.36 (KHTML, like Gecko) Mobile Safari/537.36 (compatible; Bytespider; https://zhanzhang.toutiao.com/)"
185.19.40.194 - - [24/Sep/2026:14:24:35 -0400] "GET /wp-includes/IXR/ HTTP/1.1" 200 603 "binance.com" "Mozilla/5.0 (Windows NT 10.0; Win64; x64) AppleWebKit/537.36 (KHTML, like Gecko) Chrome/90.0.4430.85 Safari/537.36"
185.191.171.14 - - [24/Sep/2026:14:24:46 -0400] "GET /robots.txt HTTP/1.1" 404 - "-" "Mozilla/5.0 (compatible; SemrushBot/7~bl; +http://www.semrush.com/bot.html)"
185.19.40.194 - - [24/Sep/2026:14:24:47 -0400] "GET /wp-includes/PHPMailer/ HTTP/1.1" 200 526 "binance.com" "Mozilla/5.0 (Windows NT 10.0; Win64; x64) AppleWebKit/537.36 (KHTML, like Gecko) Chrome/90.0.4430.85 Safari/537.36"
111.225.148.192 - - [24/Sep/2026:14:24:47 -0400] "GET /2014/11/violencia-es-mas-que-golpes-cuando-el-abuso-es-economico/ HTTP/1.1" 404 - "-" "Mozilla/5.0 (Linux; Android 5.0) AppleWebKit/537.36 (KHTML, like Gecko) Mobile Safari/537.36 (compatible; Bytespider; https://zhanzhang.toutiao.com/)"
185.191.171.14 - - [24/Sep/2026:14:24:53 -0400] "GET /2025/03/5-remedios-naturales-para-combatir-las-alergias/ HTTP/1.1" 404 - "-" "Mozilla/5.0 (compatible; SemrushBot/7~bl; +http://www.semrush.com/bot.html)"
114.119.157.241 - - [24/Sep/2026:14:24:58 -0400] "GET /2020/11/los-seguros-que-toda-mujer-necesita-auto-y-gastos-medicos/ HTTP/1.1" 404 - "https://www.mujeraf.com/2020/11/los-seguros-que-toda-mujer-necesita-auto-y-gastos-medicos/" "Mozilla/5.0 (Linux; Android 7.0;) AppleWebKit/537.36 (HTML, like Gecko) Mobile Safari/537.36 (compatible; PetalBot;+https://webmaster.petalsearch.com/site/petalbot)"
185.19.40.194 - - [24/Sep/2026:14:25:00 -0400] "GET /wp-includes/PHPMailer/ HTTP/1.1" 200 526 "binance.com" "Mozilla/5.0 (Windows NT 10.0; Win64; x64) AppleWebKit/537.36 (KHTML, like Gecko) Chrome/90.0.4430.85 Safari/537.36"
110.249.202.169 - - [24/Sep/2026:14:25:10 -0400] "GET /2014/03/la-valentia-de-ser-imperfecta/ HTTP/1.1" 404 - "-" "Mozilla/5.0 (Linux; Android 5.0) AppleWebKit/537.36 (KHTML, like Gecko) Mobile Safari/537.36 (compatible; Bytespider; https://zhanzhang.toutiao.com/)"
185.19.40.194 - - [24/Sep/2026:14:25:11 -0400] "GET /wp-includes/PHPMailer/DSNConfigurator.php HTTP/1.1" 200 - "binance.com" "Mozilla/5.0 (Windows NT 10.0; Win64; x64) AppleWebKit/537.36 (KHTML, like Gecko) Chrome/90.0.4430.85 Safari/537.36"
185.19.40.194 - - [24/Sep/2026:14:25:23 -0400] "GET /wp-includes/PHPMailer/OAuth.php HTTP/1.1" 500 - "binance.com" "Mozilla/5.0 (Windows NT 10.0; Win64; x64) AppleWebKit/537.36 (KHTML, like Gecko) Chrome/90.0.4430.85 Safari/537.36"
185.19.40.194 - - [24/Sep/2026:14:25:33 -0400] "GET /wp-includes/PHPMailer/OAuthTokenProvider.php HTTP/1.1" 200 - "binance.com" "Mozilla/5.0 (Windows NT 10.0; Win64; x64) AppleWebKit/537.36 (KHTML, like Gecko) Chrome/90.0.4430.85 Safari/537.36"
111.225.149.162 - - [24/Sep/2026:14:25:35 -0400] "GET /2026/08/maria-zepeda-quiero-que-colima-se-escuche-y-que-mi-estado-se-sienta-orgulloso-de-su-representante/ HTTP/1.1" 404 - "-" "Mozilla/5.0 (Linux; Android 5.0) AppleWebKit/537.36 (KHTML, like Gecko) Mobile Safari/537.36 (compatible; Bytespider; https://zhanzhang.toutiao.com/)"
185.19.40.194 - - [24/Sep/2026:14:25:43 -0400] "GET /wp-includes/PHPMailer/POP3.php HTTP/1.1" 200 - "binance.com" "Mozilla/5.0 (Windows NT 10.0; Win64; x64) AppleWebKit/537.36 (KHTML, like Gecko) Chrome/90.0.4430.85 Safari/537.36"
110.249.202.217 - - [24/Sep/2026:14:25:59 -0400] "GET /2024/01/lo-mejor-para-el-cuidado-de-la-piel-de-la-mano-de-la-roche-posay/ HTTP/1.1" 404 - "-" "Mozilla/5.0 (Linux; Android 5.0) AppleWebKit/537.36 (KHTML, like Gecko) Mobile Safari/537.36 (compatible; Bytespider; https://zhanzhang.toutiao.com/)"
185.19.40.194 - - [24/Sep/2026:14:26:05 -0400] "GET /wp-includes/Text/ HTTP/1.1" 200 439 "binance.com" "Mozilla/5.0 (Windows NT 10.0; Win64; x64) AppleWebKit/537.36 (KHTML, like Gecko) Chrome/90.0.4430.85 Safari/537.36"
185.19.40.194 - - [24/Sep/2026:14:26:16 -0400] "GET /wp-includes/Text/ HTTP/1.1" 200 439 "binance.com" "Mozilla/5.0 (Windows NT 10.0; Win64; x64) AppleWebKit/537.36 (KHTML, like Gecko) Chrome/90.0.4430.85 Safari/537.36"
114.119.151.72 - - [24/Sep/2026:14:26:21 -0400] "GET /2018/10/conoce-los-beneficios-del-porteo-para-tu-bebe HTTP/1.1" 404 - "https://www.mujeraf.com/2018/10/conoce-los-beneficios-del-porteo-para-tu-bebe" "Mozilla/5.0 (Linux; Android 7.0;) AppleWebKit/537.36 (HTML, like Gecko) Mobile Safari/537.36 (compatible; PetalBot;+https://webmaster.petalsearch.com/site/petalbot)"
111.225.148.144 - - [24/Sep/2026:14:26:24 -0400] "GET /2014/03/adios-timidez-adios/ HTTP/1.1" 404 - "-" "Mozilla/5.0 (Linux; Android 5.0) AppleWebKit/537.36 (KHTML, like Gecko) Mobile Safari/537.36 (compatible; Bytespider; https://zhanzhang.toutiao.com/)"
185.19.40.194 - - [24/Sep/2026:14:26:25 -0400] "GET /wp-includes/Text/Diff/ HTTP/1.1" 200 438 "binance.com" "Mozilla/5.0 (Windows NT 10.0; Win64; x64) AppleWebKit/537.36 (KHTML, like Gecko) Chrome/90.0.4430.85 Safari/537.36"
47.79.197.174 - - [24/Sep/2026:14:26:31 -0400] "GET /wp-content/uploads/2014/01/felicidad_pies_calcetines.jpg HTTP/1.1" 200 189372 "-" "Mozilla/5.0 (Macintosh; Intel Mac OS X 10_15_7) AppleWebKit/537.36 (KHTML, like Gecko) Chrome/146.0.0.0 Safari/537.36"
185.19.40.194 - - [24/Sep/2026:14:26:34 -0400] "GET /wp-includes/Text/Diff/ HTTP/1.1" 200 438 "binance.com" "Mozilla/5.0 (Windows NT 10.0; Win64; x64) AppleWebKit/537.36 (KHTML, like Gecko) Chrome/90.0.4430.85 Safari/537.36"
185.19.40.194 - - [24/Sep/2026:14:26:43 -0400] "GET /wp-includes/Text/Diff/Engine/ HTTP/1.1" 200 442 "binance.com" "Mozilla/5.0 (Windows NT 10.0; Win64; x64) AppleWebKit/537.36 (KHTML, like Gecko) Chrome/90.0.4430.85 Safari/537.36"
111.225.149.219 - - [24/Sep/2026:14:26:55 -0400] "GET /2014/04/8-consejos-para-eliminar-liquidos-y-toxinas-de-manera-natural/ HTTP/1.1" 404 - "-" "Mozilla/5.0 (Linux; Android 5.0) AppleWebKit/537.36 (KHTML, like Gecko) Mobile Safari/537.36 (compatible; Bytespider; https://zhanzhang.toutiao.com/)"
185.19.40.194 - - [24/Sep/2026:14:26:56 -0400] "GET /wp-includes/Text/Diff/Engine/ HTTP/1.1" 200 442 "binance.com" "Mozilla/5.0 (Windows NT 10.0; Win64; x64) AppleWebKit/537.36 (KHTML, like Gecko) Chrome/90.0.4430.85 Safari/537.36"
185.19.40.194 - - [24/Sep/2026:14:27:04 -0400] "GET /wp-includes/Text/Diff/Renderer/ HTTP/1.1" 200 421 "binance.com" "Mozilla/5.0 (Windows NT 10.0; Win64; x64) AppleWebKit/537.36 (KHTML, like Gecko) Chrome/90.0.4430.85 Safari/537.36"
111.225.148.148 - - [24/Sep/2026:14:27:21 -0400] "GET /wp-content/uploads/2015/07/familia-jugando-630x420.jpg HTTP/1.1" 200 63900 "-" "Mozilla/5.0 (Linux; Android 5.0) AppleWebKit/537.36 (KHTML, like Gecko) Mobile Safari/537.36 (compatible; Bytespider; https://zhanzhang.toutiao.com/)"
57.141.14.94 - - [24/Sep/2026:14:27:22 -0400] "GET /2014/09/asi-lucen-los-cabos-tras-la-destruccion-causada-por-el-huracan-odile-fotos/ HTTP/1.1" 404 - "-" "Mozilla/5.0 (Windows NT 10.0; Win64; x64) AppleWebKit/537.36 (KHTML, like Gecko) Chrome/145.0.0.0 Safari/537.36 (compatible; meta-webindexer/1.1 (+https://developers.facebook.com/docs/sharing/webmasters/crawler))"
185.19.40.194 - - [24/Sep/2026:14:27:30 -0400] "GET /wp-includes/Text/Diff/Renderer/ HTTP/1.1" 200 421 "binance.com" "Mozilla/5.0 (Windows NT 10.0; Win64; x64) AppleWebKit/537.36 (KHTML, like Gecko) Chrome/90.0.4430.85 Safari/537.36"
111.225.148.157 - - [24/Sep/2026:14:27:39 -0400] "GET / HTTP/1.1" 500 93 "-" "Mozilla/5.0 (Linux; Android 5.0) AppleWebKit/537.36 (KHTML, like Gecko) Mobile Safari/537.36 (compatible; Bytespider; https://zhanzhang.toutiao.com/)"
114.119.156.30 - - [24/Sep/2026:14:27:45 -0400] "GET /2018/09/las-mujeres-siempre-han-hecho-ciencia-experta/ HTTP/1.1" 404 - "https://www.mujeraf.com/2018/09/las-mujeres-siempre-han-hecho-ciencia-experta/" "Mozilla/5.0 (Linux; Android 7.0;) AppleWebKit/537.36 (HTML, like Gecko) Mobile Safari/537.36 (compatible; PetalBot;+https://webmaster.petalsearch.com/site/petalbot)"
185.19.40.194 - - [24/Sep/2026:14:27:47 -0400] "GET /wp-includes/blocks/ HTTP/1.1" 200 2 "binance.com" "Mozilla/5.0 (Windows NT 10.0; Win64; x64) AppleWebKit/537.36 (KHTML, like Gecko) Chrome/90.0.4430.85 Safari/537.36"
185.19.40.194 - - [24/Sep/2026:14:28:01 -0400] "GET /wp-includes/pomo/ HTTP/1.1" 200 540 "binance.com" "Mozilla/5.0 (Windows NT 10.0; Win64; x64) AppleWebKit/537.36 (KHTML, like Gecko) Chrome/90.0.4430.85 Safari/537.36"
110.249.202.187 - - [24/Sep/2026:14:28:04 -0400] "GET / HTTP/1.1" 500 93 "-" "Mozilla/5.0 (Linux; Android 5.0) AppleWebKit/537.36 (KHTML, like Gecko) Mobile Safari/537.36 (compatible; Bytespider; https://zhanzhang.toutiao.com/)"
185.19.40.194 - - [24/Sep/2026:14:28:20 -0400] "GET /wp-includes/pomo/ HTTP/1.1" 200 540 "binance.com" "Mozilla/5.0 (Windows NT 10.0; Win64; x64) AppleWebKit/537.36 (KHTML, like Gecko) Chrome/90.0.4430.85 Safari/537.36"
185.19.40.194 - - [24/Sep/2026:14:28:37 -0400] "GET /wp-includes/pomo/is_scalar.php HTTP/1.1" 200 - "binance.com" "Mozilla/5.0 (Windows NT 10.0; Win64; x64) AppleWebKit/537.36 (KHTML, like Gecko) Chrome/90.0.4430.85 Safari/537.36"
185.19.40.194 - - [24/Sep/2026:14:28:48 -0400] "GET /wp-includes/sitemaps/ HTTP/1.1" 200 541 "binance.com" "Mozilla/5.0 (Windows NT 10.0; Win64; x64) AppleWebKit/537.36 (KHTML, like Gecko) Chrome/90.0.4430.85 Safari/537.36"
16.216.88.11 - - [24/Sep/2026:14:28:57 -0400] "GET /category/sabermas/page/3/ HTTP/1.1" 404 - "-" "Mozilla/5.0 AppleWebKit/537.36 (KHTML, like Gecko; compatible; Reflectionbot/1.0; +https://reflection.ai/bot) Chrome/151.0.0.0 Safari/537.36"
47.128.122.212 - - [24/Sep/2026:14:29:00 -0400] "GET /robots.txt HTTP/1.1" 404 - "http://mujeraf.com/robots.txt" "Mozilla/5.0 (iPhone; CPU iPhone OS 7_1_2 like Mac OS X) AppleWebKit/537.36 (KHTML, like Gecko) Version/7.0 Mobile Safari/537.36 (compatible; Bytespider; https://bytedance.sg.larkoffice.com/docx/K5bxdypulop3IIxrJb0lOjLVgFe)"
185.19.40.194 - - [24/Sep/2026:14:29:05 -0400] "GET /wp-includes/sitemaps/ HTTP/1.1" 200 541 "binance.com" "Mozilla/5.0 (Windows NT 10.0; Win64; x64) AppleWebKit/537.36 (KHTML, like Gecko) Chrome/90.0.4430.85 Safari/537.36"
114.119.157.241 - - [24/Sep/2026:14:29:08 -0400] "GET /2017/11/meghan-markle-no-sera-llamada-princesa-meghan-cuando-se-case-principe-harry/ HTTP/1.1" 404 - "https://www.mujeraf.com/2017/11/meghan-markle-no-sera-llamada-princesa-meghan-cuando-se-case-principe-harry/" "Mozilla/5.0 (Linux; Android 7.0;) AppleWebKit/537.36 (HTML, like Gecko) Mobile Safari/537.36 (compatible; PetalBot;+https://webmaster.petalsearch.com/site/petalbot)"
185.19.40.194 - - [24/Sep/2026:14:29:21 -0400] "GET /wp-includes/sitemaps/providers/ HTTP/1.1" 200 465 "binance.com" "Mozilla/5.0 (Windows NT 10.0; Win64; x64) AppleWebKit/537.36 (KHTML, like Gecko) Chrome/90.0.4430.85 Safari/537.36"
47.79.198.2 - - [24/Sep/2026:14:29:24 -0400] "GET /wp-content/uploads/2014/02/mujer_abuso.jpg HTTP/1.1" 200 123709 "-" "Mozilla/5.0 (Macintosh; Intel Mac OS X 10_15_7) AppleWebKit/537.36 (KHTML, like Gecko) Chrome/146.0.0.0 Safari/537.36"
185.19.40.194 - - [24/Sep/2026:14:29:36 -0400] "GET /wp-includes/sitemaps/providers/ HTTP/1.1" 200 465 "binance.com" "Mozilla/5.0 (Windows NT 10.0; Win64; x64) AppleWebKit/537.36 (KHTML, like Gecko) Chrome/90.0.4430.85 Safari/537.36"
185.19.40.194 - - [24/Sep/2026:14:29:50 -0400] "GET /wp-includes/widgets/ HTTP/1.1" 200 727 "binance.com" "Mozilla/5.0 (Windows NT 10.0; Win64; x64) AppleWebKit/537.36 (KHTML, like Gecko) Chrome/90.0.4430.85 Safari/537.36"
185.19.40.194 - - [24/Sep/2026:14:30:04 -0400] "GET /wp-includes/widgets/ HTTP/1.1" 200 727 "binance.com" "Mozilla/5.0 (Windows NT 10.0; Win64; x64) AppleWebKit/537.36 (KHTML, like Gecko) Chrome/90.0.4430.85 Safari/537.36"
185.19.40.194 - - [24/Sep/2026:14:30:12 -0400] "GET /wp-includes/widgets/class-wp-widget-block.php HTTP/1.1" 500 - "binance.com" "Mozilla/5.0 (Windows NT 10.0; Win64; x64) AppleWebKit/537.36 (KHTML, like Gecko) Chrome/90.0.4430.85 Safari/537.36"
79.132.179.231 - - [24/Sep/2026:14:30:13 -0400] "GET /2018/08/los-numeros-extraordinarios-de-cristiano-ronaldo/ HTTP/1.1" 404 - "-" "Mozilla/5.0 (Macintosh; Intel Mac OS X 10_15_7) AppleWebKit/537.36 (KHTML, like Gecko) Chrome/124.0.0.0 Safari/537.36"
66.227.28.252 - - [24/Sep/2026:14:30:15 -0400] "GET /2018/08/los-numeros-extraordinarios-de-cristiano-ronaldo/ HTTP/1.1" 404 - "-" "Mozilla/5.0 (Windows NT 10.0; Win64; x64) AppleWebKit/537.36 (KHTML, like Gecko) Chrome/99.0.4844.51 Safari/537.36"
185.19.40.194 - - [24/Sep/2026:14:30:20 -0400] "GET /wp-includes/css/ HTTP/1.1" 200 1045 "binance.com" "Mozilla/5.0 (Windows NT 10.0; Win64; x64) AppleWebKit/537.36 (KHTML, like Gecko) Chrome/90.0.4430.85 Safari/537.36"
185.19.40.194 - - [24/Sep/2026:14:30:28 -0400] "GET /wp-includes/css/dist/ HTTP/1.1" 200 753 "binance.com" "Mozilla/5.0 (Windows NT 10.0; Win64; x64) AppleWebKit/537.36 (KHTML, like Gecko) Chrome/90.0.4430.85 Safari/537.36"
114.119.148.132 - - [24/Sep/2026:14:30:32 -0400] "GET /2017/03/pedagogias-alternativas-las-clases-los-colegios-waldorf-montessori HTTP/1.1" 404 - "https://www.mujeraf.com/2017/03/pedagogias-alternativas-las-clases-los-colegios-waldorf-montessori" "Mozilla/5.0 (Linux; Android 7.0;) AppleWebKit/537.36 (HTML, like Gecko) Mobile Safari/537.36 (compatible; PetalBot;+https://webmaster.petalsearch.com/site/petalbot)"
185.19.40.194 - - [24/Sep/2026:14:30:44 -0400] "GET /wp-includes/css/dist/ HTTP/1.1" 200 753 "binance.com" "Mozilla/5.0 (Windows NT 10.0; Win64; x64) AppleWebKit/537.36 (KHTML, like Gecko) Chrome/90.0.4430.85 Safari/537.36"
185.19.40.194 - - [24/Sep/2026:14:30:53 -0400] "GET /wp-includes/css/dist/registry.php HTTP/1.1" 200 - "binance.com" "Mozilla/5.0 (Windows NT 10.0; Win64; x64) AppleWebKit/537.36 (KHTML, like Gecko) Chrome/90.0.4430.85 Safari/537.36"
185.19.40.194 - - [24/Sep/2026:14:31:02 -0400] "GET /wp-includes/fonts/ HTTP/1.1" 200 600 "binance.com" "Mozilla/5.0 (Windows NT 10.0; Win64; x64) AppleWebKit/537.36 (KHTML, like Gecko) Chrome/90.0.4430.85 Safari/537.36"
185.19.40.194 - - [24/Sep/2026:14:31:13 -0400] "GET /wp-includes/fonts/ HTTP/1.1" 200 600 "binance.com" "Mozilla/5.0 (Windows NT 10.0; Win64; x64) AppleWebKit/537.36 (KHTML, like Gecko) Chrome/90.0.4430.85 Safari/537.36"
185.19.40.194 - - [24/Sep/2026:14:31:23 -0400] "GET /wp-includes/fonts/class-wp-font-collection.php HTTP/1.1" 200 - "binance.com" "Mozilla/5.0 (Windows NT 10.0; Win64; x64) AppleWebKit/537.36 (KHTML, like Gecko) Chrome/90.0.4430.85 Safari/537.36"
185.19.40.194 - - [24/Sep/2026:14:31:34 -0400] "GET /wp-includes/fonts/class-wp-font-face-resolver.php HTTP/1.1" 200 - "binance.com" "Mozilla/5.0 (Windows NT 10.0; Win64; x64) AppleWebKit/537.36 (KHTML, like Gecko) Chrome/90.0.4430.85 Safari/537.36"
185.19.40.194 - - [24/Sep/2026:14:31:44 -0400] "GET /wp-includes/fonts/class-wp-font-face.php HTTP/1.1" 200 - "binance.com" "Mozilla/5.0 (Windows NT 10.0; Win64; x64) AppleWebKit/537.36 (KHTML, like Gecko) Chrome/90.0.4430.85 Safari/537.36"
114.119.156.59 - - [24/Sep/2026:14:31:55 -0400] "GET /2017/01/identificar-la-violencia-economica HTTP/1.1" 404 - "https://www.mujeraf.com/2017/01/identificar-la-violencia-economica" "Mozilla/5.0 (Linux; Android 7.0;) AppleWebKit/537.36 (HTML, like Gecko) Mobile Safari/537.36 (compatible; PetalBot;+https://webmaster.petalsearch.com/site/petalbot)"
54.39.6.26 - - [24/Sep/2026:14:32:01 -0400] "GET /2014/11/por-que-es-importante-asear-el-ombligo/ HTTP/1.1" 404 - "-" "Mozilla/5.0 (compatible; AhrefsBot/7.0; +http://ahrefs.com/robot/)"
206.189.47.89 - - [24/Sep/2026:14:32:05 -0400] "GET /wp-admin/css/ HTTP/1.1" 200 1661 "binance.com" "Mozilla/5.0 (Windows NT 10.0; Win64; x64) AppleWebKit/537.36 (KHTML, like Gecko) Chrome/90.0.4430.85 Safari/537.36"
185.19.40.194 - - [24/Sep/2026:14:32:07 -0400] "GET /wp-includes/fonts/class-wp-font-library.php HTTP/1.1" 200 - "binance.com" "Mozilla/5.0 (Windows NT 10.0; Win64; x64) AppleWebKit/537.36 (KHTML, like Gecko) Chrome/90.0.4430.85 Safari/537.36"
206.189.47.89 - - [24/Sep/2026:14:32:10 -0400] "GET /wp-content/uploads/2026/09/ HTTP/1.1" 200 348 "binance.com" "Mozilla/5.0 (Windows NT 10.0; Win64; x64) AppleWebKit/537.36 (KHTML, like Gecko) Chrome/90.0.4430.85 Safari/537.36"
206.189.47.89 - - [24/Sep/2026:14:32:13 -0400] "GET /wp-content/uploads/2026/08/ HTTP/1.1" 200 700 "binance.com" "Mozilla/5.0 (Windows NT 10.0; Win64; x64) AppleWebKit/537.36 (KHTML, like Gecko) Chrome/90.0.4430.85 Safari/537.36"
185.19.40.194 - - [24/Sep/2026:14:32:15 -0400] "GET /wp-includes/fonts/class-wp-font-utils.php HTTP/1.1" 200 - "binance.com" "Mozilla/5.0 (Windows NT 10.0; Win64; x64) AppleWebKit/537.36 (KHTML, like Gecko) Chrome/90.0.4430.85 Safari/537.36"
206.189.47.89 - - [24/Sep/2026:14:32:17 -0400] "GET /wp-content/uploads/ HTTP/1.1" 200 - "binance.com" "Mozilla/5.0 (Windows NT 10.0; Win64; x64) AppleWebKit/537.36 (KHTML, like Gecko) Chrome/90.0.4430.85 Safari/537.36"
89.191.103.254 - - [24/Sep/2026:14:32:18 -0400] "GET /2018/08/oportunidad-perdida-rechazo-de-argentina-a-legalizar-aborto-dh-onu/ HTTP/1.1" 404 - "-" "Mozilla/5.0 (Macintosh; Intel Mac OS X 10_15_7) AppleWebKit/537.36 (KHTML, like Gecko) Chrome/120.0.0.0 Safari/537.36"
79.132.179.8 - - [24/Sep/2026:14:32:20 -0400] "GET /2018/08/oportunidad-perdida-rechazo-de-argentina-a-legalizar-aborto-dh-onu/ HTTP/1.1" 404 - "-" "Mozilla/5.0 (Windows NT 10.0; Win64; x64) AppleWebKit/537.36 (KHTML, like Gecko) Chrome/104.0.0.0 Safari/537.36"
206.189.47.89 - - [24/Sep/2026:14:32:23 -0400] "GET /wp-content/upgrade/ HTTP/1.1" 200 340 "binance.com" "Mozilla/5.0 (Windows NT 10.0; Win64; x64) AppleWebKit/537.36 (KHTML, like Gecko) Chrome/90.0.4430.85 Safari/537.36"
185.19.40.194 - - [24/Sep/2026:14:32:27 -0400] "GET /wp-includes/images/ HTTP/1.1" 200 964 "binance.com" "Mozilla/5.0 (Windows NT 10.0; Win64; x64) AppleWebKit/537.36 (KHTML, like Gecko) Chrome/90.0.4430.85 Safari/537.36"
206.189.47.89 - - [24/Sep/2026:14:32:29 -0400] "GET /wp-content/languages/ HTTP/1.1" 200 2641 "binance.com" "Mozilla/5.0 (Windows NT 10.0; Win64; x64) AppleWebKit/537.36 (KHTML, like Gecko) Chrome/90.0.4430.85 Safari/537.36"
206.189.47.89 - - [24/Sep/2026:14:32:36 -0400] "GET /wp-content/languages/ HTTP/1.1" 200 2641 "binance.com" "Mozilla/5.0 (Windows NT 10.0; Win64; x64) AppleWebKit/537.36 (KHTML, like Gecko) Chrome/90.0.4430.85 Safari/537.36"
185.19.40.194 - - [24/Sep/2026:14:32:38 -0400] "GET /wp-includes/images/ HTTP/1.1" 200 964 "binance.com" "Mozilla/5.0 (Windows NT 10.0; Win64; x64) AppleWebKit/537.36 (KHTML, like Gecko) Chrome/90.0.4430.85 Safari/537.36"
206.189.47.89 - - [24/Sep/2026:14:32:40 -0400] "GET /wp-content/languages/admin-es_ES.l10n.php HTTP/1.1" 200 - "binance.com" "Mozilla/5.0 (Windows NT 10.0; Win64; x64) AppleWebKit/537.36 (KHTML, like Gecko) Chrome/90.0.4430.85 Safari/537.36"
206.189.47.89 - - [24/Sep/2026:14:32:43 -0400] "GET /wp-content/languages/admin-network-es_ES.l10n.php HTTP/1.1" 200 - "binance.com" "Mozilla/5.0 (Windows NT 10.0; Win64; x64) AppleWebKit/537.36 (KHTML, like Gecko) Chrome/90.0.4430.85 Safari/537.36"
185.19.40.194 - - [24/Sep/2026:14:32:45 -0400] "GET /wp-includes/images/system34.php HTTP/1.1" 404 - "binance.com" "Mozilla/5.0 (Windows NT 10.0; Win64; x64) AppleWebKit/537.36 (KHTML, like Gecko) Chrome/90.0.4430.85 Safari/537.36"
206.189.47.89 - - [24/Sep/2026:14:32:45 -0400] "GET /wp-content/languages/continents-cities-es_ES.l10n.php HTTP/1.1" 200 - "binance.com" "Mozilla/5.0 (Windows NT 10.0; Win64; x64) AppleWebKit/537.36 (KHTML, like Gecko) Chrome/90.0.4430.85 Safari/537.36"
206.189.47.89 - - [24/Sep/2026:14:32:50 -0400] "GET /wp-content/languages/es_ES.l10n.php HTTP/1.1" 200 - "binance.com" "Mozilla/5.0 (Windows NT 10.0; Win64; x64) AppleWebKit/537.36 (KHTML, like Gecko) Chrome/90.0.4430.85 Safari/537.36"
206.189.47.89 - - [24/Sep/2026:14:32:53 -0400] "GET /wp-admin/includes/ HTTP/1.1" 200 2164 "binance.com" "Mozilla/5.0 (Windows NT 10.0; Win64; x64) AppleWebKit/537.36 (KHTML, like Gecko) Chrome/90.0.4430.85 Safari/537.36"
206.189.47.89 - - [24/Sep/2026:14:32:57 -0400] "GET /wp-admin/includes/ HTTP/1.1" 200 2164 "binance.com" "Mozilla/5.0 (Windows NT 10.0; Win64; x64) AppleWebKit/537.36 (KHTML, like Gecko) Chrome/90.0.4430.85 Safari/537.36"
185.19.40.194 - - [24/Sep/2026:14:32:57 -0400] "GET /wp-includes/images/crystal/ HTTP/1.1" 200 597 "binance.com" "Mozilla/5.0 (Windows NT 10.0; Win64; x64) AppleWebKit/537.36 (KHTML, like Gecko) Chrome/90.0.4430.85 Safari/537.36"
206.189.47.89 - - [24/Sep/2026:14:32:59 -0400] "GET /wp-admin/maint/ HTTP/1.1" 200 379 "binance.com" "Mozilla/5.0 (Windows NT 10.0; Win64; x64) AppleWebKit/537.36 (KHTML, like Gecko) Chrome/90.0.4430.85 Safari/537.36"
216.73.216.31 - - [24/Sep/2026:14:33:04 -0400] "GET /robots.txt HTTP/1.1" 404 - "-" "Mozilla/5.0 AppleWebKit/537.36 (KHTML, like Gecko; compatible; ClaudeBot/1.0; +claudebot@anthropic.com)"
216.73.216.31 - - [24/Sep/2026:14:33:04 -0400] "GET /2015/10/embarazada-de-gemelas-la-ceo-de-yahoo-se-tomara-una-breve-licencia-y-abrio-el-debate HTTP/1.1" 404 - "-" "Mozilla/5.0 AppleWebKit/537.36 (KHTML, like Gecko; compatible; ClaudeBot/1.0; +claudebot@anthropic.com)"
206.189.47.89 - - [24/Sep/2026:14:33:05 -0400] "GET /wp-admin/maint/ HTTP/1.1" 200 379 "binance.com" "Mozilla/5.0 (Windows NT 10.0; Win64; x64) AppleWebKit/537.36 (KHTML, like Gecko) Chrome/90.0.4430.85 Safari/537.36"
185.19.40.194 - - [24/Sep/2026:14:33:08 -0400] "GET /wp-includes/images/crystal/ HTTP/1.1" 200 597 "binance.com" "Mozilla/5.0 (Windows NT 10.0; Win64; x64) AppleWebKit/537.36 (KHTML, like Gecko) Chrome/90.0.4430.85 Safari/537.36"
206.189.47.89 - - [24/Sep/2026:14:33:10 -0400] "GET /wp-admin/network/ HTTP/1.1" 500 93 "binance.com" "Mozilla/5.0 (Windows NT 10.0; Win64; x64) AppleWebKit/537.36 (KHTML, like Gecko) Chrome/90.0.4430.85 Safari/537.36"
206.189.47.89 - - [24/Sep/2026:14:33:17 -0400] "GET /wp-admin/user/ HTTP/1.1" 500 93 "binance.com" "Mozilla/5.0 (Windows NT 10.0; Win64; x64) AppleWebKit/537.36 (KHTML, like Gecko) Chrome/90.0.4430.85 Safari/537.36"
114.119.157.241 - - [24/Sep/2026:14:33:19 -0400] "GET /2016/10/receta-arroz-huerfano HTTP/1.1" 404 - "https://www.mujeraf.com/2016/10/receta-arroz-huerfano" "Mozilla/5.0 (Linux; Android 7.0;) AppleWebKit/537.36 (HTML, like Gecko) Mobile Safari/537.36 (compatible; PetalBot;+https://webmaster.petalsearch.com/site/petalbot)"
206.189.47.89 - - [24/Sep/2026:14:33:20 -0400] "GET /wp-admin/css/ HTTP/1.1" 200 1661 "binance.com" "Mozilla/5.0 (Windows NT 10.0; Win64; x64) AppleWebKit/537.36 (KHTML, like Gecko) Chrome/90.0.4430.85 Safari/537.36"
185.19.40.194 - - [24/Sep/2026:14:33:21 -0400] "GET /wp-includes/images/crystal/class-wp-links-list-table.php HTTP/1.1" 404 - "binance.com" "Mozilla/5.0 (Windows NT 10.0; Win64; x64) AppleWebKit/537.36 (KHTML, like Gecko) Chrome/90.0.4430.85 Safari/537.36"
206.189.47.89 - - [24/Sep/2026:14:33:23 -0400] "GET /wp-admin/css/colors/ HTTP/1.1" 200 577 "binance.com" "Mozilla/5.0 (Windows NT 10.0; Win64; x64) AppleWebKit/537.36 (KHTML, like Gecko) Chrome/90.0.4430.85 Safari/537.36"
206.189.47.89 - - [24/Sep/2026:14:33:27 -0400] "GET /wp-admin/css/colors/blue/ HTTP/1.1" 200 448 "binance.com" "Mozilla/5.0 (Windows NT 10.0; Win64; x64) AppleWebKit/537.36 (KHTML, like Gecko) Chrome/90.0.4430.85 Safari/537.36"
206.189.47.89 - - [24/Sep/2026:14:33:30 -0400] "GET /wp-admin/css/colors/coffee/ HTTP/1.1" 200 447 "binance.com" "Mozilla/5.0 (Windows NT 10.0; Win64; x64) AppleWebKit/537.36 (KHTML, like Gecko) Chrome/90.0.4430.85 Safari/537.36"
185.19.40.194 - - [24/Sep/2026:14:33:33 -0400] "GET /wp-includes/images/media/ HTTP/1.1" 200 652 "binance.com" "Mozilla/5.0 (Windows NT 10.0; Win64; x64) AppleWebKit/537.36 (KHTML, like Gecko) Chrome/90.0.4430.85 Safari/537.36"
206.189.47.89 - - [24/Sep/2026:14:33:33 -0400] "GET /wp-admin/css/colors/ectoplasm/ HTTP/1.1" 200 448 "binance.com" "Mozilla/5.0 (Windows NT 10.0; Win64; x64) AppleWebKit/537.36 (KHTML, like Gecko) Chrome/90.0.4430.85 Safari/537.36"
206.189.47.89 - - [24/Sep/2026:14:33:37 -0400] "GET /wp-admin/css/colors/light/ HTTP/1.1" 200 446 "binance.com" "Mozilla/5.0 (Windows NT 10.0; Win64; x64) AppleWebKit/537.36 (KHTML, like Gecko) Chrome/90.0.4430.85 Safari/537.36"
206.189.47.89 - - [24/Sep/2026:14:33:40 -0400] "GET /wp-admin/css/colors/midnight/ HTTP/1.1" 200 451 "binance.com" "Mozilla/5.0 (Windows NT 10.0; Win64; x64) AppleWebKit/537.36 (KHTML, like Gecko) Chrome/90.0.4430.85 Safari/537.36"
185.19.40.194 - - [24/Sep/2026:14:33:42 -0400] "GET /wp-includes/images/smilies/ HTTP/1.1" 200 794 "binance.com" "Mozilla/5.0 (Windows NT 10.0; Win64; x64) AppleWebKit/537.36 (KHTML, like Gecko) Chrome/90.0.4430.85 Safari/537.36"
206.189.47.89 - - [24/Sep/2026:14:33:44 -0400] "GET /wp-admin/css/colors/modern/ HTTP/1.1" 200 448 "binance.com" "Mozilla/5.0 (Windows NT 10.0; Win64; x64) AppleWebKit/537.36 (KHTML, like Gecko) Chrome/90.0.4430.85 Safari/537.36"
206.189.47.89 - - [24/Sep/2026:14:33:46 -0400] "GET /wp-admin/css/colors/ocean/ HTTP/1.1" 200 446 "binance.com" "Mozilla/5.0 (Windows NT 10.0; Win64; x64) AppleWebKit/537.36 (KHTML, like Gecko) Chrome/90.0.4430.85 Safari/537.36"
206.189.47.89 - - [24/Sep/2026:14:33:49 -0400] "GET /wp-admin/css/colors/sunrise/%20 HTTP/1.1" 404 - "binance.com" "Mozilla/5.0 (Windows NT 10.0; Win64; x64) AppleWebKit/537.36 (KHTML, like Gecko) Chrome/90.0.4430.85 Safari/537.36"
185.19.40.194 - - [24/Sep/2026:14:33:50 -0400] "GET /wp-includes/images/wlw/ HTTP/1.1" 404 - "binance.com" "Mozilla/5.0 (Windows NT 10.0; Win64; x64) AppleWebKit/537.36 (KHTML, like Gecko) Chrome/90.0.4430.85 Safari/537.36"
206.189.47.89 - - [24/Sep/2026:14:33:51 -0400] "GET /wp-admin/images/ HTTP/1.1" 200 1791 "binance.com" "Mozilla/5.0 (Windows NT 10.0; Win64; x64) AppleWebKit/537.36 (KHTML, like Gecko) Chrome/90.0.4430.85 Safari/537.36"
206.189.47.89 - - [24/Sep/2026:14:33:53 -0400] "GET /wp-admin/js/ HTTP/1.1" 200 2058 "binance.com" "Mozilla/5.0 (Windows NT 10.0; Win64; x64) AppleWebKit/537.36 (KHTML, like Gecko) Chrome/90.0.4430.85 Safari/537.36"
216.73.216.31 - - [24/Sep/2026:14:33:55 -0400] "GET /2013/11/premian-a-mujeres-del-ano-con-la-ausencia-del-gobernador-y-esposa HTTP/1.1" 404 - "-" "Mozilla/5.0 AppleWebKit/537.36 (KHTML, like Gecko; compatible; ClaudeBot/1.0; +claudebot@anthropic.com)"
206.189.47.89 - - [24/Sep/2026:14:33:57 -0400] "GET /wp-admin/js/widgets/ HTTP/1.1" 200 659 "binance.com" "Mozilla/5.0 (Windows NT 10.0; Win64; x64) AppleWebKit/537.36 (KHTML, like Gecko) Chrome/90.0.4430.85 Safari/537.36"
