104.219.251.64 - - [24/Sep/2026:10:41:25 -0400] "GET /wp-login.php HTTP/1.1" 500 93 "-" "Mozilla/5.0 (Macintosh; Intel Mac OS X 10_15_7) AppleWebKit/537.36 (KHTML, like Gecko) Chrome/147.0.0.0 Safari/537.36"
104.219.251.64 - - [24/Sep/2026:10:41:26 -0400] "GET /wp-login.php HTTP/1.1" 500 93 "-" "Mozilla/5.0 (Macintosh; Intel Mac OS X 10_15_7) AppleWebKit/537.36 (KHTML, like Gecko) Chrome/147.0.0.0 Safari/537.36"
104.219.251.64 - - [24/Sep/2026:10:41:27 -0400] "GET /wp-login.php HTTP/1.1" 500 93 "-" "Mozilla/5.0 (Macintosh; Intel Mac OS X 10_15_7) AppleWebKit/537.36 (KHTML, like Gecko) Chrome/147.0.0.0 Safari/537.36"
104.219.251.64 - - [24/Sep/2026:10:41:27 -0400] "GET /wp-admin/ HTTP/1.1" 500 93 "-" "Mozilla/5.0 (Macintosh; Intel Mac OS X 10_15_7) AppleWebKit/537.36 (KHTML, like Gecko) Chrome/147.0.0.0 Safari/537.36"
104.219.251.64 - - [24/Sep/2026:10:41:28 -0400] "GET /wp-admin/ HTTP/1.1" 500 93 "-" "Mozilla/5.0 (Macintosh; Intel Mac OS X 10_15_7) AppleWebKit/537.36 (KHTML, like Gecko) Chrome/147.0.0.0 Safari/537.36"
104.219.251.64 - - [24/Sep/2026:10:41:29 -0400] "GET /wp-admin/ HTTP/1.1" 500 93 "-" "Mozilla/5.0 (Macintosh; Intel Mac OS X 10_15_7) AppleWebKit/537.36 (KHTML, like Gecko) Chrome/147.0.0.0 Safari/537.36"
104.219.251.64 - - [24/Sep/2026:10:41:29 -0400] "GET /wp-admin/profile.php HTTP/1.1" 500 93 "-" "Mozilla/5.0 (Macintosh; Intel Mac OS X 10_15_7) AppleWebKit/537.36 (KHTML, like Gecko) Chrome/147.0.0.0 Safari/537.36"
103.204.210.59 - - [24/Sep/2026:10:41:29 -0400] "POST /bb.php HTTP/1.1" 200 2296 "https://mujeraf.com/bb.php" "Mozilla/5.0 (Windows NT 10.0; Win64; x64) AppleWebKit/537.36 (KHTML, like Gecko) Chrome/153.0.0.0 Safari/537.36"
104.219.251.64 - - [24/Sep/2026:10:41:30 -0400] "GET /wp-admin/profile.php HTTP/1.1" 500 93 "-" "Mozilla/5.0 (Macintosh; Intel Mac OS X 10_15_7) AppleWebKit/537.36 (KHTML, like Gecko) Chrome/147.0.0.0 Safari/537.36"
104.219.251.64 - - [24/Sep/2026:10:41:31 -0400] "GET /wp-admin/profile.php HTTP/1.1" 500 93 "-" "Mozilla/5.0 (Macintosh; Intel Mac OS X 10_15_7) AppleWebKit/537.36 (KHTML, like Gecko) Chrome/147.0.0.0 Safari/537.36"
104.219.251.64 - - [24/Sep/2026:10:41:31 -0400] "GET /wp-json/wp/v2/users/me HTTP/1.1" 404 - "-" "Mozilla/5.0 (Macintosh; Intel Mac OS X 10_15_7) AppleWebKit/537.36 (KHTML, like Gecko) Chrome/147.0.0.0 Safari/537.36"
185.106.31.221 - - [24/Sep/2026:10:41:37 -0400] "GET /wp-json/wordfence/v1/scan/issue HTTP/1.1" 404 - "-" "Mozilla/5.0 (iPhone; CPU iPhone OS 17_7_11 like Mac OS X) AppleWebKit/605.1.15 (KHTML, like Gecko) FxiOS/154.0 Mobile/15E148 Safari/604.1"
20.204.165.135 - - [24/Sep/2026:10:41:37 -0400] "GET /wp-includes/fonts/class-wp-font-utils.php HTTP/1.1" 200 - "binance.com" "Mozilla/5.0 (Windows NT 10.0; Win64; x64) AppleWebKit/537.36 (KHTML, like Gecko) Chrome/90.0.4430.85 Safari/537.36"
103.204.210.59 - - [24/Sep/2026:10:41:41 -0400] "GET /xxxx.php HTTP/1.1" 200 5557 "-" "Mozilla/5.0 (Windows NT 10.0; Win64; x64) AppleWebKit/537.36 (KHTML, like Gecko) Chrome/153.0.0.0 Safari/537.36"
103.204.210.59 - - [24/Sep/2026:10:41:56 -0400] "POST /xxxx.php HTTP/1.1" 402 1 "https://mujeraf.com/xxxx.php" "Mozilla/5.0 (Windows NT 10.0; Win64; x64) AppleWebKit/537.36 (KHTML, like Gecko) Chrome/153.0.0.0 Safari/537.36"
103.204.210.59 - - [24/Sep/2026:10:41:58 -0400] "GET /xxxx.php HTTP/1.1" 200 5554 "-" "Mozilla/5.0 (Windows NT 10.0; Win64; x64) AppleWebKit/537.36 (KHTML, like Gecko) Chrome/153.0.0.0 Safari/537.36"
20.204.165.135 - - [24/Sep/2026:10:42:03 -0400] "GET /wp-includes/images/ HTTP/1.1" 200 964 "binance.com" "Mozilla/5.0 (Windows NT 10.0; Win64; x64) AppleWebKit/537.36 (KHTML, like Gecko) Chrome/90.0.4430.85 Safari/537.36"
103.204.210.59 - - [24/Sep/2026:10:42:10 -0400] "POST /xxxx.php HTTP/1.1" 200 152 "https://mujeraf.com/xxxx.php" "Mozilla/5.0 (Windows NT 10.0; Win64; x64) AppleWebKit/537.36 (KHTML, like Gecko) Chrome/153.0.0.0 Safari/537.36"
103.204.210.59 - - [24/Sep/2026:10:42:18 -0400] "GET /xxxx.php?file=L2hvbWUvamFpcm9zdnQvcHVibGljX2h0bWwvbXVqZXJhZi5jb20vd29yZHByZXNz HTTP/1.1" 200 5554 "https://mujeraf.com/xxxx.php" "Mozilla/5.0 (Windows NT 10.0; Win64; x64) AppleWebKit/537.36 (KHTML, like Gecko) Chrome/153.0.0.0 Safari/537.36"
17.166.20.91 - - [24/Sep/2026:10:42:18 -0400] "GET /2014/02/cuidate-y-mima-tu-piel-con-avena/ HTTP/1.1" 404 - "-" "Mozilla/5.0 (Macintosh; Intel Mac OS X 10_15_7) AppleWebKit/605.1.15 (KHTML, like Gecko) Version/17.4 Safari/605.1.15 (Applebot/0.1; +http://www.apple.com/go/applebot)"
216.244.66.243 - - [24/Sep/2026:10:42:20 -0400] "GET /wp-content/uploads/2014/02/mujer_hoy.jpg HTTP/1.1" 200 182707 "-" "Mozilla/5.0 (compatible; DotBot/1.2; +https://opensiteexplorer.org/dotbot; help@moz.com)"
20.204.165.135 - - [24/Sep/2026:10:42:21 -0400] "GET /wp-includes/images/ HTTP/1.1" 200 964 "binance.com" "Mozilla/5.0 (Windows NT 10.0; Win64; x64) AppleWebKit/537.36 (KHTML, like Gecko) Chrome/90.0.4430.85 Safari/537.36"
216.244.66.243 - - [24/Sep/2026:10:42:24 -0400] "GET /wp-content/uploads/2020/03/AFmedios-Nuda-Est-cometic-La-Marina-5.jpg HTTP/1.1" 200 152642 "-" "Mozilla/5.0 (compatible; DotBot/1.2; +https://opensiteexplorer.org/dotbot; help@moz.com)"
103.204.210.59 - - [24/Sep/2026:10:42:35 -0400] "GET /xxxx.php?action=phpinfo HTTP/1.1" 200 3245 "https://mujeraf.com/xxxx.php?file=L2hvbWUvamFpcm9zdnQvcHVibGljX2h0bWwvbXVqZXJhZi5jb20vd29yZHByZXNz" "Mozilla/5.0 (Windows NT 10.0; Win64; x64) AppleWebKit/537.36 (KHTML, like Gecko) Chrome/153.0.0.0 Safari/537.36"
103.204.210.59 - - [24/Sep/2026:10:42:36 -0400] "GET /xxxx.php?action=pinf HTTP/1.1" 200 24737 "https://mujeraf.com/xxxx.php?action=phpinfo" "Mozilla/5.0 (Windows NT 10.0; Win64; x64) AppleWebKit/537.36 (KHTML, like Gecko) Chrome/153.0.0.0 Safari/537.36"
20.204.165.135 - - [24/Sep/2026:10:42:41 -0400] "GET /wp-includes/images/system34.php HTTP/1.1" 404 - "binance.com" "Mozilla/5.0 (Windows NT 10.0; Win64; x64) AppleWebKit/537.36 (KHTML, like Gecko) Chrome/90.0.4430.85 Safari/537.36"
52.167.144.215 - - [24/Sep/2026:10:42:45 -0400] "GET /2013/12/por-que-las-mujeres-necesitan-dormir-mas/ HTTP/1.1" 404 - "-" "Mozilla/5.0 AppleWebKit/537.36 (KHTML, like Gecko; compatible; bingbot/2.0; +http://www.bing.com/bingbot.htm) Chrome/116.0.1938.76 Safari/537.36"
103.204.210.59 - - [24/Sep/2026:10:42:52 -0400] "POST /xxxx.php?file=L2hvbWUvamFpcm9zdnQvcHVibGljX2h0bWwvbXVqZXJhZi5jb20vd29yZHByZXNz HTTP/1.1" 200 161 "https://mujeraf.com/xxxx.php?file=L2hvbWUvamFpcm9zdnQvcHVibGljX2h0bWwvbXVqZXJhZi5jb20vd29yZHByZXNz" "Mozilla/5.0 (Windows NT 10.0; Win64; x64) AppleWebKit/537.36 (KHTML, like Gecko) Chrome/153.0.0.0 Safari/537.36"
103.204.210.59 - - [24/Sep/2026:10:42:54 -0400] "GET /xxxx.php?file=L2hvbWUvamFpcm9zdnQvcHVibGljX2h0bWwvbXVqZXJhZi5jb20vd29yZHByZXNz HTTP/1.1" 200 5512 "https://mujeraf.com/xxxx.php?file=L2hvbWUvamFpcm9zdnQvcHVibGljX2h0bWwvbXVqZXJhZi5jb20vd29yZHByZXNz" "Mozilla/5.0 (Windows NT 10.0; Win64; x64) AppleWebKit/537.36 (KHTML, like Gecko) Chrome/153.0.0.0 Safari/537.36"
20.204.165.135 - - [24/Sep/2026:10:42:54 -0400] "GET /wp-includes/images/crystal/ HTTP/1.1" 200 597 "binance.com" "Mozilla/5.0 (Windows NT 10.0; Win64; x64) AppleWebKit/537.36 (KHTML, like Gecko) Chrome/90.0.4430.85 Safari/537.36"
20.204.165.135 - - [24/Sep/2026:10:43:14 -0400] "GET /wp-includes/images/crystal/ HTTP/1.1" 200 597 "binance.com" "Mozilla/5.0 (Windows NT 10.0; Win64; x64) AppleWebKit/537.36 (KHTML, like Gecko) Chrome/90.0.4430.85 Safari/537.36"
103.204.210.59 - - [24/Sep/2026:10:43:17 -0400] "POST /xxxx.php?file=L2hvbWUvamFpcm9zdnQvcHVibGljX2h0bWwvbXVqZXJhZi5jb20vd29yZHByZXNz HTTP/1.1" 200 167 "https://mujeraf.com/xxxx.php?file=L2hvbWUvamFpcm9zdnQvcHVibGljX2h0bWwvbXVqZXJhZi5jb20vd29yZHByZXNz" "Mozilla/5.0 (Windows NT 10.0; Win64; x64) AppleWebKit/537.36 (KHTML, like Gecko) Chrome/153.0.0.0 Safari/537.36"
103.204.210.59 - - [24/Sep/2026:10:43:20 -0400] "GET /xxxx.php?file=L2hvbWUvamFpcm9zdnQvcHVibGljX2h0bWwvbXVqZXJhZi5jb20vd29yZHByZXNz HTTP/1.1" 200 5586 "https://mujeraf.com/xxxx.php?file=L2hvbWUvamFpcm9zdnQvcHVibGljX2h0bWwvbXVqZXJhZi5jb20vd29yZHByZXNz" "Mozilla/5.0 (Windows NT 10.0; Win64; x64) AppleWebKit/537.36 (KHTML, like Gecko) Chrome/153.0.0.0 Safari/537.36"
103.204.210.59 - - [24/Sep/2026:10:43:30 -0400] "GET /3PJcpMFsD8B.php HTTP/1.1" 200 4528 "-" "Mozilla/5.0 (Windows NT 10.0; Win64; x64) AppleWebKit/537.36 (KHTML, like Gecko) Chrome/153.0.0.0 Safari/537.36"
20.204.165.135 - - [24/Sep/2026:10:43:33 -0400] "GET /wp-includes/images/crystal/class-wp-links-list-table.php HTTP/1.1" 404 - "binance.com" "Mozilla/5.0 (Windows NT 10.0; Win64; x64) AppleWebKit/537.36 (KHTML, like Gecko) Chrome/90.0.4430.85 Safari/537.36"
103.204.210.59 - - [24/Sep/2026:10:43:38 -0400] "POST /3PJcpMFsD8B.php HTTP/1.1" 200 4447 "https://mujeraf.com/3PJcpMFsD8B.php" "Mozilla/5.0 (Windows NT 10.0; Win64; x64) AppleWebKit/537.36 (KHTML, like Gecko) Chrome/153.0.0.0 Safari/537.36"
103.204.210.59 - - [24/Sep/2026:10:43:44 -0400] "POST /3PJcpMFsD8B.php HTTP/1.1" 200 2659 "https://mujeraf.com/3PJcpMFsD8B.php" "Mozilla/5.0 (Windows NT 10.0; Win64; x64) AppleWebKit/537.36 (KHTML, like Gecko) Chrome/153.0.0.0 Safari/537.36"
20.204.165.135 - - [24/Sep/2026:10:43:49 -0400] "GET /wp-includes/images/media/ HTTP/1.1" 200 652 "binance.com" "Mozilla/5.0 (Windows NT 10.0; Win64; x64) AppleWebKit/537.36 (KHTML, like Gecko) Chrome/90.0.4430.85 Safari/537.36"
103.204.210.59 - - [24/Sep/2026:10:43:54 -0400] "POST /3PJcpMFsD8B.php HTTP/1.1" 200 2304 "https://mujeraf.com/3PJcpMFsD8B.php" "Mozilla/5.0 (Windows NT 10.0; Win64; x64) AppleWebKit/537.36 (KHTML, like Gecko) Chrome/153.0.0.0 Safari/537.36"
103.204.210.59 - - [24/Sep/2026:10:43:54 -0400] "POST /3PJcpMFsD8B.php HTTP/1.1" 404 - "https://mujeraf.com/3PJcpMFsD8B.php" "Mozilla/5.0 (Windows NT 10.0; Win64; x64) AppleWebKit/537.36 (KHTML, like Gecko) Chrome/153.0.0.0 Safari/537.36"
103.204.210.59 - - [24/Sep/2026:10:43:58 -0400] "GET /xx7.php HTTP/1.1" 200 4423 "-" "Mozilla/5.0 (Windows NT 10.0; Win64; x64) AppleWebKit/537.36 (KHTML, like Gecko) Chrome/153.0.0.0 Safari/537.36"
216.244.66.243 - - [24/Sep/2026:10:43:59 -0400] "GET /2014/08/los-espejos-segun-el-feng-shui-funciones-ventajas-y-riesgos/ HTTP/1.1" 404 - "-" "Mozilla/5.0 (compatible; DotBot/1.2; +https://opensiteexplorer.org/dotbot; help@moz.com)"
20.204.165.135 - - [24/Sep/2026:10:44:06 -0400] "GET /wp-includes/images/smilies/ HTTP/1.1" 200 794 "binance.com" "Mozilla/5.0 (Windows NT 10.0; Win64; x64) AppleWebKit/537.36 (KHTML, like Gecko) Chrome/90.0.4430.85 Safari/537.36"
149.154.161.253 - - [24/Sep/2026:10:44:08 -0400] "GET /xx7.php HTTP/1.1" 200 4424 "-" "TelegramBot (like TwitterBot)"
103.204.210.59 - - [24/Sep/2026:10:44:25 -0400] "POST /xx7.php HTTP/1.1" 200 4479 "https://mujeraf.com/xx7.php" "Mozilla/5.0 (Windows NT 10.0; Win64; x64) AppleWebKit/537.36 (KHTML, like Gecko) Chrome/153.0.0.0 Safari/537.36"
20.204.165.135 - - [24/Sep/2026:10:44:28 -0400] "GET /wp-includes/images/wlw/ HTTP/1.1" 404 - "binance.com" "Mozilla/5.0 (Windows NT 10.0; Win64; x64) AppleWebKit/537.36 (KHTML, like Gecko) Chrome/90.0.4430.85 Safari/537.36"
103.204.210.59 - - [24/Sep/2026:10:44:28 -0400] "GET /wp-autologin.php HTTP/1.1" 500 93 "-" "Mozilla/5.0 (Windows NT 10.0; Win64; x64) AppleWebKit/537.36 (KHTML, like Gecko) Chrome/153.0.0.0 Safari/537.36"
103.204.210.59 - - [24/Sep/2026:10:44:32 -0400] "GET /wp-autologin.php HTTP/1.1" 500 93 "-" "Mozilla/5.0 (Windows NT 10.0; Win64; x64) AppleWebKit/537.36 (KHTML, like Gecko) Chrome/153.0.0.0 Safari/537.36"
20.204.165.135 - - [24/Sep/2026:10:44:51 -0400] "GET /wp-includes/js/%20 HTTP/1.1" 404 - "binance.com" "Mozilla/5.0 (Windows NT 10.0; Win64; x64) AppleWebKit/537.36 (KHTML, like Gecko) Chrome/90.0.4430.85 Safari/537.36"
114.119.148.132 - - [24/Sep/2026:10:44:58 -0400] "GET /2014/09/asi-lucen-los-cabos-tras-la-destruccion-causada-por-el-huracan-odile-fotos/ HTTP/1.1" 404 - "https://www.mujeraf.com/category/noticia/page/7/?filter_by=random_posts" "Mozilla/5.0 (Linux; Android 7.0;) AppleWebKit/537.36 (HTML, like Gecko) Mobile Safari/537.36 (compatible; PetalBot;+https://webmaster.petalsearch.com/site/petalbot)"
103.204.210.59 - - [24/Sep/2026:10:45:06 -0400] "POST /xx7.php HTTP/1.1" 200 4480 "https://mujeraf.com/xx7.php" "Mozilla/5.0 (Windows NT 10.0; Win64; x64) AppleWebKit/537.36 (KHTML, like Gecko) Chrome/153.0.0.0 Safari/537.36"
103.204.210.59 - - [24/Sep/2026:10:45:10 -0400] "GET /wp-autologin.php HTTP/1.1" 500 93 "-" "Mozilla/5.0 (Windows NT 10.0; Win64; x64) AppleWebKit/537.36 (KHTML, like Gecko) Chrome/153.0.0.0 Safari/537.36"
20.204.165.135 - - [24/Sep/2026:10:45:11 -0400] "GET /wp-includes/js/codemirror/ HTTP/1.1" 200 523 "binance.com" "Mozilla/5.0 (Windows NT 10.0; Win64; x64) AppleWebKit/537.36 (KHTML, like Gecko) Chrome/90.0.4430.85 Safari/537.36"
59.14.48.87 - - [24/Sep/2026:10:45:23 -0400] "GET /wp-login.php HTTP/1.1" 500 93 "-" "Mozilla/5.0 (Macintosh; Intel Mac OS X 10_15_7) AppleWebKit/537.36 (KHTML, like Gecko) Chrome/150.0.0.0 Safari/537.36"
121.151.210.100 - - [24/Sep/2026:10:45:26 -0400] "GET /wp-login.php HTTP/1.1" 500 93 "-" "Mozilla/5.0 (Macintosh; Intel Mac OS X 10_15_7) AppleWebKit/537.36 (KHTML, like Gecko) Chrome/150.0.0.0 Safari/537.36"
20.204.165.135 - - [24/Sep/2026:10:45:28 -0400] "GET /wp-includes/js/plupload/ HTTP/1.1" 200 560 "binance.com" "Mozilla/5.0 (Windows NT 10.0; Win64; x64) AppleWebKit/537.36 (KHTML, like Gecko) Chrome/90.0.4430.85 Safari/537.36"
110.15.50.238 - - [24/Sep/2026:10:45:29 -0400] "GET /wp-login.php HTTP/1.1" 500 93 "-" "Mozilla/5.0 (Macintosh; Intel Mac OS X 10_15_7) AppleWebKit/537.36 (KHTML, like Gecko) Chrome/150.0.0.0 Safari/537.36"
216.244.66.243 - - [24/Sep/2026:10:45:42 -0400] "GET /wp-content/uploads/2014/05/chicas_boko.jpg HTTP/1.1" 200 204718 "-" "Mozilla/5.0 (compatible; DotBot/1.2; +https://opensiteexplorer.org/dotbot; help@moz.com)"
20.204.165.135 - - [24/Sep/2026:10:45:52 -0400] "GET /.well-known/ HTTP/1.1" 200 408 "binance.com" "Mozilla/5.0 (Windows NT 10.0; Win64; x64) AppleWebKit/537.36 (KHTML, like Gecko) Chrome/90.0.4430.85 Safari/537.36"
103.204.210.59 - - [24/Sep/2026:10:46:11 -0400] "POST /xx7.php HTTP/1.1" 402 1 "https://mujeraf.com/xx7.php" "Mozilla/5.0 (Windows NT 10.0; Win64; x64) AppleWebKit/537.36 (KHTML, like Gecko) Chrome/153.0.0.0 Safari/537.36"
103.204.210.59 - - [24/Sep/2026:10:46:14 -0400] "GET /adminer-5.2.1.php HTTP/1.1" 404 - "-" "Mozilla/5.0 (Windows NT 10.0; Win64; x64) AppleWebKit/537.36 (KHTML, like Gecko) Chrome/153.0.0.0 Safari/537.36"
114.119.140.217 - - [24/Sep/2026:10:46:20 -0400] "GET /2013/12/yo-mi-peor-enemiga/ HTTP/1.1" 404 - "https://www.mujeraf.com/category/portada/page/73" "Mozilla/5.0 (Linux; Android 7.0;) AppleWebKit/537.36 (HTML, like Gecko) Mobile Safari/537.36 (compatible; PetalBot;+https://webmaster.petalsearch.com/site/petalbot)"
216.244.66.243 - - [24/Sep/2026:10:46:38 -0400] "GET /tag/9-tareas/feed/ HTTP/1.1" 404 - "-" "Mozilla/5.0 (compatible; DotBot/1.2; +https://opensiteexplorer.org/dotbot; help@moz.com)"
216.244.66.243 - - [24/Sep/2026:10:46:40 -0400] "GET /tag/perfumes/feed/ HTTP/1.1" 404 - "-" "Mozilla/5.0 (compatible; DotBot/1.2; +https://opensiteexplorer.org/dotbot; help@moz.com)"
103.204.210.59 - - [24/Sep/2026:10:46:47 -0400] "POST /xx7.php HTTP/1.1" 200 4481 "https://mujeraf.com/xx7.php" "Mozilla/5.0 (Windows NT 10.0; Win64; x64) AppleWebKit/537.36 (KHTML, like Gecko) Chrome/153.0.0.0 Safari/537.36"
103.204.210.59 - - [24/Sep/2026:10:46:59 -0400] "GET /xx7.php HTTP/1.1" 200 4469 "-" "Mozilla/5.0 (Linux; Android 10; K) AppleWebKit/537.36 (KHTML, like Gecko) Chrome/153.0.0.0 Mobile Safari/537.36"
103.204.210.59 - - [24/Sep/2026:10:47:16 -0400] "POST /xx7.php HTTP/1.1" 200 4487 "https://mujeraf.com/xx7.php" "Mozilla/5.0 (Windows NT 10.0; Win64; x64) AppleWebKit/537.36 (KHTML, like Gecko) Chrome/153.0.0.0 Safari/537.36"
103.204.210.59 - - [24/Sep/2026:10:47:20 -0400] "POST /xx7.php HTTP/1.1" 200 4491 "https://mujeraf.com/xx7.php" "Mozilla/5.0 (Windows NT 10.0; Win64; x64) AppleWebKit/537.36 (KHTML, like Gecko) Chrome/153.0.0.0 Safari/537.36"
103.204.210.59 - - [24/Sep/2026:10:47:49 -0400] "POST /xx7.php HTTP/1.1" 200 4287 "https://mujeraf.com/xx7.php" "Mozilla/5.0 (Windows NT 10.0; Win64; x64) AppleWebKit/537.36 (KHTML, like Gecko) Chrome/153.0.0.0 Safari/537.36"
181.115.161.46 - - [24/Sep/2026:10:49:16 -0400] "GET /wp-content/uploads/2016/08/hiervabuena.jpg HTTP/1.1" 200 206742 "https://www.bing.com/" "Mozilla/5.0 (Windows NT 10.0; Win64; x64) AppleWebKit/537.36 (KHTML, like Gecko) Chrome/153.0.0.0 Safari/537.36 Edg/153.0.0.0"
50.87.253.182 - - [24/Sep/2026:10:50:12 -0400] "GET /wp-login.php HTTP/1.1" 500 93 "-" "Mozilla/5.0 (Macintosh; Intel Mac OS X 10_15_7) AppleWebKit/537.36 (KHTML, like Gecko) Chrome/147.0.0.0 Safari/537.36"
50.87.253.182 - - [24/Sep/2026:10:50:13 -0400] "GET /wp-login.php HTTP/1.1" 500 93 "-" "Mozilla/5.0 (Macintosh; Intel Mac OS X 10_15_7) AppleWebKit/537.36 (KHTML, like Gecko) Chrome/147.0.0.0 Safari/537.36"
50.87.253.182 - - [24/Sep/2026:10:50:14 -0400] "GET /wp-login.php HTTP/1.1" 500 93 "-" "Mozilla/5.0 (Macintosh; Intel Mac OS X 10_15_7) AppleWebKit/537.36 (KHTML, like Gecko) Chrome/147.0.0.0 Safari/537.36"
50.87.253.182 - - [24/Sep/2026:10:50:14 -0400] "GET /wp-admin/ HTTP/1.1" 500 93 "-" "Mozilla/5.0 (Macintosh; Intel Mac OS X 10_15_7) AppleWebKit/537.36 (KHTML, like Gecko) Chrome/147.0.0.0 Safari/537.36"
50.87.253.182 - - [24/Sep/2026:10:50:15 -0400] "GET /wp-admin/ HTTP/1.1" 500 93 "-" "Mozilla/5.0 (Macintosh; Intel Mac OS X 10_15_7) AppleWebKit/537.36 (KHTML, like Gecko) Chrome/147.0.0.0 Safari/537.36"
50.87.253.182 - - [24/Sep/2026:10:50:17 -0400] "GET /wp-admin/ HTTP/1.1" 500 93 "-" "Mozilla/5.0 (Macintosh; Intel Mac OS X 10_15_7) AppleWebKit/537.36 (KHTML, like Gecko) Chrome/147.0.0.0 Safari/537.36"
50.87.253.182 - - [24/Sep/2026:10:50:17 -0400] "GET /wp-admin/profile.php HTTP/1.1" 500 93 "-" "Mozilla/5.0 (Macintosh; Intel Mac OS X 10_15_7) AppleWebKit/537.36 (KHTML, like Gecko) Chrome/147.0.0.0 Safari/537.36"
50.87.253.182 - - [24/Sep/2026:10:50:18 -0400] "GET /wp-admin/profile.php HTTP/1.1" 500 93 "-" "Mozilla/5.0 (Macintosh; Intel Mac OS X 10_15_7) AppleWebKit/537.36 (KHTML, like Gecko) Chrome/147.0.0.0 Safari/537.36"
50.87.253.182 - - [24/Sep/2026:10:50:20 -0400] "GET /wp-admin/profile.php HTTP/1.1" 500 93 "-" "Mozilla/5.0 (Macintosh; Intel Mac OS X 10_15_7) AppleWebKit/537.36 (KHTML, like Gecko) Chrome/147.0.0.0 Safari/537.36"
50.87.253.182 - - [24/Sep/2026:10:50:20 -0400] "GET /wp-json/wp/v2/users/me HTTP/1.1" 404 - "-" "Mozilla/5.0 (Macintosh; Intel Mac OS X 10_15_7) AppleWebKit/537.36 (KHTML, like Gecko) Chrome/147.0.0.0 Safari/537.36"
52.167.144.169 - - [24/Sep/2026:10:51:13 -0400] "GET /sitemap_index.xml HTTP/1.1" 404 - "-" "Mozilla/5.0 AppleWebKit/537.36 (KHTML, like Gecko; compatible; bingbot/2.0; +http://www.bing.com/bingbot.htm) Chrome/116.0.1938.76 Safari/537.36"
190.124.30.65 - - [24/Sep/2026:10:52:25 -0400] "GET / HTTP/1.1" 500 93 "https://autosaf.com/" "Mozilla/5.0 (Windows NT 10.0; Win64; x64; rv:128.0) Gecko/20100101 Firefox/128.0"
102.155.239.104 - - [24/Sep/2026:10:53:24 -0400] "GET / HTTP/1.1" 500 93 "https://afmedios.com/" "Mozilla/5.0 (X11; Linux x86_64; rv:127.0) Gecko/20100101 Firefox/127.0"
143.255.48.229 - - [24/Sep/2026:10:53:44 -0400] "GET / HTTP/1.1" 500 93 "https://autosaf.com/" "Mozilla/5.0 (X11; Linux x86_64; rv:127.0) Gecko/20100101 Firefox/127.0"
16.216.88.222 - - [24/Sep/2026:10:53:54 -0400] "GET /wp-content/uploads/2021/05/telefono_celular_llamada_1.jpg HTTP/1.1" 200 78269 "-" "Mozilla/5.0 AppleWebKit/537.36 (KHTML, like Gecko; compatible; Reflectionbot/1.0; +https://reflection.ai/bot) Chrome/151.0.0.0 Safari/537.36"
200.229.244.124 - - [24/Sep/2026:10:54:08 -0400] "GET /wp-json/mcp/mcp-adapter-default-server HTTP/1.1" 404 - "-" "Mozilla/5.0 (iPhone; CPU iPhone OS 17_7_10 like Mac OS X) AppleWebKit/605.1.15 (KHTML, like Gecko) FxiOS/156.0 Mobile/15E148 Safari/604.1"
51.75.236.141 - - [24/Sep/2026:10:54:15 -0400] "GET /2024/08/amor-sin-edad-por-que-muchas-mujeres-optan-por-parejas-mas-jovenes/ HTTP/1.1" 404 - "-" "Mozilla/5.0 (compatible; AhrefsBot/7.0; +http://ahrefs.com/robot/)"
105.225.111.92 - - [24/Sep/2026:10:55:57 -0400] "GET / HTTP/1.1" 500 93 "https://autosaf.com/" "Mozilla/5.0 (Windows NT 10.0; Win64; x64) AppleWebKit/537.36 (KHTML, like Gecko) Chrome/127.0.6533.73 Safari/537.36"
66.128.205.110 - - [24/Sep/2026:10:57:33 -0400] "GET /2020/08/gobierno-del-estado-estrenara-podcast-voces-violetas/ HTTP/1.1" 404 - "-" "Mozilla/5.0 (Macintosh; Intel Mac OS X 10_15_7) AppleWebKit/537.36 (KHTML, like Gecko) Chrome/131.0.0.0 Safari/537.36"
194.46.4.81 - - [24/Sep/2026:10:57:35 -0400] "GET /2020/08/gobierno-del-estado-estrenara-podcast-voces-violetas/ HTTP/1.1" 404 - "-" "Mozilla/5.0 (Windows NT 10.0; Win64; x64) AppleWebKit/537.36 (KHTML, like Gecko) Chrome/104.0.0.0 Safari/537.36"
92.222.108.105 - - [24/Sep/2026:10:58:00 -0400] "GET /2018/11/mamas-informadas-enfrentan-mejor-primeros-retos-de-la-lactancia/ HTTP/1.1" 404 - "-" "Mozilla/5.0 (compatible; AhrefsBot/7.0; +http://ahrefs.com/robot/)"
16.216.88.35 - - [24/Sep/2026:10:58:13 -0400] "GET /wp-content/uploads/2024/08/mujerpareja.jpg HTTP/1.1" 200 61860 "-" "Mozilla/5.0 AppleWebKit/537.36 (KHTML, like Gecko; compatible; Reflectionbot/1.0; +https://reflection.ai/bot) Chrome/151.0.0.0 Safari/537.36"
52.167.144.159 - - [24/Sep/2026:10:59:02 -0400] "GET /?s= HTTP/1.1" 500 93 "-" "Mozilla/5.0 AppleWebKit/537.36 (KHTML, like Gecko; compatible; bingbot/2.0; +http://www.bing.com/bingbot.htm) Chrome/116.0.1938.76 Safari/537.36"
47.79.201.178 - - [24/Sep/2026:11:00:15 -0400] "GET /2013/12/mujeres-en-un-mundo-de-hombres/ HTTP/1.1" 404 - "https://www.google.com/" "Mozilla/5.0 (Macintosh; Intel Mac OS X 10_15_7) AppleWebKit/537.36 (KHTML, like Gecko) Chrome/132.0.0.0 Safari/537.36"
47.79.200.148 - - [24/Sep/2026:11:00:45 -0400] "GET /?p=4011 HTTP/1.1" 500 93 "https://www.google.com/" "Mozilla/5.0 (Linux; Android 10; K) AppleWebKit/537.36 (KHTML, like Gecko) Chrome/132.0.0.0 Mobile Safari/537.36"
216.73.217.174 - - [24/Sep/2026:11:01:07 -0400] "GET /robots.txt HTTP/1.1" 404 - "-" "Mozilla/5.0 (Macintosh; Intel Mac OS X 10_15_7) AppleWebKit/537.36 (KHTML, like Gecko) Chrome/131.0.0.0 Safari/537.36; ClaudeBot/1.0; +claudebot@anthropic.com)"
216.73.217.174 - - [24/Sep/2026:11:01:07 -0400] "GET /2015/11/mujeres-se-alejan-del-patron-convencional-familiar-para-buscar-el-crecimiento-economico-especialista/ HTTP/1.1" 404 - "-" "Mozilla/5.0 (Macintosh; Intel Mac OS X 10_15_7) AppleWebKit/537.36 (KHTML, like Gecko) Chrome/131.0.0.0 Safari/537.36; ClaudeBot/1.0; +claudebot@anthropic.com)"
17.166.24.95 - - [24/Sep/2026:11:01:40 -0400] "GET /wp-json/wp/v2/posts/1432 HTTP/1.1" 404 - "-" "Mozilla/5.0 (Macintosh; Intel Mac OS X 10_15_7) AppleWebKit/605.1.15 (KHTML, like Gecko) Version/17.4 Safari/605.1.15 (Applebot/0.1; +http://www.apple.com/go/applebot)"
92.222.108.105 - - [24/Sep/2026:11:01:45 -0400] "GET /2015/10/quienes-son-los-fitsters-nueva-tribu-urbana/ HTTP/1.1" 404 - "-" "Mozilla/5.0 (compatible; AhrefsBot/7.0; +http://ahrefs.com/robot/)"
192.0.112.177 - - [24/Sep/2026:11:02:57 -0400] "GET /file/2014/02/respirar.jpg HTTP/1.1" 404 - "-" "Photon/1.0"
62.60.130.240 - - [24/Sep/2026:11:04:00 -0400] "GET /wp-login.php HTTP/1.1" 500 93 "-" "Mozilla/5.0 (X11; Linux x86_64) AppleWebKit/537.36 (KHTML, like Gecko) Chrome/120.0.0.0 Safari/537.36"
62.60.130.240 - - [24/Sep/2026:11:04:01 -0400] "GET /wp-login.php HTTP/1.1" 500 93 "-" "Mozilla/5.0 (Windows NT 10.0; Win64; x64) AppleWebKit/537.36 (KHTML, like Gecko) Chrome/120.0.0.0 Safari/537.36"
176.31.139.28 - - [24/Sep/2026:11:05:30 -0400] "GET /2019/04/mujeres-en-fuerzas-de-paz-ofrecen-proteccion-mas-creible-onu/ HTTP/1.1" 404 - "-" "Mozilla/5.0 (compatible; AhrefsBot/7.0; +http://ahrefs.com/robot/)"
66.116.251.167 - - [24/Sep/2026:11:05:46 -0400] "GET /wp-login.php HTTP/1.1" 500 93 "-" "Mozilla/5.0 (Macintosh; Intel Mac OS X 10_15_7) AppleWebKit/537.36 (KHTML, like Gecko) Chrome/149.0.0.0 Safari/537.36"
66.116.251.167 - - [24/Sep/2026:11:05:47 -0400] "GET /wp-login.php HTTP/1.1" 500 93 "-" "Mozilla/5.0 (Macintosh; Intel Mac OS X 10_15_7) AppleWebKit/537.36 (KHTML, like Gecko) Chrome/149.0.0.0 Safari/537.36"
66.116.251.167 - - [24/Sep/2026:11:05:49 -0400] "GET /wp-login.php HTTP/1.1" 500 93 "-" "Mozilla/5.0 (Macintosh; Intel Mac OS X 10_15_7) AppleWebKit/537.36 (KHTML, like Gecko) Chrome/149.0.0.0 Safari/537.36"
66.116.251.167 - - [24/Sep/2026:11:05:50 -0400] "GET /wp-admin/ HTTP/1.1" 500 93 "-" "Mozilla/5.0 (Macintosh; Intel Mac OS X 10_15_7) AppleWebKit/537.36 (KHTML, like Gecko) Chrome/149.0.0.0 Safari/537.36"
66.116.251.167 - - [24/Sep/2026:11:05:51 -0400] "GET /wp-admin/ HTTP/1.1" 500 93 "-" "Mozilla/5.0 (Macintosh; Intel Mac OS X 10_15_7) AppleWebKit/537.36 (KHTML, like Gecko) Chrome/149.0.0.0 Safari/537.36"
66.116.251.167 - - [24/Sep/2026:11:05:53 -0400] "GET /wp-admin/ HTTP/1.1" 500 93 "-" "Mozilla/5.0 (Macintosh; Intel Mac OS X 10_15_7) AppleWebKit/537.36 (KHTML, like Gecko) Chrome/149.0.0.0 Safari/537.36"
66.116.251.167 - - [24/Sep/2026:11:05:54 -0400] "GET /wp-admin/profile.php HTTP/1.1" 500 93 "-" "Mozilla/5.0 (Macintosh; Intel Mac OS X 10_15_7) AppleWebKit/537.36 (KHTML, like Gecko) Chrome/149.0.0.0 Safari/537.36"
66.116.251.167 - - [24/Sep/2026:11:05:56 -0400] "GET /wp-admin/profile.php HTTP/1.1" 500 93 "-" "Mozilla/5.0 (Macintosh; Intel Mac OS X 10_15_7) AppleWebKit/537.36 (KHTML, like Gecko) Chrome/149.0.0.0 Safari/537.36"
66.116.251.167 - - [24/Sep/2026:11:05:58 -0400] "GET /wp-admin/profile.php HTTP/1.1" 500 93 "-" "Mozilla/5.0 (Macintosh; Intel Mac OS X 10_15_7) AppleWebKit/537.36 (KHTML, like Gecko) Chrome/149.0.0.0 Safari/537.36"
66.116.251.167 - - [24/Sep/2026:11:05:59 -0400] "GET /wp-json/wp/v2/users/me HTTP/1.1" 404 - "-" "Mozilla/5.0 (Macintosh; Intel Mac OS X 10_15_7) AppleWebKit/537.36 (KHTML, like Gecko) Chrome/149.0.0.0 Safari/537.36"
84.75.150.21 - - [24/Sep/2026:11:06:06 -0400] "GET /file/2014/10/chun_cun-150x150.jpg HTTP/1.1" 404 - "-" "Mozilla/5.0 (Macintosh; Intel Mac OS X 10_15_7) AppleWebKit/537.36 (KHTML, like Gecko) Chrome/120.0.0.0 Safari/537.36"
185.117.121.7 - - [24/Sep/2026:11:06:45 -0400] "GET /wp-json/wp/v2/block-types HTTP/1.1" 404 - "-" "Mozilla/5.0 (Android 10; Mobile; rv:153.0) Gecko/153.0 Firefox/153.0"
23.100.92.252 - - [24/Sep/2026:11:07:40 -0400] "GET /wp-admin/css/ HTTP/1.1" 200 1661 "binance.com" "Mozilla/5.0 (Windows NT 10.0; Win64; x64) AppleWebKit/537.36 (KHTML, like Gecko) Chrome/90.0.4430.85 Safari/537.36"
23.100.92.252 - - [24/Sep/2026:11:07:59 -0400] "GET /wp-content/uploads/2026/09/ HTTP/1.1" 200 348 "binance.com" "Mozilla/5.0 (Windows NT 10.0; Win64; x64) AppleWebKit/537.36 (KHTML, like Gecko) Chrome/90.0.4430.85 Safari/537.36"
185.203.217.94 - - [24/Sep/2026:11:08:21 -0400] "GET /file/2019/03/38879931600_30a6c8c4cc_k-324x160.jpg HTTP/1.1" 404 - "-" "Mozilla/5.0 (Macintosh; Intel Mac OS X 10_15_7) AppleWebKit/537.36 (KHTML, like Gecko) Chrome/119.0.0.0 Safari/537.36"
23.100.92.252 - - [24/Sep/2026:11:08:25 -0400] "GET /wp-content/uploads/2026/08/ HTTP/1.1" 200 700 "binance.com" "Mozilla/5.0 (Windows NT 10.0; Win64; x64) AppleWebKit/537.36 (KHTML, like Gecko) Chrome/90.0.4430.85 Safari/537.36"
23.100.92.252 - - [24/Sep/2026:11:08:38 -0400] "GET /wp-content/uploads/ HTTP/1.1" 200 - "binance.com" "Mozilla/5.0 (Windows NT 10.0; Win64; x64) AppleWebKit/537.36 (KHTML, like Gecko) Chrome/90.0.4430.85 Safari/537.36"
205.188.102.102 - - [24/Sep/2026:11:08:44 -0400] "GET /2020/07/separarse-en-cuarentena-motivos-que-precipitan-la-crisis-de-base/ HTTP/1.1" 404 - "-" "Mozilla/5.0 (compatible; ExaSearchBot/1.0; +https://crawler.exa.ai/)"
23.100.92.252 - - [24/Sep/2026:11:08:51 -0400] "GET /wp-content/upgrade/ HTTP/1.1" 200 340 "binance.com" "Mozilla/5.0 (Windows NT 10.0; Win64; x64) AppleWebKit/537.36 (KHTML, like Gecko) Chrome/90.0.4430.85 Safari/537.36"
144.48.97.58 - - [24/Sep/2026:11:08:57 -0400] "GET /wp-content/uploads/2013/11/susana_rodriguez.jpg HTTP/1.1" 200 64284 "https://www.mujeraf.com/" "Mozilla/5.0 (Macintosh; Intel Mac OS X 10_15_7) AppleWebKit/537.36 (KHTML, like Gecko) Chrome/142.0.0.0 Safari/537.36"
23.100.92.252 - - [24/Sep/2026:11:09:07 -0400] "GET /wp-content/languages/ HTTP/1.1" 200 2641 "binance.com" "Mozilla/5.0 (Windows NT 10.0; Win64; x64) AppleWebKit/537.36 (KHTML, like Gecko) Chrome/90.0.4430.85 Safari/537.36"
66.249.75.130 - - [24/Sep/2026:11:09:13 -0400] "GET /ads.txt HTTP/1.1" 404 - "-" "Google-adstxt"
66.249.75.131 - - [24/Sep/2026:11:09:13 -0400] "GET /robots.txt HTTP/1.1" 404 - "-" "Mozilla/5.0 (compatible; Googlebot/2.1; +http://www.google.com/bot.html)"
176.31.139.5 - - [24/Sep/2026:11:09:15 -0400] "GET /2013/12/el-signo-del-zodiaco-da-indicios-del-clima-ideal-para-enamorarte/ HTTP/1.1" 404 - "-" "Mozilla/5.0 (compatible; AhrefsBot/7.0; +http://ahrefs.com/robot/)"
23.100.92.252 - - [24/Sep/2026:11:09:19 -0400] "GET /wp-content/languages/ HTTP/1.1" 200 2641 "binance.com" "Mozilla/5.0 (Windows NT 10.0; Win64; x64) AppleWebKit/537.36 (KHTML, like Gecko) Chrome/90.0.4430.85 Safari/537.36"
34.7.104.55 - - [24/Sep/2026:11:09:41 -0400] "GET / HTTP/1.1" 500 93 "-" "Mozilla/5.0 (Windows NT 10.0; Win64; x64) AppleWebKit/537.36 (KHTML, like Gecko) Chrome/152.0.0.0 Safari/537.36"
23.100.92.252 - - [24/Sep/2026:11:09:42 -0400] "GET /wp-content/languages/admin-es_ES.l10n.php HTTP/1.1" 200 - "binance.com" "Mozilla/5.0 (Windows NT 10.0; Win64; x64) AppleWebKit/537.36 (KHTML, like Gecko) Chrome/90.0.4430.85 Safari/537.36"
34.7.104.55 - - [24/Sep/2026:11:09:42 -0400] "GET /v9d9pu2ky8lmirxe0gfd HTTP/1.1" 404 - "-" "Mozilla/5.0 (compatible; Hunyuan/1.0; +https://hunyuan.tencent.com/)"
34.7.104.55 - - [24/Sep/2026:11:09:42 -0400] "GET /bq4c1jspo38ef09jw630 HTTP/1.1" 404 - "-" "Mozilla/5.0 AppleWebKit/537.36 (KHTML, like Gecko; compatible; Claude-SearchBot/1.0; +claudebot@anthropic.com)"
34.7.104.55 - - [24/Sep/2026:11:09:42 -0400] "GET /z9x8c7v6b5-debug-trigger-www.mujeraf.com HTTP/1.1" 404 - "-" "Mozilla/5.0 AppleWebKit/537.36 (KHTML, like Gecko; compatible; Claude-User/1.0; +claudebot@anthropic.com)"
34.7.104.55 - - [24/Sep/2026:11:09:43 -0400] "POST /api/v1/validate/code HTTP/1.1" 404 - "-" "Mozilla/5.0 (compatible; Meta-ExternalAgent/1.0; +https://developers.facebook.com/docs/sharing/webmasters/crawler)"
34.7.104.55 - - [24/Sep/2026:11:09:43 -0400] "POST /api/fs/exec HTTP/1.1" 404 - "-" "Mozilla/5.0 AppleWebKit/537.36 (KHTML, like Gecko; compatible; PerplexityBot/1.0; +https://perplexity.ai/perplexitybot)"
34.7.104.55 - - [24/Sep/2026:11:09:43 -0400] "GET /.env.local HTTP/1.1" 404 - "-" "Mozilla/5.0 (compatible; MistralAI-User/1.0; +https://mistral.ai/)"
34.7.104.55 - - [24/Sep/2026:11:09:43 -0400] "GET /config/env/aws_credentials.env HTTP/1.1" 404 - "-" "Mozilla/5.0 (Macintosh; Intel Mac OS X 10_15_7) AppleWebKit/537.36 (KHTML, like Gecko) Chrome/131.0.0.0 Safari/537.36; compatible; OAI-SearchBot/1.4; +https://openai.com/searchbot"
34.7.104.55 - - [24/Sep/2026:11:09:43 -0400] "GET /.env.backup HTTP/1.1" 404 - "-" "Mozilla/5.0 (compatible; Bytespider; spider-feedback@bytedance.com) AppleWebKit/537.36"
34.7.104.55 - - [24/Sep/2026:11:09:44 -0400] "POST /graphql HTTP/1.1" 404 - "https://www.mujeraf.com" "Mozilla/5.0 (Windows NT 10.0; Win64; x64) AppleWebKit/537.36 (KHTML, like Gecko) Chrome/152.0.0.0 Safari/537.36"
34.7.104.55 - - [24/Sep/2026:11:09:44 -0400] "GET /.env.bak HTTP/1.1" 404 - "-" "Mozilla/5.0 (compatible; Bravebot/1.0; +https://brave.com/search/)"
34.7.104.55 - - [24/Sep/2026:11:09:44 -0400] "GET /.env.old HTTP/1.1" 404 - "-" "Mozilla/5.0 AppleWebKit/537.36 (KHTML, like Gecko; compatible; ClaudeBot/1.0; +claudebot@anthropic.com)"
34.7.104.55 - - [24/Sep/2026:11:09:44 -0400] "GET /api/.env HTTP/1.1" 404 - "-" "Mozilla/5.0 AppleWebKit/537.36 (KHTML, like Gecko; compatible; PerplexityBot/1.0; +https://perplexity.ai/perplexitybot)"
34.7.104.55 - - [24/Sep/2026:11:09:44 -0400] "GET /.env.prod HTTP/1.1" 404 - "-" "Mozilla/5.0 (compatible; GrokBot/1.0; +https://x.ai/)"
34.7.104.55 - - [24/Sep/2026:11:09:44 -0400] "GET /.env.save HTTP/1.1" 404 - "-" "Mozilla/5.0 AppleWebKit/537.36 (KHTML, like Gecko; compatible; Claude-SearchBot/1.0; +claudebot@anthropic.com)"
34.7.104.55 - - [24/Sep/2026:11:09:44 -0400] "GET /admin/.env HTTP/1.1" 404 - "-" "Mozilla/5.0 AppleWebKit/537.36 (KHTML, like Gecko; compatible; Perplexity-User/1.0; +https://perplexity.ai/perplexitybot)"
34.7.104.55 - - [24/Sep/2026:11:09:45 -0400] "GET /backend/.env HTTP/1.1" 404 - "-" "Mozilla/5.0 (compatible; MistralAI-User/1.0; +https://mistral.ai/)"
34.7.104.55 - - [24/Sep/2026:11:09:45 -0400] "GET /config/.env HTTP/1.1" 404 - "-" "Mozilla/5.0 AppleWebKit/537.36 (KHTML, like Gecko); compatible; ChatGPT-User/1.0; +https://openai.com/bot"
34.7.104.55 - - [24/Sep/2026:11:09:45 -0400] "POST /api/graphql HTTP/1.1" 404 - "https://www.mujeraf.com" "Mozilla/5.0 (Windows NT 10.0; Win64; x64) AppleWebKit/537.36 (KHTML, like Gecko) Chrome/152.0.0.0 Safari/537.36"
34.7.104.55 - - [24/Sep/2026:11:09:45 -0400] "GET /src/.env HTTP/1.1" 404 - "-" "Mozilla/5.0 (compatible; DeepSeekBot/1.0; +https://www.deepseek.com/)"
34.7.104.55 - - [24/Sep/2026:11:09:45 -0400] "GET /app/.env HTTP/1.1" 404 - "-" "Mozilla/5.0 (compatible; Kimi-SearchBot/1.0; +https://kimi.ai/)"
34.7.104.55 - - [24/Sep/2026:11:09:45 -0400] "GET /public/.env HTTP/1.1" 404 - "-" "Mozilla/5.0 AppleWebKit/537.36 (KHTML, like Gecko; compatible; Claude-User/1.0; +claudebot@anthropic.com)"
34.7.104.55 - - [24/Sep/2026:11:09:45 -0400] "POST /v1/graphql HTTP/1.1" 404 - "https://www.mujeraf.com" "Mozilla/5.0 (Windows NT 10.0; Win64; x64) AppleWebKit/537.36 (KHTML, like Gecko) Chrome/152.0.0.0 Safari/537.36"
34.7.104.55 - - [24/Sep/2026:11:09:45 -0400] "GET /web/.env HTTP/1.1" 404 - "-" "Mozilla/5.0 (compatible; Hunyuan/1.0; +https://hunyuan.tencent.com/)"
34.7.104.55 - - [24/Sep/2026:11:09:45 -0400] "GET /frontend/.env HTTP/1.1" 404 - "-" "Mozilla/5.0 (compatible; ChatGLM-Spider/1.0; +https://zhipuai.cn/)"
34.7.104.55 - - [24/Sep/2026:11:09:45 -0400] "GET /docker/.env HTTP/1.1" 404 - "-" "Mozilla/5.0 AppleWebKit/537.36 (KHTML, like Gecko; compatible; Claude-User/1.0; +claudebot@anthropic.com)"
34.7.104.55 - - [24/Sep/2026:11:09:45 -0400] "GET /dist/.env HTTP/1.1" 404 - "-" "Mozilla/5.0 (compatible; Baiduspider/2.0; +http://www.baidu.com/search/spider.html)"
34.7.104.55 - - [24/Sep/2026:11:09:45 -0400] "GET /.next/.env HTTP/1.1" 404 - "-" "CCBot/2.0 (https://commoncrawl.org/faq/)"
34.7.104.55 - - [24/Sep/2026:11:09:45 -0400] "GET /build/.env HTTP/1.1" 404 - "-" "Mozilla/5.0 (compatible; Qwenbot/1.0; +https://qwen.alibaba.com/)"
34.7.104.55 - - [24/Sep/2026:11:09:45 -0400] "GET /.aws/config HTTP/1.1" 404 - "-" "Mozilla/5.0 AppleWebKit/537.36 (KHTML, like Gecko); compatible; ChatGPT-User/1.0; +https://openai.com/bot"
34.7.104.55 - - [24/Sep/2026:11:09:45 -0400] "GET /.aws/credentials HTTP/1.1" 404 - "-" "Mozilla/5.0 (compatible; Googlebot/2.1; +http://www.google.com/bot.html)"
34.7.104.55 - - [24/Sep/2026:11:09:45 -0400] "GET /core/.env HTTP/1.1" 404 - "-" "Mozilla/5.0 (compatible; KimiBot/1.0; +https://kimi.ai/)"
34.7.104.55 - - [24/Sep/2026:11:09:46 -0400] "GET /.git/config HTTP/1.1" 404 - "-" "Mozilla/5.0 (compatible; KimiBot/1.0; +https://kimi.ai/)"
34.7.104.55 - - [24/Sep/2026:11:09:46 -0400] "GET /.git/HEAD HTTP/1.1" 404 - "-" "Mozilla/5.0 (compatible; GrokBot/1.0; +https://x.ai/)"
34.7.104.55 - - [24/Sep/2026:11:09:46 -0400] "GET /secrets.json HTTP/1.1" 404 - "-" "Mozilla/5.0 (compatible; Meta-ExternalAgent/1.0; +https://developers.facebook.com/docs/sharing/webmasters/crawler)"
34.7.104.55 - - [24/Sep/2026:11:09:46 -0400] "GET /.git-credentials HTTP/1.1" 404 - "-" "Mozilla/5.0 (compatible; YouBot/1.0; +https://you.com/bot)"
34.7.104.55 - - [24/Sep/2026:11:09:46 -0400] "GET /secrets.yml HTTP/1.1" 404 - "-" "Mozilla/5.0 (compatible; MistralAI-User/1.0; +https://mistral.ai/)"
34.7.104.55 - - [24/Sep/2026:11:09:46 -0400] "GET /service-account.json HTTP/1.1" 404 - "-" "Mozilla/5.0 (compatible; GrokBot/1.0; +https://x.ai/)"
34.7.104.55 - - [24/Sep/2026:11:09:46 -0400] "GET /secrets.env HTTP/1.1" 404 - "-" "Mozilla/5.0 (compatible; xAI-Grok/1.0; +https://x.ai/)"
34.7.104.55 - - [24/Sep/2026:11:09:46 -0400] "GET /credentials.json HTTP/1.1" 404 - "-" "Mozilla/5.0 (compatible; ChatGLM-Spider/1.0; +https://zhipuai.cn/)"
34.7.104.55 - - [24/Sep/2026:11:09:46 -0400] "GET /key.json HTTP/1.1" 404 - "-" "Mozilla/5.0 (compatible; cohere-ai; +https://cohere.com/crawler)"
34.7.104.55 - - [24/Sep/2026:11:09:46 -0400] "GET /serviceAccountKey.json HTTP/1.1" 404 - "-" "Mozilla/5.0 (compatible; cohere-ai; +https://cohere.com/crawler)"
34.7.104.55 - - [24/Sep/2026:11:09:46 -0400] "GET /service_account.json HTTP/1.1" 404 - "-" "Mozilla/5.0 (compatible; Googlebot/2.1; +http://www.google.com/bot.html)"
34.7.104.55 - - [24/Sep/2026:11:09:46 -0400] "GET /firebase-adminsdk.json HTTP/1.1" 404 - "-" "Mozilla/5.0 (compatible; cohere-ai; +https://cohere.com/crawler)"
34.7.104.55 - - [24/Sep/2026:11:09:46 -0400] "GET /.gitlab-ci.yml HTTP/1.1" 404 - "-" "Mozilla/5.0 (compatible; Baiduspider/2.0; +http://www.baidu.com/search/spider.html)"
34.7.104.55 - - [24/Sep/2026:11:09:46 -0400] "GET /firebase-service-account.json HTTP/1.1" 404 - "-" "Mozilla/5.0 (Macintosh; Intel Mac OS X 10_15_7) AppleWebKit/605.1.15 (KHTML, like Gecko) Version/17.0 Safari/605.1.15 (Applebot/0.1)"
34.7.104.55 - - [24/Sep/2026:11:09:46 -0400] "GET /.github/workflows/deploy.yml HTTP/1.1" 404 - "-" "Mozilla/5.0 (compatible; YouBot/1.0; +https://you.com/bot)"
34.7.104.55 - - [24/Sep/2026:11:09:46 -0400] "GET /docker-compose.yml HTTP/1.1" 404 - "-" "Mozilla/5.0 (compatible; Bytespider; spider-feedback@bytedance.com) AppleWebKit/537.36"
34.7.104.55 - - [24/Sep/2026:11:09:47 -0400] "GET /server/.env HTTP/1.1" 404 - "-" "Mozilla/5.0 (compatible; Amazonbot/0.1; +https://developer.amazon.com/support/amazonbot)"
34.7.104.55 - - [24/Sep/2026:11:09:47 -0400] "GET /docker-compose.yaml HTTP/1.1" 404 - "-" "Mozilla/5.0 AppleWebKit/537.36 (KHTML, like Gecko; compatible; Claude-SearchBot/1.0; +claudebot@anthropic.com)"
34.7.104.55 - - [24/Sep/2026:11:09:47 -0400] "GET /terraform.tfstate HTTP/1.1" 404 - "-" "Mozilla/5.0 (compatible; Bytespider; spider-feedback@bytedance.com) AppleWebKit/537.36"
34.7.104.55 - - [24/Sep/2026:11:09:47 -0400] "GET /Dockerfile HTTP/1.1" 404 - "-" "Mozilla/5.0 (compatible; MistralAI-User/1.0; +https://mistral.ai/)"
34.7.104.55 - - [24/Sep/2026:11:09:47 -0400] "GET /serverless.yml HTTP/1.1" 404 - "-" "Mozilla/5.0 (compatible; ChatGLM-Spider/1.0; +https://zhipuai.cn/)"
34.7.104.55 - - [24/Sep/2026:11:09:47 -0400] "GET /.htpasswd HTTP/1.1" 404 - "-" "Mozilla/5.0 (Macintosh; Intel Mac OS X 10_15_7) AppleWebKit/605.1.15 (KHTML, like Gecko) Version/17.0 Safari/605.1.15 (Applebot/0.1)"
34.7.104.55 - - [24/Sep/2026:11:09:47 -0400] "GET /.ssh/id_rsa HTTP/1.1" 404 - "-" "Mozilla/5.0 (compatible; Meta-ExternalAgent/1.0; +https://developers.facebook.com/docs/sharing/webmasters/crawler)"
34.7.104.55 - - [24/Sep/2026:11:09:47 -0400] "GET /.npmrc HTTP/1.1" 404 - "-" "Mozilla/5.0 AppleWebKit/537.36 (KHTML, like Gecko; compatible; Claude-SearchBot/1.0; +claudebot@anthropic.com)"
34.7.104.55 - - [24/Sep/2026:11:09:47 -0400] "GET /.ssh/id_ed25519 HTTP/1.1" 404 - "-" "Mozilla/5.0 (compatible; Qwenbot/1.0; +https://qwen.alibaba.com/)"
34.7.104.55 - - [24/Sep/2026:11:09:47 -0400] "GET /.ssh/config HTTP/1.1" 404 - "-" "Mozilla/5.0 (compatible; KimiBot/1.0; +https://kimi.ai/)"
34.7.104.55 - - [24/Sep/2026:11:09:47 -0400] "GET /server.key HTTP/1.1" 404 - "-" "Mozilla/5.0 (compatible; DeepSeekBot/1.0; +https://www.deepseek.com/)"
34.7.104.55 - - [24/Sep/2026:11:09:47 -0400] "GET /key.pem HTTP/1.1" 404 - "-" "Mozilla/5.0 (compatible; YiBot/1.0; +https://01.ai/)"
34.7.104.55 - - [24/Sep/2026:11:09:47 -0400] "GET /.bashrc HTTP/1.1" 404 - "-" "Mozilla/5.0 (compatible; GrokBot/1.0; +https://x.ai/)"
34.7.104.55 - - [24/Sep/2026:11:09:48 -0400] "GET /.zshrc HTTP/1.1" 404 - "-" "Mozilla/5.0 (Macintosh; Intel Mac OS X 10_15_7) AppleWebKit/537.36 (KHTML, like Gecko) Chrome/131.0.0.0 Safari/537.36; compatible; OAI-SearchBot/1.4; +https://openai.com/searchbot"
34.7.104.55 - - [24/Sep/2026:11:09:48 -0400] "GET /laravel/.env HTTP/1.1" 404 - "-" "Mozilla/5.0 (Macintosh; Intel Mac OS X 10_15_7) AppleWebKit/537.36 (KHTML, like Gecko) Chrome/131.0.0.0 Safari/537.36; compatible; OAI-SearchBot/1.4; +https://openai.com/searchbot"
34.7.104.55 - - [24/Sep/2026:11:09:48 -0400] "GET /storage/logs/laravel.log HTTP/1.1" 404 - "-" "Mozilla/5.0 AppleWebKit/537.36 (KHTML, like Gecko); compatible; ChatGPT-User/1.0; +https://openai.com/bot"
34.7.104.55 - - [24/Sep/2026:11:09:48 -0400] "GET /.env.php.bak HTTP/1.1" 404 - "-" "Mozilla/5.0 (compatible; Bravebot/1.0; +https://brave.com/search/)"
34.7.104.55 - - [24/Sep/2026:11:09:48 -0400] "GET /config/.env.php HTTP/1.1" 404 - "-" "Mozilla/5.0 AppleWebKit/537.36 (KHTML, like Gecko; compatible; PerplexityBot/1.0; +https://perplexity.ai/perplexitybot)"
34.7.104.55 - - [24/Sep/2026:11:09:48 -0400] "GET /config.php.bak HTTP/1.1" 404 - "-" "Mozilla/5.0 AppleWebKit/537.36 (KHTML, like Gecko; compatible; ClaudeBot/1.0; +claudebot@anthropic.com)"
34.7.104.55 - - [24/Sep/2026:11:09:48 -0400] "GET /auth.json HTTP/1.1" 404 - "-" "Mozilla/5.0 (compatible; YiBot/1.0; +https://01.ai/)"
34.7.104.55 - - [24/Sep/2026:11:09:48 -0400] "GET /configuration.php.bak HTTP/1.1" 404 - "-" "Mozilla/5.0 (compatible; Amazonbot/0.1; +https://developer.amazon.com/support/amazonbot)"
34.7.104.55 - - [24/Sep/2026:11:09:48 -0400] "GET /.env.dev HTTP/1.1" 404 - "-" "Mozilla/5.0 (compatible; YouBot/1.0; +https://you.com/bot)"
34.7.104.55 - - [24/Sep/2026:11:09:49 -0400] "GET /.env.swp HTTP/1.1" 404 - "-" "Mozilla/5.0 (compatible; KimiBot/1.0; +https://kimi.ai/)"
34.7.104.55 - - [24/Sep/2026:11:09:49 -0400] "GET /storage/.env HTTP/1.1" 404 - "-" "Mozilla/5.0 (compatible; Baiduspider/2.0; +http://www.baidu.com/search/spider.html)"
34.7.104.55 - - [24/Sep/2026:11:09:49 -0400] "GET /wp/.env HTTP/1.1" 404 - "-" "Mozilla/5.0 (compatible; KimiBot/1.0; +https://kimi.ai/)"
34.7.104.55 - - [24/Sep/2026:11:09:49 -0400] "GET /wp-config.old HTTP/1.1" 404 - "-" "Mozilla/5.0 (compatible; Qwenbot/1.0; +https://qwen.alibaba.com/)"
34.7.104.55 - - [24/Sep/2026:11:09:50 -0400] "GET /telescope/requests HTTP/1.1" 404 - "-" "Mozilla/5.0 (compatible; Bravebot/1.0; +https://brave.com/search/)"
34.7.104.55 - - [24/Sep/2026:11:09:50 -0400] "GET /_debugbar/open HTTP/1.1" 404 - "-" "Mozilla/5.0 (Macintosh; Intel Mac OS X 10_15_7) AppleWebKit/537.36 (KHTML, like Gecko) Chrome/131.0.0.0 Safari/537.36; compatible; OAI-SearchBot/1.4; +https://openai.com/searchbot"
34.7.104.55 - - [24/Sep/2026:11:09:50 -0400] "GET /horizon/api/stats HTTP/1.1" 404 - "-" "Mozilla/5.0 (compatible; Meta-ExternalAgent/1.0; +https://developers.facebook.com/docs/sharing/webmasters/crawler)"
34.7.104.55 - - [24/Sep/2026:11:09:50 -0400] "GET /_ignition/health-check HTTP/1.1" 404 - "-" "Mozilla/5.0 (compatible; YiBot/1.0; +https://01.ai/)"
34.7.104.55 - - [24/Sep/2026:11:09:50 -0400] "GET /config/application.properties HTTP/1.1" 404 - "-" "Mozilla/5.0 (compatible; Baiduspider/2.0; +http://www.baidu.com/search/spider.html)"
34.7.104.55 - - [24/Sep/2026:11:09:50 -0400] "GET /application.properties HTTP/1.1" 404 - "-" "Mozilla/5.0 (compatible; Amazonbot/0.1; +https://developer.amazon.com/support/amazonbot)"
34.7.104.55 - - [24/Sep/2026:11:09:50 -0400] "GET /bootstrap.yml HTTP/1.1" 404 - "-" "Mozilla/5.0 (compatible; Googlebot/2.1; +http://www.google.com/bot.html)"
34.7.104.55 - - [24/Sep/2026:11:09:50 -0400] "GET /application.yml HTTP/1.1" 404 - "-" "Mozilla/5.0 AppleWebKit/537.36 (KHTML, like Gecko; compatible; PerplexityBot/1.0; +https://perplexity.ai/perplexitybot)"
34.7.104.55 - - [24/Sep/2026:11:09:50 -0400] "GET /config/secrets.yml HTTP/1.1" 404 - "-" "Mozilla/5.0 (Macintosh; Intel Mac OS X 10_15_7) AppleWebKit/537.36 (KHTML, like Gecko) Chrome/131.0.0.0 Safari/537.36; compatible; OAI-SearchBot/1.4; +https://openai.com/searchbot"
34.7.104.55 - - [24/Sep/2026:11:09:50 -0400] "GET /bootstrap.properties HTTP/1.1" 404 - "-" "Mozilla/5.0 (Macintosh; Intel Mac OS X 10_15_7) AppleWebKit/605.1.15 (KHTML, like Gecko) Version/17.0 Safari/605.1.15 (Applebot/0.1)"
34.7.104.55 - - [24/Sep/2026:11:09:50 -0400] "GET /actuator/env HTTP/1.1" 404 - "-" "Mozilla/5.0 (compatible; Meta-ExternalAgent/1.0; +https://developers.facebook.com/docs/sharing/webmasters/crawler)"
34.7.104.55 - - [24/Sep/2026:11:09:50 -0400] "GET /actuator/configprops HTTP/1.1" 404 - "-" "Mozilla/5.0 (Macintosh; Intel Mac OS X 10_15_7) AppleWebKit/605.1.15 (KHTML, like Gecko) Version/17.0 Safari/605.1.15 (Applebot/0.1)"
34.7.104.55 - - [24/Sep/2026:11:09:51 -0400] "GET /actuator/heapdump HTTP/1.1" 404 - "-" "Mozilla/5.0 (compatible; Google-Extended; +http://www.google.com/bot.html)"
34.7.104.55 - - [24/Sep/2026:11:09:51 -0400] "GET /actuator/threaddump HTTP/1.1" 404 - "-" "Mozilla/5.0 (compatible; GrokBot/1.0; +https://x.ai/)"
34.7.104.55 - - [24/Sep/2026:11:09:51 -0400] "GET /actuator/mappings HTTP/1.1" 404 - "-" "Mozilla/5.0 (compatible; YiBot/1.0; +https://01.ai/)"
34.7.104.55 - - [24/Sep/2026:11:09:51 -0400] "GET /actuator/beans HTTP/1.1" 404 - "-" "Mozilla/5.0 (compatible; xAI-Grok/1.0; +https://x.ai/)"
34.7.104.55 - - [24/Sep/2026:11:09:51 -0400] "GET /actuator/gateway/routes HTTP/1.1" 404 - "-" "Mozilla/5.0 (compatible; DeepSeekBot/1.0; +https://www.deepseek.com/)"
34.7.104.55 - - [24/Sep/2026:11:09:51 -0400] "GET /actuator/loggers HTTP/1.1" 404 - "-" "Mozilla/5.0 (compatible; Meta-ExternalAgent/1.0; +https://developers.facebook.com/docs/sharing/webmasters/crawler)"
34.7.104.55 - - [24/Sep/2026:11:09:51 -0400] "GET /gradle.properties HTTP/1.1" 404 - "-" "Mozilla/5.0 AppleWebKit/537.36 (KHTML, like Gecko; compatible; Claude-User/1.0; +claudebot@anthropic.com)"
34.7.104.55 - - [24/Sep/2026:11:09:51 -0400] "GET /.gradle/gradle.properties HTTP/1.1" 404 - "-" "Mozilla/5.0 (compatible; YiBot/1.0; +https://01.ai/)"
34.7.104.55 - - [24/Sep/2026:11:09:52 -0400] "GET /appsettings.Production.json HTTP/1.1" 404 - "-" "Mozilla/5.0 (compatible; Meta-ExternalAgent/1.0; +https://developers.facebook.com/docs/sharing/webmasters/crawler)"
34.7.104.55 - - [24/Sep/2026:11:09:52 -0400] "GET /appsettings.Development.json HTTP/1.1" 404 - "-" "Mozilla/5.0 (compatible; GrokBot/1.0; +https://x.ai/)"
34.7.104.55 - - [24/Sep/2026:11:09:52 -0400] "GET /appsettings.json HTTP/1.1" 404 - "-" "DuckAssistBot/1.1 (https://duckduckgo.com/duckassistbot)"
34.7.104.55 - - [24/Sep/2026:11:09:52 -0400] "GET /config/master.key HTTP/1.1" 404 - "-" "Mozilla/5.0 (compatible; KimiBot/1.0; +https://kimi.ai/)"
34.7.104.55 - - [24/Sep/2026:11:09:52 -0400] "GET /config/database.yml HTTP/1.1" 404 - "-" "Mozilla/5.0 (Macintosh; Intel Mac OS X 10_15_7) AppleWebKit/537.36 (KHTML, like Gecko) Chrome/131.0.0.0 Safari/537.36; compatible; OAI-SearchBot/1.4; +https://openai.com/searchbot"
34.7.104.55 - - [24/Sep/2026:11:09:52 -0400] "GET /local.settings.json HTTP/1.1" 404 - "-" "Mozilla/5.0 (compatible; Meta-ExternalAgent/1.0; +https://developers.facebook.com/docs/sharing/webmasters/crawler)"
34.7.104.55 - - [24/Sep/2026:11:09:52 -0400] "GET /web.config HTTP/1.1" 404 - "-" "Mozilla/5.0 (compatible; MoonshotBot/1.0; +https://kimi.ai/)"
34.7.104.55 - - [24/Sep/2026:11:09:53 -0400] "GET /config/storage.yml HTTP/1.1" 404 - "-" "Mozilla/5.0 AppleWebKit/537.36 (KHTML, like Gecko); compatible; ChatGPT-User/1.0; +https://openai.com/bot"
34.7.104.55 - - [24/Sep/2026:11:09:53 -0400] "GET /settings.py HTTP/1.1" 404 - "-" "Mozilla/5.0 (compatible; KimiBot/1.0; +https://kimi.ai/)"
34.7.104.55 - - [24/Sep/2026:11:09:53 -0400] "GET /.pypirc HTTP/1.1" 404 - "-" "Mozilla/5.0 (compatible; xAI-Grok/1.0; +https://x.ai/)"
34.7.104.55 - - [24/Sep/2026:11:09:53 -0400] "GET /.streamlit/secrets.toml HTTP/1.1" 404 - "-" "DuckAssistBot/1.1 (https://duckduckgo.com/duckassistbot)"
34.7.104.55 - - [24/Sep/2026:11:09:53 -0400] "GET /config/settings.py HTTP/1.1" 404 - "-" "Mozilla/5.0 (compatible; Googlebot/2.1; +http://www.google.com/bot.html)"
34.7.104.55 - - [24/Sep/2026:11:09:53 -0400] "GET /core/settings.py HTTP/1.1" 404 - "-" "Mozilla/5.0 (compatible; Meta-ExternalAgent/1.0; +https://developers.facebook.com/docs/sharing/webmasters/crawler)"
34.7.104.55 - - [24/Sep/2026:11:09:53 -0400] "GET /instance/config.py HTTP/1.1" 404 - "-" "Mozilla/5.0 (compatible; PanguBot/1.0; +https://www.huaweicloud.com/)"
34.7.104.55 - - [24/Sep/2026:11:09:53 -0400] "GET /__debugger__ HTTP/1.1" 404 - "-" "Mozilla/5.0 AppleWebKit/537.36 (KHTML, like Gecko); compatible; ChatGPT-User/1.0; +https://openai.com/bot"
34.7.104.55 - - [24/Sep/2026:11:09:53 -0400] "GET /config.py HTTP/1.1" 404 - "-" "Mozilla/5.0 AppleWebKit/537.36 (KHTML, like Gecko; compatible; Claude-SearchBot/1.0; +claudebot@anthropic.com)"
34.7.104.55 - - [24/Sep/2026:11:09:53 -0400] "GET /backend/settings.py HTTP/1.1" 404 - "-" "Mozilla/5.0 (compatible; cohere-ai; +https://cohere.com/crawler)"
34.7.104.55 - - [24/Sep/2026:11:09:54 -0400] "GET /app/settings.py HTTP/1.1" 404 - "-" "CCBot/2.0 (https://commoncrawl.org/faq/)"
34.7.104.55 - - [24/Sep/2026:11:09:54 -0400] "GET /console HTTP/1.1" 404 - "-" "Mozilla/5.0 (compatible; Google-Extended; +http://www.google.com/bot.html)"
34.7.104.55 - - [24/Sep/2026:11:09:54 -0400] "GET /openapi.json HTTP/1.1" 404 - "-" "Mozilla/5.0 (compatible; MoonshotBot/1.0; +https://kimi.ai/)"
34.7.104.55 - - [24/Sep/2026:11:09:54 -0400] "GET /docs HTTP/1.1" 404 - "-" "Mozilla/5.0 AppleWebKit/537.36 (KHTML, like Gecko; compatible; PerplexityBot/1.0; +https://perplexity.ai/perplexitybot)"
34.7.104.55 - - [24/Sep/2026:11:09:54 -0400] "GET /redoc HTTP/1.1" 404 - "-" "Mozilla/5.0 (compatible; Google-Extended; +http://www.google.com/bot.html)"
34.7.104.55 - - [24/Sep/2026:11:09:54 -0400] "GET /config.env HTTP/1.1" 404 - "-" "Mozilla/5.0 (compatible; Amazonbot/0.1; +https://developer.amazon.com/support/amazonbot)"
